     (2946,'2022-10-13',4,1),
     (2946,'2022-10-14',1,1),
     (2946,'2022-10-14',2,2),
     (2946,'2022-10-14',3,2),
     (2946,'2022-10-14',4,2),
     (2946,'2022-10-15',1,1),
     (2946,'2022-10-15',2,2),
     (2946,'2022-10-15',3,1),
     (2946,'2022-10-15',4,1),
     (2946,'2022-10-16',1,1),
     (2946,'2022-10-16',2,2),
     (2946,'2022-10-16',3,2),
     (2946,'2022-10-16',4,1),
     (2946,'2022-10-17',1,2),
     (2946,'2022-10-17',2,1),
     (2946,'2022-10-17',3,1),
     (2946,'2022-10-17',4,1),
     (2946,'2022-10-18',1,1),
     (2946,'2022-10-18',2,1),
     (2946,'2022-10-18',3,1),
     (2946,'2022-10-18',4,1),
     (2946,'2022-10-19',1,1),
     (2946,'2022-10-19',2,1),
     (2946,'2022-10-19',3,1),
     (2946,'2022-10-19',4,1),
     (2946,'2022-10-20',1,1),
     (2946,'2022-10-20',2,1),
     (2946,'2022-10-20',3,1),
     (2946,'2022-10-20',4,1),
     (2946,'2022-10-21',1,1),
     (2946,'2022-10-21',2,1),
     (2946,'2022-10-21',3,2),
     (2946,'2022-10-21',4,2),
     (2946,'2022-10-22',1,2),
     (2946,'2022-10-22',2,1),
     (2946,'2022-10-22',3,1),
     (2946,'2022-10-22',4,2),
     (2946,'2022-10-23',1,2),
     (2946,'2022-10-23',2,2),
     (2946,'2022-10-23',3,2),
     (2946,'2022-10-23',4,1),
     (2947,'2022-9-12',1,2),
     (2947,'2022-9-12',2,1),
     (2947,'2022-9-12',3,2),
     (2947,'2022-9-12',4,1),
     (2947,'2022-9-13',1,1),
     (2947,'2022-9-13',2,2),
     (2947,'2022-9-13',3,2),
     (2947,'2022-9-13',4,2),
     (2947,'2022-9-14',1,1),
     (2947,'2022-9-14',2,1),
     (2947,'2022-9-14',3,1),
     (2947,'2022-9-14',4,2),
     (2947,'2022-9-15',1,2),
     (2947,'2022-9-15',2,1),
     (2947,'2022-9-15',3,1),
     (2947,'2022-9-15',4,1),
     (2947,'2022-9-16',1,1),
     (2947,'2022-9-16',2,1),
     (2947,'2022-9-16',3,1),
     (2947,'2022-9-19',1,2),
     (2947,'2022-9-19',2,2),
     (2947,'2022-9-19',3,1),
     (2947,'2022-9-19',4,1),
     (2947,'2022-9-20',1,1),
     (2947,'2022-9-20',2,1),
     (2947,'2022-9-20',3,1),
     (2947,'2022-9-20',4,1),
     (2947,'2022-9-21',1,1),
     (2947,'2022-9-21',2,1),
     (2947,'2022-9-21',3,1),
     (2947,'2022-9-21',4,1),
     (2947,'2022-9-22',1,1),
     (2947,'2022-9-22',2,1),
     (2947,'2022-9-22',3,1),
     (2947,'2022-9-22',4,1),
     (2947,'2022-9-23',1,1),
     (2947,'2022-9-23',2,1),
     (2947,'2022-9-23',3,1),
     (2947,'2022-9-23',4,1),
     (2947,'2022-9-24',1,1),
     (2947,'2022-9-24',2,1),
     (2947,'2022-9-24',3,1),
     (2947,'2022-9-24',4,1),
     (2947,'2022-9-25',1,1),
     (2947,'2022-9-25',2,1),
     (2947,'2022-9-25',3,1),
     (2947,'2022-9-25',4,1),
     (2947,'2022-9-26',1,1),
     (2947,'2022-9-26',2,1),
     (2947,'2022-9-26',3,1),
     (2947,'2022-9-26',4,1),
     (2947,'2022-9-27',1,1),
     (2947,'2022-9-27',2,1),
     (2947,'2022-9-27',3,1),
     (2947,'2022-9-27',4,1),
     (2947,'2022-9-28',1,2),
     (2947,'2022-9-28',2,1),
     (2947,'2022-9-28',3,1),
     (2947,'2022-9-28',4,1),
     (2947,'2022-9-29',1,2),
     (2947,'2022-9-29',2,1),
     (2947,'2022-9-29',3,1),
     (2947,'2022-9-29',4,1),
     (2947,'2022-9-30',1,1),
     (2947,'2022-9-30',2,1),
     (2947,'2022-9-30',3,2),
     (2947,'2022-9-30',4,1),
     (2947,'2022-10-1',1,1),
     (2947,'2022-10-1',2,1),
     (2947,'2022-10-1',3,1),
     (2947,'2022-10-1',4,1),
     (2947,'2022-10-2',1,1),
     (2947,'2022-10-2',2,1),
     (2947,'2022-10-2',3,1),
     (2947,'2022-10-2',4,2),
     (2947,'2022-10-3',1,1),
     (2947,'2022-10-3',2,1),
     (2947,'2022-10-3',3,1),
     (2947,'2022-10-3',4,1),
     (2947,'2022-10-4',1,1),
     (2947,'2022-10-4',2,1),
     (2947,'2022-10-4',3,1),
     (2947,'2022-10-4',4,1),
     (2947,'2022-10-5',1,1),
     (2947,'2022-10-5',2,1),
     (2947,'2022-10-5',3,1),
     (2947,'2022-10-5',4,1),
     (2947,'2022-10-6',1,1),
     (2947,'2022-10-6',2,1),
     (2947,'2022-10-8',3,1),
     (2947,'2022-10-8',4,1),
     (2947,'2022-10-9',1,1),
     (2947,'2022-10-9',2,1),
     (2947,'2022-10-9',3,1),
     (2947,'2022-10-9',4,1),
     (2947,'2022-10-10',1,1),
     (2947,'2022-10-10',2,1),
     (2947,'2022-10-10',3,1),
     (2947,'2022-10-10',4,1),
     (2947,'2022-10-11',1,1),
     (2947,'2022-10-11',2,1),
     (2947,'2022-10-11',3,1),
     (2947,'2022-10-11',4,1),
     (2947,'2022-10-12',1,1),
     (2947,'2022-10-12',2,1),
     (2947,'2022-10-12',3,1),
     (2947,'2022-10-12',4,1),
     (2947,'2022-10-13',1,1),
     (2947,'2022-10-13',2,1),
     (2947,'2022-10-13',3,1),
     (2947,'2022-10-13',4,1),
     (2947,'2022-10-14',1,1),
     (2947,'2022-10-14',2,2),
     (2947,'2022-10-14',3,1),
     (2947,'2022-10-14',4,1),
     (2947,'2022-10-15',1,1),
     (2947,'2022-10-15',2,1),
     (2947,'2022-10-15',3,1),
     (2947,'2022-10-15',4,1),
     (2947,'2022-10-16',1,1),
     (2947,'2022-10-16',2,1),
     (2947,'2022-10-16',3,1),
     (2947,'2022-10-16',4,1),
     (2947,'2022-10-17',1,1),
     (2947,'2022-10-17',2,1),
     (2947,'2022-10-17',3,1),
     (2947,'2022-10-17',4,1),
     (2947,'2022-10-18',1,1),
     (2947,'2022-10-18',2,1),
     (2947,'2022-10-18',3,1),
     (2947,'2022-10-18',4,1),
     (2947,'2022-10-19',1,1),
     (2947,'2022-10-19',2,1),
     (2947,'2022-10-19',3,1),
     (2947,'2022-10-19',4,1),
     (2947,'2022-10-20',1,1),
     (2947,'2022-10-20',2,1),
     (2947,'2022-10-20',3,1),
     (2947,'2022-10-20',4,1),
     (2947,'2022-10-21',1,1),
     (2947,'2022-10-21',2,1),
     (2947,'2022-10-21',3,1),
     (2947,'2022-10-21',4,1),
     (2947,'2022-10-22',1,1),
     (2947,'2022-10-22',2,1),
     (2947,'2022-10-22',3,1),
     (2947,'2022-10-22',4,1),
     (2947,'2022-10-23',1,1),
     (2947,'2022-10-23',2,1),
     (2947,'2022-10-23',3,1),
     (2947,'2022-10-23',4,1),
     (2948,'2022-9-12',1,1),
     (2948,'2022-9-12',2,1),
     (2948,'2022-9-12',3,1),
     (2948,'2022-9-12',4,2),
     (2948,'2022-9-13',1,1),
     (2948,'2022-9-13',2,1),
     (2948,'2022-9-13',3,1),
     (2948,'2022-9-13',4,1),
     (2948,'2022-9-14',1,1),
     (2948,'2022-9-14',2,1),
     (2948,'2022-9-14',3,1),
     (2948,'2022-9-14',4,1),
     (2948,'2022-9-15',1,1),
     (2948,'2022-9-15',2,1),
     (2948,'2022-9-15',3,1),
     (2948,'2022-9-15',4,1),
     (2948,'2022-9-16',1,1),
     (2948,'2022-9-16',2,1),
     (2948,'2022-9-16',3,1),
     (2948,'2022-9-16',4,1),
     (2948,'2022-9-17',1,1),
     (2948,'2022-9-17',2,1),
     (2948,'2022-9-17',3,1),
     (2948,'2022-9-17',4,1),
     (2948,'2022-9-18',1,1),
     (2948,'2022-9-18',2,1),
     (2948,'2022-9-18',3,1),
     (2948,'2022-9-18',4,1),
     (2948,'2022-9-19',1,1),
     (2948,'2022-9-19',2,1),
     (2948,'2022-9-19',3,1),
     (2948,'2022-9-19',4,1),
     (2948,'2022-9-20',1,2),
     (2948,'2022-9-20',2,1),
     (2948,'2022-9-20',3,1),
     (2948,'2022-9-20',4,1),
     (2948,'2022-9-21',1,2),
     (2948,'2022-9-21',2,2),
     (2948,'2022-9-21',3,1),
     (2948,'2022-9-21',4,1),
     (2948,'2022-9-22',1,1),
     (2948,'2022-9-22',2,2),
     (2948,'2022-9-24',3,1),
     (2948,'2022-9-24',4,1),
     (2948,'2022-9-25',1,1),
     (2948,'2022-9-25',2,1),
     (2948,'2022-9-25',3,2),
     (2948,'2022-9-25',4,1),
     (2948,'2022-9-27',1,1),
     (2948,'2022-9-27',2,1),
     (2948,'2022-9-27',3,1),
     (2948,'2022-9-27',4,1),
     (2948,'2022-9-28',1,1),
     (2948,'2022-9-28',2,1),
     (2948,'2022-9-28',3,1),
     (2948,'2022-9-28',4,1),
     (2948,'2022-9-29',1,1),
     (2948,'2022-9-29',2,1),
     (2948,'2022-9-29',3,1),
     (2948,'2022-9-29',4,1),
     (2948,'2022-9-30',1,1),
     (2948,'2022-9-30',2,1),
     (2948,'2022-9-30',3,1),
     (2948,'2022-9-30',4,1),
     (2948,'2022-10-1',1,1),
     (2948,'2022-10-1',2,1),
     (2948,'2022-10-1',3,1),
     (2948,'2022-10-1',4,1),
     (2948,'2022-10-2',1,1),
     (2948,'2022-10-2',2,1),
     (2948,'2022-10-2',3,1),
     (2948,'2022-10-2',4,1),
     (2948,'2022-10-3',1,1),
     (2948,'2022-10-3',2,2),
     (2948,'2022-10-3',3,1),
     (2948,'2022-10-3',4,1),
     (2948,'2022-10-4',1,1),
     (2948,'2022-10-4',2,1),
     (2948,'2022-10-4',3,1),
     (2948,'2022-10-4',4,1),
     (2948,'2022-10-5',1,1),
     (2948,'2022-10-5',2,1),
     (2948,'2022-10-5',3,1),
     (2948,'2022-10-5',4,1),
     (2948,'2022-10-6',1,1),
     (2948,'2022-10-6',2,1),
     (2948,'2022-10-6',3,1),
     (2948,'2022-10-6',4,1),
     (2948,'2022-10-7',1,2),
     (2948,'2022-10-7',2,2),
     (2948,'2022-10-7',3,1),
     (2948,'2022-10-7',4,2),
     (2948,'2022-10-8',1,1),
     (2948,'2022-10-8',2,2),
     (2948,'2022-10-8',3,1),
     (2948,'2022-10-8',4,1),
     (2948,'2022-10-9',1,1),
     (2948,'2022-10-9',2,2),
     (2948,'2022-10-9',3,1),
     (2948,'2022-10-9',4,2),
     (2948,'2022-10-10',1,1),
     (2948,'2022-10-10',2,1),
     (2948,'2022-10-10',3,1),
     (2948,'2022-10-10',4,1),
     (2948,'2022-10-11',1,1),
     (2948,'2022-10-11',2,1),
     (2948,'2022-10-11',3,1),
     (2948,'2022-10-11',4,1),
     (2948,'2022-10-12',1,2),
     (2948,'2022-10-12',2,1),
     (2948,'2022-10-12',3,1),
     (2948,'2022-10-12',4,1),
     (2948,'2022-10-13',1,2),
     (2948,'2022-10-13',2,1),
     (2948,'2022-10-13',3,1),
     (2948,'2022-10-13',4,1),
     (2948,'2022-10-14',1,1),
     (2948,'2022-10-14',2,1),
     (2948,'2022-10-14',3,2),
     (2948,'2022-10-14',4,1),
     (2948,'2022-10-15',1,1),
     (2948,'2022-10-15',2,1),
     (2948,'2022-10-15',3,1),
     (2948,'2022-10-15',4,1),
     (2948,'2022-10-16',1,1),
     (2948,'2022-10-16',2,1),
     (2948,'2022-10-16',3,1),
     (2948,'2022-10-16',4,2),
     (2948,'2022-10-17',1,2),
     (2948,'2022-10-17',2,1),
     (2948,'2022-10-17',3,1),
     (2948,'2022-10-17',4,1),
     (2948,'2022-10-18',1,1),
     (2948,'2022-10-18',2,1),
     (2948,'2022-10-18',3,1),
     (2948,'2022-10-18',4,1),
     (2948,'2022-10-19',1,1),
     (2948,'2022-10-19',2,1),
     (2948,'2022-10-19',3,1),
     (2948,'2022-10-19',4,1),
     (2948,'2022-10-20',1,1),
     (2948,'2022-10-20',2,1),
     (2948,'2022-10-20',3,1),
     (2948,'2022-10-20',4,1),
     (2948,'2022-10-21',1,1),
     (2948,'2022-10-21',2,1),
     (2948,'2022-10-21',3,1),
     (2948,'2022-10-21',4,1),
     (2948,'2022-10-22',1,1),
     (2948,'2022-10-22',2,1),
     (2948,'2022-10-22',3,1),
     (2948,'2022-10-22',4,1),
     (2948,'2022-10-23',1,1),
     (2948,'2022-10-23',2,1),
     (2948,'2022-10-23',3,1),
     (2948,'2022-10-23',4,1),
     (2949,'2022-9-12',1,1),
     (2949,'2022-9-12',2,2),
     (2949,'2022-9-12',3,1),
     (2949,'2022-9-12',4,1),
     (2949,'2022-9-13',1,2),
     (2949,'2022-9-13',2,1),
     (2949,'2022-9-13',3,1),
     (2949,'2022-9-13',4,1),
     (2949,'2022-9-14',1,2),
     (2949,'2022-9-14',2,2),
     (2949,'2022-9-14',3,1),
     (2949,'2022-9-14',4,1),
     (2949,'2022-9-15',1,2),
     (2949,'2022-9-15',2,2),
     (2949,'2022-9-15',3,2),
     (2949,'2022-9-15',4,1),
     (2949,'2022-9-16',1,2),
     (2949,'2022-9-16',2,1),
     (2949,'2022-9-16',3,2),
     (2949,'2022-9-16',4,2),
     (2949,'2022-9-17',1,1),
     (2949,'2022-9-17',2,1),
     (2949,'2022-9-17',3,1),
     (2949,'2022-9-17',4,1),
     (2949,'2022-9-18',1,1),
     (2949,'2022-9-18',2,1),
     (2949,'2022-9-18',3,1),
     (2949,'2022-9-18',4,2),
     (2949,'2022-9-19',1,1),
     (2949,'2022-9-19',2,1),
     (2949,'2022-9-19',3,1),
     (2949,'2022-9-19',4,1),
     (2949,'2022-9-20',1,1),
     (2949,'2022-9-20',2,1),
     (2949,'2022-9-20',3,1),
     (2949,'2022-9-20',4,1),
     (2949,'2022-9-21',1,2),
     (2949,'2022-9-21',2,1),
     (2949,'2022-9-21',3,1),
     (2949,'2022-9-21',4,1),
     (2949,'2022-9-22',1,2),
     (2949,'2022-9-22',2,1),
     (2949,'2022-9-22',3,1),
     (2949,'2022-9-22',4,1),
     (2949,'2022-9-23',1,1),
     (2949,'2022-9-23',2,1),
     (2949,'2022-9-23',3,2),
     (2949,'2022-9-23',4,1),
     (2949,'2022-9-24',1,1),
     (2949,'2022-9-24',2,1),
     (2949,'2022-9-24',3,1),
     (2949,'2022-9-24',4,1),
     (2949,'2022-9-25',1,1),
     (2949,'2022-9-25',2,1),
     (2949,'2022-9-25',3,1),
     (2949,'2022-9-25',4,1),
     (2949,'2022-9-26',1,1),
     (2949,'2022-9-26',2,2),
     (2949,'2022-9-26',3,1),
     (2949,'2022-9-26',4,1),
     (2949,'2022-9-27',1,1),
     (2949,'2022-9-27',2,1),
     (2949,'2022-9-27',3,1),
     (2949,'2022-9-27',4,1),
     (2949,'2022-9-28',1,1),
     (2949,'2022-9-28',2,1),
     (2949,'2022-9-28',3,1),
     (2949,'2022-9-28',4,1),
     (2949,'2022-9-29',1,1),
     (2949,'2022-9-29',2,1),
     (2949,'2022-9-29',3,1),
     (2949,'2022-9-29',4,1),
     (2949,'2022-9-30',1,2),
     (2949,'2022-9-30',2,2),
     (2949,'2022-9-30',3,1),
     (2949,'2022-9-30',4,2),
     (2949,'2022-10-1',1,1),
     (2949,'2022-10-1',2,2),
     (2949,'2022-10-1',3,1),
     (2949,'2022-10-1',4,1),
     (2949,'2022-10-2',1,1),
     (2949,'2022-10-2',2,2),
     (2949,'2022-10-2',3,1),
     (2949,'2022-10-2',4,2),
     (2949,'2022-10-3',1,2),
     (2949,'2022-10-3',2,3),
     (2949,'2022-10-3',3,1),
     (2949,'2022-10-3',4,1),
     (2949,'2022-10-4',1,1),
     (2949,'2022-10-4',2,1),
     (2949,'2022-10-4',3,1),
     (2949,'2022-10-4',4,1),
     (2949,'2022-10-5',1,1),
     (2949,'2022-10-5',2,1),
     (2949,'2022-10-5',3,1),
     (2949,'2022-10-5',4,1),
     (2949,'2022-10-6',1,1),
     (2949,'2022-10-6',2,1),
     (2949,'2022-10-6',3,1),
     (2949,'2022-10-6',4,1),
     (2949,'2022-10-7',1,2),
     (2949,'2022-10-7',2,3),
     (2949,'2022-10-7',3,2),
     (2949,'2022-10-7',4,3),
     (2949,'2022-10-8',1,1),
     (2949,'2022-10-8',2,3),
     (2949,'2022-10-8',3,1),
     (2949,'2022-10-8',4,2),
     (2949,'2022-10-9',1,1),
     (2949,'2022-10-9',2,3),
     (2949,'2022-10-9',3,2),
     (2949,'2022-10-9',4,2),
     (2949,'2022-10-10',1,3),
     (2949,'2022-10-10',2,1),
     (2949,'2022-10-10',3,2),
     (2949,'2022-10-10',4,2),
     (2949,'2022-10-11',1,1),
     (2949,'2022-10-11',2,2),
     (2949,'2022-10-11',3,2),
     (2949,'2022-10-11',4,1),
     (2949,'2022-10-12',1,1),
     (2949,'2022-10-12',2,2),
     (2949,'2022-10-12',3,2),
     (2949,'2022-10-12',4,2),
     (2949,'2022-10-13',1,1),
     (2949,'2022-10-13',2,2),
     (2949,'2022-10-13',3,1),
     (2949,'2022-10-13',4,2),
     (2949,'2022-10-14',1,1),
     (2949,'2022-10-14',2,1),
     (2949,'2022-10-14',3,1),
     (2949,'2022-10-14',4,1),
     (2949,'2022-10-15',1,1),
     (2949,'2022-10-15',2,1),
     (2949,'2022-10-15',3,2),
     (2949,'2022-10-15',4,1),
     (2949,'2022-10-16',1,2),
     (2949,'2022-10-16',2,1),
     (2949,'2022-10-16',3,1),
     (2949,'2022-10-16',4,1),
     (2949,'2022-10-17',1,1),
     (2949,'2022-10-17',2,1),
     (2949,'2022-10-17',3,1),
     (2949,'2022-10-17',4,1),
     (2949,'2022-10-18',1,2),
     (2949,'2022-10-18',2,2),
     (2949,'2022-10-18',3,1),
     (2949,'2022-10-18',4,1),
     (2949,'2022-10-19',1,1),
     (2949,'2022-10-19',2,1),
     (2949,'2022-10-19',3,1),
     (2949,'2022-10-19',4,1),
     (2949,'2022-10-20',1,1),
     (2949,'2022-10-20',2,2),
     (2949,'2022-10-20',3,2),
     (2949,'2022-10-20',4,1),
     (2949,'2022-10-21',1,2),
     (2949,'2022-10-21',2,2),
     (2949,'2022-10-21',3,1),
     (2949,'2022-10-21',4,1),
     (2949,'2022-10-22',1,1),
     (2949,'2022-10-22',2,1),
     (2949,'2022-10-22',3,1),
     (2949,'2022-10-22',4,1),
     (2949,'2022-10-23',1,1),
     (2949,'2022-10-23',2,1),
     (2949,'2022-10-23',3,1),
     (2949,'2022-10-23',4,1),
     (2950,'2022-9-12',1,1),
     (2950,'2022-9-12',2,1),
     (2950,'2022-9-12',3,2),
     (2950,'2022-9-12',4,2),
     (2950,'2022-9-13',1,1),
     (2950,'2022-9-13',2,1),
     (2950,'2022-9-13',3,1),
     (2950,'2022-9-13',4,1),
     (2950,'2022-9-14',1,1),
     (2950,'2022-9-14',2,1),
     (2950,'2022-9-14',3,1),
     (2950,'2022-9-14',4,1),
     (2950,'2022-9-15',1,1),
     (2950,'2022-9-15',2,1),
     (2950,'2022-9-15',3,1),
     (2950,'2022-9-15',4,1),
     (2950,'2022-9-16',1,1),
     (2950,'2022-9-16',2,1),
     (2950,'2022-9-16',3,1),
     (2950,'2022-9-16',4,1),
     (2950,'2022-9-17',1,1),
     (2950,'2022-9-17',2,1),
     (2950,'2022-9-17',3,1),
     (2950,'2022-9-17',4,1),
     (2950,'2022-9-18',1,1),
     (2950,'2022-9-18',2,1),
     (2950,'2022-9-18',3,1),
     (2950,'2022-9-18',4,1),
     (2950,'2022-9-19',1,1),
     (2950,'2022-9-19',2,2),
     (2950,'2022-9-19',3,2),
     (2950,'2022-9-19',4,1),
     (2950,'2022-9-20',1,2),
     (2950,'2022-9-20',2,1),
     (2950,'2022-9-20',3,1),
     (2950,'2022-9-20',4,1),
     (2950,'2022-9-21',1,1),
     (2950,'2022-9-21',2,1),
     (2950,'2022-9-21',3,1),
     (2950,'2022-9-21',4,1),
     (2950,'2022-9-22',1,1),
     (2950,'2022-9-22',2,1),
     (2950,'2022-9-22',3,1),
     (2950,'2022-9-22',4,1),
     (2950,'2022-9-23',1,2),
     (2950,'2022-9-23',2,2),
     (2950,'2022-9-23',3,1),
     (2950,'2022-9-23',4,2),
     (2950,'2022-9-24',1,1),
     (2950,'2022-9-24',2,2),
     (2950,'2022-9-24',3,1),
     (2950,'2022-9-24',4,2),
     (2950,'2022-9-25',1,1),
     (2950,'2022-9-25',2,2),
     (2950,'2022-9-25',3,1),
     (2950,'2022-9-25',4,2),
     (2950,'2022-9-26',1,1),
     (2950,'2022-9-26',2,1),
     (2950,'2022-9-26',3,1),
     (2950,'2022-9-26',4,1),
     (2950,'2022-9-27',1,1),
     (2950,'2022-9-27',2,1),
     (2950,'2022-9-27',3,1),
     (2950,'2022-9-27',4,1),
     (2950,'2022-9-28',1,1),
     (2950,'2022-9-28',2,1),
     (2950,'2022-9-28',3,1),
     (2950,'2022-9-28',4,1),
     (2950,'2022-9-29',1,1),
     (2950,'2022-9-29',2,1),
     (2950,'2022-9-29',3,1),
     (2950,'2022-9-29',4,1),
     (2950,'2022-9-30',1,1),
     (2950,'2022-9-30',2,1),
     (2950,'2022-9-30',3,1),
     (2950,'2022-9-30',4,1),
     (2950,'2022-10-1',1,1),
     (2950,'2022-10-1',2,1),
     (2950,'2022-10-1',3,2),
     (2950,'2022-10-1',4,2),
     (2950,'2022-10-2',1,1),
     (2950,'2022-10-2',2,1),
     (2950,'2022-10-2',3,2),
     (2950,'2022-10-2',4,1),
     (2950,'2022-10-3',1,1),
     (2950,'2022-10-3',2,1),
     (2950,'2022-10-3',3,1),
     (2950,'2022-10-3',4,1),
     (2950,'2022-10-4',1,1),
     (2950,'2022-10-4',2,1),
     (2950,'2022-10-4',3,1),
     (2950,'2022-10-4',4,1),
     (2950,'2022-10-5',1,1),
     (2950,'2022-10-5',2,1),
     (2950,'2022-10-5',3,2),
     (2950,'2022-10-5',4,1),
     (2950,'2022-10-6',1,1),
     (2950,'2022-10-6',2,1),
     (2950,'2022-10-6',3,1),
     (2950,'2022-10-6',4,1),
     (2950,'2022-10-7',1,1),
     (2950,'2022-10-7',2,1),
     (2950,'2022-10-7',3,1),
     (2950,'2022-10-7',4,1),
     (2950,'2022-10-8',1,1),
     (2950,'2022-10-8',2,1),
     (2950,'2022-10-8',3,1),
     (2950,'2022-10-8',4,1),
     (2950,'2022-10-9',1,1),
     (2950,'2022-10-9',2,1),
     (2950,'2022-10-9',3,1),
     (2950,'2022-10-9',4,1),
     (2950,'2022-10-10',1,2),
     (2950,'2022-10-10',2,1),
     (2950,'2022-10-10',3,1),
     (2950,'2022-10-10',4,1),
     (2950,'2022-10-11',1,2),
     (2950,'2022-10-11',2,1),
     (2950,'2022-10-11',3,2),
     (2950,'2022-10-11',4,2),
     (2950,'2022-10-12',1,1),
     (2950,'2022-10-12',2,2),
     (2950,'2022-10-12',3,1),
     (2950,'2022-10-12',4,2),
     (2950,'2022-10-13',1,1),
     (2950,'2022-10-13',2,2),
     (2950,'2022-10-13',3,1),
     (2950,'2022-10-13',4,1),
     (2950,'2022-10-14',1,1),
     (2950,'2022-10-14',2,1),
     (2950,'2022-10-14',3,1),
     (2950,'2022-10-14',4,1),
     (2950,'2022-10-15',1,1),
     (2950,'2022-10-15',2,1),
     (2950,'2022-10-15',3,1),
     (2950,'2022-10-15',4,2),
     (2950,'2022-10-16',1,2),
     (2950,'2022-10-16',2,2),
     (2950,'2022-10-16',3,1),
     (2950,'2022-10-16',4,1),
     (2950,'2022-10-17',1,1),
     (2950,'2022-10-17',2,1),
     (2950,'2022-10-17',3,1),
     (2950,'2022-10-17',4,1),
     (2950,'2022-10-18',1,1),
     (2950,'2022-10-18',2,1),
     (2950,'2022-10-18',3,1),
     (2950,'2022-10-18',4,1),
     (2950,'2022-10-19',1,1),
     (2950,'2022-10-19',2,2),
     (2950,'2022-10-19',3,1),
     (2950,'2022-10-19',4,1),
     (2950,'2022-10-20',1,1),
     (2950,'2022-10-20',2,1),
     (2950,'2022-10-20',3,1),
     (2950,'2022-10-20',4,1),
     (2950,'2022-10-21',1,2),
     (2950,'2022-10-21',2,1),
     (2950,'2022-10-21',3,2),
     (2950,'2022-10-21',4,2),
     (2950,'2022-10-22',1,1),
     (2950,'2022-10-22',2,2),
     (2950,'2022-10-22',3,1),
     (2950,'2022-10-22',4,1),
     (2950,'2022-10-23',1,1),
     (2950,'2022-10-23',2,1),
     (2950,'2022-10-23',3,2),
     (2950,'2022-10-23',4,2),
     (2951,'2022-9-12',1,2),
     (2951,'2022-9-12',2,1),
     (2951,'2022-9-12',3,1),
     (2951,'2022-9-12',4,1),
     (2951,'2022-9-13',1,1),
     (2951,'2022-9-13',2,1),
     (2951,'2022-9-13',3,1),
     (2951,'2022-9-13',4,1),
     (2951,'2022-9-14',1,1),
     (2951,'2022-9-14',2,1),
     (2951,'2022-9-14',3,1),
     (2951,'2022-9-14',4,1),
     (2951,'2022-9-15',1,1),
     (2951,'2022-9-15',2,1),
     (2951,'2022-9-15',3,1),
     (2951,'2022-9-15',4,1),
     (2951,'2022-9-16',1,1),
     (2951,'2022-9-16',2,1),
     (2951,'2022-9-16',3,1),
     (2951,'2022-9-16',4,2),
     (2951,'2022-9-17',1,2),
     (2951,'2022-9-17',2,1),
     (2951,'2022-9-17',3,1),
     (2951,'2022-9-17',4,1),
     (2951,'2022-9-18',1,2),
     (2951,'2022-9-18',2,1),
     (2951,'2022-9-18',3,1),
     (2951,'2022-9-18',4,1),
     (2951,'2022-9-19',1,2),
     (2951,'2022-9-19',2,1),
     (2951,'2022-9-19',3,1),
     (2951,'2022-9-19',4,1),
     (2951,'2022-9-20',1,1),
     (2951,'2022-9-20',2,1),
     (2951,'2022-9-20',3,1),
     (2951,'2022-9-20',4,1),
     (2951,'2022-9-21',1,1),
     (2951,'2022-9-21',2,1),
     (2951,'2022-9-21',3,1),
     (2951,'2022-9-21',4,1),
     (2951,'2022-9-22',1,1),
     (2951,'2022-9-22',2,1),
     (2951,'2022-9-22',3,1),
     (2951,'2022-9-22',4,1),
     (2951,'2022-9-23',1,1),
     (2951,'2022-9-23',2,1),
     (2951,'2022-9-23',3,1),
     (2951,'2022-9-23',4,1),
     (2951,'2022-9-24',1,1),
     (2951,'2022-9-24',2,1),
     (2951,'2022-9-24',3,1),
     (2951,'2022-9-24',4,1),
     (2951,'2022-9-25',1,1),
     (2951,'2022-9-25',2,2),
     (2951,'2022-9-25',3,1),
     (2951,'2022-9-25',4,1),
     (2951,'2022-9-26',1,2),
     (2951,'2022-9-26',2,2),
     (2951,'2022-9-26',3,2),
     (2951,'2022-9-26',4,1),
     (2951,'2022-9-27',1,1),
     (2951,'2022-9-27',2,2),
     (2951,'2022-9-27',3,2),
     (2951,'2022-9-27',4,2),
     (2951,'2022-9-28',1,1),
     (2951,'2022-9-28',2,1),
     (2951,'2022-9-28',3,2),
     (2951,'2022-9-28',4,2),
     (2951,'2022-9-29',1,2),
     (2951,'2022-9-29',2,1),
     (2951,'2022-9-29',3,1),
     (2951,'2022-9-29',4,2),
     (2951,'2022-9-30',1,2),
     (2951,'2022-9-30',2,1),
     (2951,'2022-9-30',3,1),
     (2951,'2022-9-30',4,1),
     (2951,'2022-10-1',1,1),
     (2951,'2022-10-1',2,1),
     (2951,'2022-10-1',3,1),
     (2951,'2022-10-1',4,1),
     (2951,'2022-10-2',1,1),
     (2951,'2022-10-2',2,1),
     (2951,'2022-10-2',3,1),
     (2951,'2022-10-2',4,1),
     (2951,'2022-10-3',1,1),
     (2951,'2022-10-3',2,1),
     (2951,'2022-10-3',3,1),
     (2951,'2022-10-3',4,1),
     (2951,'2022-10-4',1,1),
     (2951,'2022-10-4',2,1),
     (2951,'2022-10-4',3,1),
     (2951,'2022-10-4',4,1),
     (2951,'2022-10-5',1,1),
     (2951,'2022-10-5',2,1),
     (2951,'2022-10-5',3,1),
     (2951,'2022-10-5',4,1),
     (2951,'2022-10-6',1,1),
     (2951,'2022-10-6',2,1),
     (2951,'2022-10-6',3,1),
     (2951,'2022-10-6',4,1),
     (2951,'2022-10-7',1,1),
     (2951,'2022-10-7',2,2),
     (2951,'2022-10-7',3,1),
     (2951,'2022-10-7',4,1),
     (2951,'2022-10-8',1,1),
     (2951,'2022-10-8',2,1),
     (2951,'2022-10-8',3,1),
     (2951,'2022-10-8',4,1),
     (2951,'2022-10-9',1,1),
     (2951,'2022-10-9',2,1),
     (2951,'2022-10-9',3,1),
     (2951,'2022-10-9',4,1),
     (2951,'2022-10-10',1,1),
     (2951,'2022-10-10',2,1),
     (2951,'2022-10-10',3,1),
     (2951,'2022-10-10',4,2),
     (2951,'2022-10-11',1,1),
     (2951,'2022-10-11',2,1),
     (2951,'2022-10-11',3,1),
     (2951,'2022-10-11',4,1),
     (2951,'2022-10-12',1,1),
     (2951,'2022-10-12',2,2),
     (2951,'2022-10-12',3,1),
     (2951,'2022-10-12',4,1),
     (2951,'2022-10-13',1,1),
     (2951,'2022-10-13',2,1),
     (2951,'2022-10-13',3,1),
     (2951,'2022-10-13',4,1),
     (2951,'2022-10-14',1,2),
     (2951,'2022-10-14',2,2),
     (2951,'2022-10-14',3,1),
     (2951,'2022-10-14',4,1),
     (2951,'2022-10-15',1,1),
     (2951,'2022-10-15',2,1),
     (2951,'2022-10-15',3,1),
     (2951,'2022-10-15',4,1),
     (2951,'2022-10-16',1,1),
     (2951,'2022-10-16',2,1),
     (2951,'2022-10-16',3,1),
     (2951,'2022-10-16',4,1),
     (2951,'2022-10-17',1,1),
     (2951,'2022-10-17',2,1),
     (2951,'2022-10-17',3,2),
     (2951,'2022-10-17',4,2),
     (2951,'2022-10-18',1,1),
     (2951,'2022-10-18',2,2),
     (2951,'2022-10-18',3,1),
     (2951,'2022-10-18',4,1),
     (2951,'2022-10-19',1,2),
     (2951,'2022-10-19',2,1),
     (2951,'2022-10-19',3,2),
     (2951,'2022-10-19',4,2),
     (2951,'2022-10-20',1,1),
     (2951,'2022-10-20',2,1),
     (2951,'2022-10-20',3,1),
     (2951,'2022-10-20',4,2),
     (2951,'2022-10-21',1,1),
     (2951,'2022-10-21',2,1),
     (2951,'2022-10-21',3,1),
     (2951,'2022-10-21',4,1),
     (2951,'2022-10-22',1,1),
     (2951,'2022-10-22',2,1),
     (2951,'2022-10-22',3,1),
     (2951,'2022-10-22',4,1),
     (2951,'2022-10-23',1,1),
     (2951,'2022-10-23',2,1),
     (2951,'2022-10-23',3,1),
     (2951,'2022-10-23',4,1),
     (2952,'2022-9-12',1,3),
     (2952,'2022-9-12',2,3),
     (2952,'2022-9-12',3,5),
     (2952,'2022-9-12',4,1),
     (2952,'2022-9-13',1,5),
     (2952,'2022-9-13',2,5),
     (2952,'2022-9-13',3,3),
     (2952,'2022-9-13',4,3),
     (2952,'2022-9-14',1,1),
     (2952,'2022-9-14',2,2),
     (2952,'2022-9-14',3,1),
     (2952,'2022-9-14',4,3),
     (2952,'2022-9-15',1,2),
     (2952,'2022-9-15',2,5),
     (2952,'2022-9-15',3,3),
     (2952,'2022-9-15',4,2),
     (2952,'2022-9-16',1,4),
     (2952,'2022-9-16',2,3),
     (2952,'2022-9-16',3,1),
     (2952,'2022-9-16',4,4),
     (2952,'2022-9-17',1,2),
     (2952,'2022-9-17',2,2),
     (2952,'2022-9-17',3,3),
     (2952,'2022-9-17',4,6),
     (2952,'2022-9-18',1,4),
     (2952,'2022-9-18',2,5),
     (2952,'2022-9-18',3,2),
     (2952,'2022-9-18',4,3),
     (2952,'2022-9-19',1,3),
     (2952,'2022-9-19',2,2),
     (2952,'2022-9-19',3,3),
     (2952,'2022-9-19',4,2),
     (2952,'2022-9-20',1,4),
     (2952,'2022-9-20',2,4),
     (2952,'2022-9-20',3,4),
     (2952,'2022-9-20',4,1),
     (2952,'2022-9-21',1,3),
     (2952,'2022-9-21',2,3),
     (2952,'2022-9-21',3,2),
     (2952,'2022-9-21',4,2),
     (2952,'2022-9-22',1,1),
     (2952,'2022-9-22',2,5),
     (2952,'2022-9-22',3,3),
     (2952,'2022-9-22',4,3),
     (2952,'2022-9-23',1,3),
     (2952,'2022-9-23',2,3),
     (2952,'2022-9-23',3,2),
     (2952,'2022-9-23',4,3),
     (2952,'2022-9-24',1,1),
     (2952,'2022-9-24',2,2),
     (2952,'2022-9-24',3,1),
     (2952,'2022-9-24',4,3),
     (2952,'2022-9-25',1,2),
     (2952,'2022-9-25',2,4),
     (2952,'2022-9-25',3,2),
     (2952,'2022-9-25',4,2),
     (2952,'2022-9-26',1,3),
     (2952,'2022-9-26',2,3),
     (2952,'2022-9-26',3,2),
     (2952,'2022-9-26',4,3),
     (2952,'2022-9-27',1,4),
     (2952,'2022-9-27',2,3),
     (2952,'2022-9-27',3,3),
     (2952,'2022-9-27',4,2),
     (2952,'2022-9-28',1,3),
     (2952,'2022-9-28',2,3),
     (2952,'2022-9-28',3,3),
     (2952,'2022-9-28',4,3),
     (2952,'2022-9-29',1,1),
     (2952,'2022-9-29',2,4),
     (2952,'2022-9-29',3,3),
     (2952,'2022-9-29',4,4),
     (2952,'2022-9-30',1,4),
     (2952,'2022-9-30',2,4),
     (2952,'2022-9-30',3,4),
     (2952,'2022-9-30',4,5),
     (2952,'2022-10-1',1,3),
     (2952,'2022-10-1',2,4),
     (2952,'2022-10-1',3,2),
     (2952,'2022-10-1',4,4),
     (2952,'2022-10-2',1,3),
     (2952,'2022-10-2',2,4),
     (2952,'2022-10-2',3,4),
     (2952,'2022-10-2',4,5),
     (2952,'2022-10-3',1,4),
     (2952,'2022-10-3',2,2),
     (2952,'2022-10-3',3,2),
     (2952,'2022-10-3',4,3),
     (2952,'2022-10-4',1,4),
     (2952,'2022-10-4',2,1),
     (2952,'2022-10-4',3,3),
     (2952,'2022-10-4',4,2),
     (2952,'2022-10-5',1,2),
     (2952,'2022-10-5',2,5),
     (2952,'2022-10-5',3,3),
     (2952,'2022-10-5',4,2),
     (2952,'2022-10-6',1,1),
     (2952,'2022-10-6',2,3),
     (2952,'2022-10-6',3,2),
     (2952,'2022-10-6',4,3),
     (2952,'2022-10-7',1,3),
     (2952,'2022-10-7',2,4),
     (2952,'2022-10-7',3,3),
     (2952,'2022-10-7',4,3),
     (2952,'2022-10-8',1,2),
     (2952,'2022-10-8',2,2),
     (2952,'2022-10-8',3,2),
     (2952,'2022-10-8',4,2),
     (2952,'2022-10-9',1,3),
     (2952,'2022-10-9',2,3),
     (2952,'2022-10-9',3,2),
     (2952,'2022-10-9',4,2),
     (2952,'2022-10-10',1,3),
     (2952,'2022-10-10',2,3),
     (2952,'2022-10-10',3,2),
     (2952,'2022-10-10',4,3),
     (2952,'2022-10-11',1,5),
     (2952,'2022-10-11',2,2),
     (2952,'2022-10-11',3,5),
     (2952,'2022-10-11',4,2),
     (2952,'2022-10-12',1,2),
     (2952,'2022-10-12',2,4),
     (2952,'2022-10-12',3,2),
     (2952,'2022-10-12',4,1),
     (2952,'2022-10-13',1,2),
     (2952,'2022-10-13',2,5),
     (2952,'2022-10-13',3,5),
     (2952,'2022-10-13',4,1),
     (2952,'2022-10-14',1,5),
     (2952,'2022-10-14',2,7),
     (2952,'2022-10-14',3,2),
     (2952,'2022-10-14',4,2),
     (2952,'2022-10-15',1,1),
     (2952,'2022-10-15',2,4),
     (2952,'2022-10-15',3,2),
     (2952,'2022-10-15',4,4),
     (2952,'2022-10-16',1,2),
     (2952,'2022-10-16',2,5),
     (2952,'2022-10-16',3,5),
     (2952,'2022-10-16',4,1),
     (2952,'2022-10-17',1,4),
     (2952,'2022-10-17',2,2),
     (2952,'2022-10-17',3,3),
     (2952,'2022-10-17',4,3),
     (2952,'2022-10-18',1,4),
     (2952,'2022-10-18',2,3),
     (2952,'2022-10-18',3,6),
     (2952,'2022-10-18',4,7),
     (2952,'2022-10-19',1,2),
     (2952,'2022-10-19',2,4),
     (2952,'2022-10-19',3,6),
     (2952,'2022-10-19',4,4),
     (2952,'2022-10-20',1,3),
     (2952,'2022-10-20',2,4),
     (2952,'2022-10-20',3,3),
     (2952,'2022-10-20',4,4),
     (2952,'2022-10-21',1,5),
     (2952,'2022-10-21',2,4),
     (2952,'2022-10-21',3,3),
     (2952,'2022-10-21',4,3),
     (2952,'2022-10-22',1,4),
     (2952,'2022-10-22',2,2),
     (2952,'2022-10-22',3,4),
     (2952,'2022-10-22',4,6),
     (2952,'2022-10-23',1,4),
     (2952,'2022-10-23',2,3),
     (2952,'2022-10-23',3,5),
     (2952,'2022-10-23',4,3),
     (2953,'2022-9-12',1,1),
     (2953,'2022-9-12',2,1),
     (2953,'2022-9-12',3,1),
     (2953,'2022-9-12',4,1),
     (2953,'2022-9-13',1,1),
     (2953,'2022-9-13',2,1),
     (2953,'2022-9-13',3,1),
     (2953,'2022-9-13',4,1),
     (2953,'2022-9-14',1,1),
     (2953,'2022-9-14',2,1),
     (2953,'2022-9-14',3,1),
     (2953,'2022-9-14',4,1),
     (2953,'2022-9-15',1,1),
     (2953,'2022-9-15',2,1),
     (2953,'2022-9-15',3,1),
     (2953,'2022-9-15',4,1),
     (2953,'2022-9-16',1,1),
     (2953,'2022-9-16',2,1),
     (2953,'2022-9-16',3,1),
     (2953,'2022-9-16',4,1),
     (2953,'2022-9-17',1,1),
     (2953,'2022-9-17',2,1),
     (2953,'2022-9-17',3,1),
     (2953,'2022-9-17',4,1),
     (2953,'2022-9-18',1,1),
     (2953,'2022-9-18',2,1),
     (2953,'2022-9-18',3,1),
     (2953,'2022-9-18',4,1),
     (2953,'2022-9-19',1,1),
     (2953,'2022-9-19',2,1),
     (2953,'2022-9-19',3,1),
     (2953,'2022-9-19',4,1),
     (2953,'2022-9-20',1,1),
     (2953,'2022-9-21',2,1),
     (2953,'2022-9-21',3,1),
     (2953,'2022-9-22',4,1),
     (2953,'2022-9-23',1,1),
     (2953,'2022-9-23',2,1),
     (2953,'2022-9-23',3,1),
     (2953,'2022-9-23',4,1),
     (2953,'2022-9-24',1,1),
     (2953,'2022-9-24',2,1),
     (2953,'2022-9-24',3,1),
     (2953,'2022-9-24',4,1),
     (2953,'2022-9-25',1,1),
     (2953,'2022-9-25',2,1),
     (2953,'2022-9-25',3,1),
     (2953,'2022-9-25',4,1),
     (2953,'2022-9-26',1,1),
     (2953,'2022-9-26',2,1),
     (2953,'2022-9-26',3,1),
     (2953,'2022-9-26',4,1),
     (2953,'2022-9-27',1,2),
     (2953,'2022-9-27',2,1),
     (2953,'2022-9-27',3,1),
     (2953,'2022-9-27',4,1),
     (2953,'2022-9-28',1,2),
     (2953,'2022-9-28',2,2),
     (2953,'2022-9-28',3,1),
     (2953,'2022-9-28',4,1),
     (2953,'2022-9-29',1,2),
     (2953,'2022-9-29',2,2),
     (2953,'2022-9-29',3,2),
     (2953,'2022-9-29',4,1),
     (2953,'2022-9-30',1,2),
     (2953,'2022-9-30',2,1),
     (2953,'2022-9-30',3,1),
     (2953,'2022-9-30',4,1),
     (2953,'2022-10-1',1,1),
     (2953,'2022-10-1',2,1),
     (2953,'2022-10-1',3,1),
     (2953,'2022-10-1',4,1),
     (2953,'2022-10-2',1,1),
     (2953,'2022-10-2',2,1),
     (2953,'2022-10-2',3,1),
     (2953,'2022-10-2',4,1),
     (2953,'2022-10-3',1,1),
     (2953,'2022-10-3',2,1),
     (2953,'2022-10-3',3,1),
     (2953,'2022-10-3',4,1),
     (2953,'2022-10-4',1,2),
     (2953,'2022-10-4',2,1),
     (2953,'2022-10-4',3,1),
     (2953,'2022-10-4',4,1),
     (2953,'2022-10-5',1,1),
     (2953,'2022-10-5',2,2),
     (2953,'2022-10-5',3,1),
     (2953,'2022-10-5',4,1),
     (2953,'2022-10-6',1,1),
     (2953,'2022-10-6',2,1),
     (2953,'2022-10-6',3,1),
     (2953,'2022-10-6',4,1),
     (2953,'2022-10-7',1,1),
     (2953,'2022-10-7',2,1),
     (2953,'2022-10-7',3,1),
     (2953,'2022-10-7',4,1),
     (2953,'2022-10-8',1,1),
     (2953,'2022-10-8',2,1),
     (2953,'2022-10-8',3,1),
     (2953,'2022-10-8',4,2),
     (2953,'2022-10-9',1,1),
     (2953,'2022-10-9',2,2),
     (2953,'2022-10-9',3,2),
     (2953,'2022-10-9',4,1),
     (2953,'2022-10-10',1,1),
     (2953,'2022-10-10',2,1),
     (2953,'2022-10-10',3,2),
     (2953,'2022-10-10',4,1),
     (2953,'2022-10-11',1,1),
     (2953,'2022-10-11',2,1),
     (2953,'2022-10-11',3,1),
     (2953,'2022-10-12',2,1),
     (2953,'2022-10-12',3,1),
     (2953,'2022-10-13',2,1),
     (2953,'2022-10-13',3,1),
     (2953,'2022-10-13',4,1),
     (2953,'2022-10-14',1,1),
     (2953,'2022-10-14',2,1),
     (2953,'2022-10-14',3,1),
     (2953,'2022-10-14',4,2),
     (2953,'2022-10-15',1,1),
     (2953,'2022-10-15',2,1),
     (2953,'2022-10-15',3,1),
     (2953,'2022-10-15',4,1),
     (2953,'2022-10-16',1,1),
     (2953,'2022-10-16',2,1),
     (2953,'2022-10-16',3,1),
     (2953,'2022-10-16',4,2),
     (2953,'2022-10-17',1,1),
     (2953,'2022-10-17',2,1),
     (2953,'2022-10-17',3,1),
     (2953,'2022-10-17',4,1),
     (2953,'2022-10-18',1,1),
     (2953,'2022-10-18',2,1),
     (2953,'2022-10-18',3,1),
     (2953,'2022-10-18',4,1),
     (2953,'2022-10-19',1,1),
     (2953,'2022-10-19',2,1),
     (2953,'2022-10-19',3,1),
     (2953,'2022-10-19',4,1),
     (2953,'2022-10-20',1,1),
     (2953,'2022-10-20',2,1),
     (2953,'2022-10-20',3,1),
     (2953,'2022-10-20',4,1),
     (2953,'2022-10-21',1,1),
     (2953,'2022-10-21',2,1),
     (2953,'2022-10-21',3,1),
     (2953,'2022-10-21',4,1),
     (2953,'2022-10-22',1,1),
     (2953,'2022-10-22',2,1),
     (2953,'2022-10-22',3,2),
     (2953,'2022-10-22',4,2),
     (2953,'2022-10-23',1,2),
     (2953,'2022-10-23',2,1),
     (2953,'2022-10-23',3,1),
     (2953,'2022-10-23',4,1),
     (2954,'2022-9-12',1,1),
     (2954,'2022-9-12',2,2),
     (2954,'2022-9-12',3,1),
     (2954,'2022-9-12',4,1),
     (2954,'2022-9-13',1,2),
     (2954,'2022-9-13',2,1),
     (2954,'2022-9-13',3,1),
     (2954,'2022-9-13',4,1),
     (2954,'2022-9-14',1,1),
     (2954,'2022-9-14',2,1),
     (2954,'2022-9-14',3,1),
     (2954,'2022-9-14',4,1),
     (2954,'2022-9-15',1,1),
     (2954,'2022-9-15',2,2),
     (2954,'2022-9-15',3,2),
     (2954,'2022-9-15',4,1),
     (2954,'2022-9-16',1,2),
     (2954,'2022-9-16',2,1),
     (2954,'2022-9-16',3,1),
     (2954,'2022-9-16',4,2),
     (2954,'2022-9-17',1,1),
     (2954,'2022-9-17',2,2),
     (2954,'2022-9-17',3,1),
     (2954,'2022-9-17',4,1),
     (2954,'2022-9-18',1,1),
     (2954,'2022-9-18',2,1),
     (2954,'2022-9-18',3,1),
     (2954,'2022-9-18',4,2),
     (2954,'2022-9-19',1,1),
     (2954,'2022-9-19',2,1),
     (2954,'2022-9-19',3,2),
     (2954,'2022-9-19',4,1),
     (2954,'2022-9-20',1,2),
     (2954,'2022-9-20',2,2),
     (2954,'2022-9-20',3,1),
     (2954,'2022-9-20',4,1),
     (2954,'2022-9-21',1,1),
     (2954,'2022-9-21',2,1),
     (2954,'2022-9-21',3,1),
     (2954,'2022-9-21',4,1),
     (2954,'2022-9-22',1,1),
     (2954,'2022-9-22',2,2),
     (2954,'2022-9-22',3,1),
     (2954,'2022-9-22',4,1),
     (2954,'2022-9-23',1,1),
     (2954,'2022-9-23',2,1),
     (2954,'2022-9-23',3,1),
     (2954,'2022-9-23',4,1),
     (2954,'2022-9-24',1,1),
     (2954,'2022-9-24',2,1),
     (2954,'2022-9-24',3,1),
     (2954,'2022-9-24',4,2),
     (2954,'2022-9-25',1,1),
     (2954,'2022-9-25',2,2),
     (2954,'2022-9-25',3,1),
     (2954,'2022-9-25',4,1),
     (2954,'2022-9-26',1,1),
     (2954,'2022-9-26',2,1),
     (2954,'2022-9-26',3,1),
     (2954,'2022-9-26',4,1),
     (2954,'2022-9-27',1,1),
     (2954,'2022-9-27',2,1),
     (2954,'2022-9-27',3,1),
     (2954,'2022-9-27',4,1),
     (2954,'2022-9-28',1,1),
     (2954,'2022-9-28',2,1),
     (2954,'2022-9-28',3,1),
     (2954,'2022-9-28',4,1),
     (2954,'2022-9-29',1,1),
     (2954,'2022-9-29',2,1),
     (2954,'2022-9-29',3,1),
     (2954,'2022-9-29',4,1),
     (2954,'2022-9-30',1,1),
     (2954,'2022-9-30',2,1),
     (2954,'2022-9-30',3,1),
     (2954,'2022-9-30',4,1),
     (2954,'2022-10-1',1,1),
     (2954,'2022-10-1',2,1),
     (2954,'2022-10-1',3,1),
     (2954,'2022-10-1',4,1),
     (2954,'2022-10-2',1,1),
     (2954,'2022-10-2',2,1),
     (2954,'2022-10-2',3,1),
     (2954,'2022-10-2',4,1),
     (2954,'2022-10-3',1,1),
     (2954,'2022-10-3',2,1),
     (2954,'2022-10-3',3,1),
     (2954,'2022-10-3',4,1),
     (2954,'2022-10-4',1,2),
     (2954,'2022-10-4',2,1),
     (2954,'2022-10-4',3,2),
     (2954,'2022-10-4',4,2),
     (2954,'2022-10-5',1,1),
     (2954,'2022-10-5',2,2),
     (2954,'2022-10-5',3,1),
     (2954,'2022-10-5',4,1),
     (2954,'2022-10-6',1,1),
     (2954,'2022-10-6',2,2),
     (2954,'2022-10-6',3,1),
     (2954,'2022-10-6',4,1),
     (2954,'2022-10-7',1,1),
     (2954,'2022-10-7',2,1),
     (2954,'2022-10-7',3,1),
     (2954,'2022-10-7',4,1),
     (2954,'2022-10-8',1,1),
     (2954,'2022-10-8',2,1),
     (2954,'2022-10-8',3,2),
     (2954,'2022-10-8',4,2),
     (2954,'2022-10-9',1,1),
     (2954,'2022-10-9',2,2),
     (2954,'2022-10-9',3,1),
     (2954,'2022-10-9',4,1),
     (2954,'2022-10-17',1,1),
     (2954,'2022-10-17',2,1),
     (2954,'2022-10-17',3,1),
     (2954,'2022-10-17',4,1),
     (2954,'2022-10-18',1,1),
     (2954,'2022-10-18',2,1),
     (2954,'2022-10-18',3,2),
     (2954,'2022-10-18',4,1),
     (2954,'2022-10-19',1,1),
     (2954,'2022-10-19',2,1),
     (2954,'2022-10-19',3,1),
     (2954,'2022-10-19',4,1),
     (2954,'2022-10-20',1,1),
     (2954,'2022-10-20',2,2),
     (2954,'2022-10-20',3,2),
     (2954,'2022-10-20',4,1),
     (2954,'2022-10-21',1,1),
     (2954,'2022-10-21',2,1),
     (2954,'2022-10-21',3,1),
     (2954,'2022-10-21',4,1),
     (2954,'2022-10-22',1,1),
     (2954,'2022-10-22',2,1),
     (2954,'2022-10-22',3,2),
     (2954,'2022-10-22',4,1),
     (2954,'2022-10-23',1,1),
     (2954,'2022-10-23',2,1),
     (2954,'2022-10-23',3,1),
     (2954,'2022-10-23',4,1),
     (2955,'2022-9-12',1,1),
     (2955,'2022-9-12',2,1),
     (2955,'2022-9-12',3,1),
     (2955,'2022-9-12',4,1),
     (2955,'2022-9-13',1,1),
     (2955,'2022-9-13',2,1),
     (2955,'2022-9-13',3,1),
     (2955,'2022-9-13',4,1),
     (2955,'2022-9-14',1,1),
     (2955,'2022-9-14',2,1),
     (2955,'2022-9-14',3,1),
     (2955,'2022-9-14',4,1),
     (2955,'2022-9-15',1,1),
     (2955,'2022-9-15',2,1),
     (2955,'2022-9-15',3,1),
     (2955,'2022-9-15',4,1),
     (2955,'2022-9-16',1,1),
     (2955,'2022-9-16',2,1),
     (2955,'2022-9-16',3,1),
     (2955,'2022-9-16',4,2),
     (2955,'2022-9-17',1,1),
     (2955,'2022-9-17',2,1),
     (2955,'2022-9-17',3,1),
     (2955,'2022-9-17',4,2),
     (2955,'2022-9-18',1,1),
     (2955,'2022-9-18',2,2),
     (2955,'2022-9-18',3,1),
     (2955,'2022-9-18',4,1),
     (2955,'2022-9-19',1,1),
     (2955,'2022-9-19',2,1),
     (2955,'2022-9-19',3,1),
     (2955,'2022-9-19',4,1),
     (2955,'2022-9-20',1,1),
     (2955,'2022-9-20',2,1),
     (2955,'2022-9-20',3,1),
     (2955,'2022-9-20',4,2),
     (2955,'2022-9-21',1,1),
     (2955,'2022-9-21',2,1),
     (2955,'2022-9-21',3,2),
     (2955,'2022-9-21',4,1),
     (2955,'2022-9-22',1,1),
     (2955,'2022-9-22',2,1),
     (2955,'2022-9-22',3,1),
     (2955,'2022-9-22',4,1),
     (2955,'2022-9-23',1,1),
     (2955,'2022-9-23',2,2),
     (2955,'2022-9-23',3,1),
     (2955,'2022-9-23',4,1),
     (2955,'2022-9-24',1,1),
     (2955,'2022-9-24',2,1),
     (2955,'2022-9-24',3,1),
     (2955,'2022-9-24',4,2),
     (2955,'2022-9-25',1,1),
     (2955,'2022-9-25',2,1),
     (2955,'2022-9-25',3,1),
     (2955,'2022-9-25',4,1),
     (2955,'2022-9-26',1,2),
     (2955,'2022-9-26',2,2),
     (2955,'2022-9-26',3,1),
     (2955,'2022-9-26',4,1),
     (2955,'2022-9-27',1,1),
     (2955,'2022-9-27',2,1),
     (2955,'2022-9-27',3,1),
     (2955,'2022-9-27',4,1),
     (2955,'2022-9-28',1,1),
     (2955,'2022-9-28',2,1),
     (2955,'2022-9-28',3,1),
     (2955,'2022-9-28',4,1),
     (2955,'2022-9-29',1,1),
     (2955,'2022-9-29',2,1),
     (2955,'2022-9-29',3,1),
     (2955,'2022-9-29',4,2),
     (2955,'2022-9-30',1,2),
     (2955,'2022-9-30',2,1),
     (2955,'2022-9-30',3,1),
     (2955,'2022-9-30',4,2),
     (2955,'2022-10-1',1,1),
     (2955,'2022-10-1',2,1),
     (2955,'2022-10-1',3,1),
     (2955,'2022-10-1',4,1),
     (2955,'2022-10-2',1,1),
     (2955,'2022-10-2',2,1),
     (2955,'2022-10-2',3,2),
     (2955,'2022-10-2',4,2),
     (2955,'2022-10-3',1,1),
     (2955,'2022-10-3',2,1),
     (2955,'2022-10-3',3,1),
     (2955,'2022-10-3',4,1),
     (2955,'2022-10-4',1,1),
     (2955,'2022-10-4',2,1),
     (2955,'2022-10-4',3,1),
     (2955,'2022-10-4',4,1),
     (2955,'2022-10-5',1,1),
     (2955,'2022-10-5',2,1),
     (2955,'2022-10-5',3,1),
     (2955,'2022-10-5',4,1),
     (2955,'2022-10-6',1,1),
     (2955,'2022-10-6',2,2),
     (2955,'2022-10-6',3,2),
     (2955,'2022-10-6',4,1),
     (2955,'2022-10-7',1,1),
     (2955,'2022-10-7',2,1),
     (2955,'2022-10-7',3,1),
     (2955,'2022-10-7',4,2),
     (2955,'2022-10-8',1,1),
     (2955,'2022-10-8',2,1),
     (2955,'2022-10-8',3,1),
     (2955,'2022-10-8',4,1),
     (2955,'2022-10-9',1,1),
     (2955,'2022-10-9',2,1),
     (2955,'2022-10-9',3,1),
     (2955,'2022-10-9',4,2),
     (2955,'2022-10-10',1,1),
     (2955,'2022-10-10',2,1),
     (2955,'2022-10-10',3,1),
     (2955,'2022-10-10',4,1),
     (2955,'2022-10-11',1,1),
     (2955,'2022-10-11',2,1),
     (2955,'2022-10-11',3,1),
     (2955,'2022-10-11',4,1),
     (2955,'2022-10-12',1,1),
     (2955,'2022-10-12',2,1),
     (2955,'2022-10-12',3,1),
     (2955,'2022-10-12',4,1),
     (2955,'2022-10-13',1,1),
     (2955,'2022-10-13',2,1),
     (2955,'2022-10-13',3,1),
     (2955,'2022-10-13',4,1),
     (2955,'2022-10-14',1,1),
     (2955,'2022-10-14',2,1),
     (2955,'2022-10-14',3,1),
     (2955,'2022-10-14',4,1),
     (2955,'2022-10-15',1,1),
     (2955,'2022-10-15',2,1),
     (2955,'2022-10-15',3,1),
     (2955,'2022-10-15',4,1),
     (2955,'2022-10-16',1,1),
     (2955,'2022-10-16',2,1),
     (2955,'2022-10-16',3,1),
     (2955,'2022-10-16',4,1),
     (2955,'2022-10-18',1,1),
     (2955,'2022-10-18',2,2),
     (2955,'2022-10-18',3,2),
     (2955,'2022-10-18',4,2),
     (2955,'2022-10-19',1,1),
     (2955,'2022-10-19',2,1),
     (2955,'2022-10-19',3,1),
     (2955,'2022-10-19',4,2),
     (2955,'2022-10-20',1,2),
     (2955,'2022-10-20',2,1),
     (2955,'2022-10-20',3,1),
     (2955,'2022-10-20',4,1),
     (2955,'2022-10-21',1,1),
     (2955,'2022-10-21',2,1),
     (2955,'2022-10-21',3,1),
     (2955,'2022-10-21',4,1),
     (2955,'2022-10-22',1,1),
     (2955,'2022-10-22',2,1),
     (2955,'2022-10-22',3,2),
     (2955,'2022-10-22',4,2),
     (2955,'2022-10-23',1,2),
     (2955,'2022-10-23',2,1),
     (2955,'2022-10-23',3,1),
     (2955,'2022-10-23',4,1),
     (2956,'2022-9-12',1,1),
     (2956,'2022-9-12',2,1),
     (2956,'2022-9-12',3,1),
     (2956,'2022-9-12',4,1),
     (2956,'2022-9-13',1,1),
     (2956,'2022-9-13',2,1),
     (2956,'2022-9-13',3,2),
     (2956,'2022-9-13',4,1),
     (2956,'2022-9-14',1,1),
     (2956,'2022-9-14',2,1),
     (2956,'2022-9-14',3,1),
     (2956,'2022-9-14',4,1),
     (2956,'2022-9-15',1,1),
     (2956,'2022-9-15',2,1),
     (2956,'2022-9-15',3,1),
     (2956,'2022-9-15',4,1),
     (2956,'2022-9-16',1,2),
     (2956,'2022-9-16',2,1),
     (2956,'2022-9-16',3,1),
     (2956,'2022-9-16',4,1),
     (2956,'2022-9-17',1,1),
     (2956,'2022-9-17',2,1),
     (2956,'2022-9-17',3,2),
     (2956,'2022-9-17',4,2),
     (2956,'2022-9-18',1,1),
     (2956,'2022-9-18',2,1),
     (2956,'2022-9-18',3,2),
     (2956,'2022-9-18',4,1),
     (2956,'2022-9-19',1,1),
     (2956,'2022-9-19',2,2),
     (2956,'2022-9-19',3,2),
     (2956,'2022-9-19',4,1),
     (2956,'2022-9-20',1,2),
     (2956,'2022-9-20',2,2),
     (2956,'2022-9-20',3,1),
     (2956,'2022-9-20',4,1),
     (2956,'2022-9-21',1,1),
     (2956,'2022-9-21',2,1),
     (2956,'2022-9-21',3,1),
     (2956,'2022-9-21',4,1),
     (2956,'2022-9-22',1,1),
     (2956,'2022-9-22',2,2),
     (2956,'2022-9-22',3,2),
     (2956,'2022-9-22',4,1),
     (2956,'2022-9-23',1,2),
     (2956,'2022-9-23',2,2),
     (2956,'2022-9-23',3,1),
     (2956,'2022-9-23',4,2),
     (2956,'2022-9-24',1,1),
     (2956,'2022-9-24',2,2),
     (2956,'2022-9-24',3,1),
     (2956,'2022-9-24',4,2),
     (2956,'2022-9-25',1,1),
     (2956,'2022-9-25',2,2),
     (2956,'2022-9-25',3,1),
     (2956,'2022-9-25',4,2),
     (2956,'2022-9-26',1,1),
     (2956,'2022-9-26',2,2),
     (2956,'2022-9-26',3,2),
     (2956,'2022-9-26',4,1),
     (2956,'2022-9-27',1,1),
     (2956,'2022-9-27',2,1),
     (2956,'2022-9-27',3,1),
     (2956,'2022-9-27',4,1),
     (2956,'2022-9-28',1,1),
     (2956,'2022-9-28',2,1),
     (2956,'2022-9-28',3,1),
     (2956,'2022-9-28',4,1),
     (2956,'2022-9-29',1,1),
     (2956,'2022-9-29',2,1),
     (2956,'2022-9-29',3,1),
     (2956,'2022-9-29',4,1),
     (2956,'2022-9-30',1,1),
     (2956,'2022-9-30',2,1),
     (2956,'2022-9-30',3,1),
     (2956,'2022-9-30',4,2),
     (2956,'2022-10-1',1,1),
     (2956,'2022-10-1',2,1),
     (2956,'2022-10-1',3,1),
     (2956,'2022-10-1',4,2),
     (2956,'2022-10-2',1,1),
     (2956,'2022-10-2',2,1),
     (2956,'2022-10-2',3,1),
     (2956,'2022-10-2',4,2),
     (2956,'2022-10-4',1,1),
     (2956,'2022-10-4',2,1),
     (2956,'2022-10-4',3,1),
     (2956,'2022-10-4',4,1),
     (2956,'2022-10-5',1,1),
     (2956,'2022-10-5',2,1),
     (2956,'2022-10-5',3,1),
     (2956,'2022-10-5',4,1),
     (2956,'2022-10-6',1,1),
     (2956,'2022-10-6',2,1),
     (2956,'2022-10-6',3,1),
     (2956,'2022-10-6',4,1),
     (2956,'2022-10-7',1,1),
     (2956,'2022-10-7',2,1),
     (2956,'2022-10-7',3,1),
     (2956,'2022-10-7',4,1),
     (2956,'2022-10-8',1,1),
     (2956,'2022-10-8',2,1),
     (2956,'2022-10-8',3,1),
     (2956,'2022-10-8',4,1),
     (2956,'2022-10-9',1,1),
     (2956,'2022-10-9',2,1),
     (2956,'2022-10-9',3,1),
     (2956,'2022-10-9',4,1),
     (2956,'2022-10-10',1,1),
     (2956,'2022-10-10',2,1),
     (2956,'2022-10-10',3,1),
     (2956,'2022-10-10',4,1),
     (2956,'2022-10-11',1,1),
     (2956,'2022-10-11',2,1),
     (2956,'2022-10-11',3,1),
     (2956,'2022-10-11',4,1),
     (2956,'2022-10-12',1,1),
     (2956,'2022-10-12',2,1),
     (2956,'2022-10-12',3,1),
     (2956,'2022-10-12',4,1),
     (2956,'2022-10-13',1,1),
     (2956,'2022-10-13',2,1),
     (2956,'2022-10-13',3,1),
     (2956,'2022-10-13',4,1),
     (2956,'2022-10-14',1,1),
     (2956,'2022-10-14',2,2),
     (2956,'2022-10-14',3,2),
     (2956,'2022-10-14',4,1),
     (2956,'2022-10-15',1,2),
     (2956,'2022-10-15',2,1),
     (2956,'2022-10-15',3,1),
     (2956,'2022-10-15',4,2),
     (2956,'2022-10-16',1,2),
     (2956,'2022-10-16',2,1),
     (2956,'2022-10-16',3,1),
     (2956,'2022-10-16',4,1),
     (2956,'2022-10-17',1,1),
     (2956,'2022-10-17',2,1),
     (2956,'2022-10-17',3,2),
     (2956,'2022-10-17',4,1),
     (2956,'2022-10-18',1,2),
     (2956,'2022-10-18',2,2),
     (2956,'2022-10-18',3,2),
     (2956,'2022-10-18',4,1),
     (2956,'2022-10-19',1,1),
     (2956,'2022-10-19',2,2),
     (2956,'2022-10-19',3,1),
     (2956,'2022-10-19',4,1),
     (2956,'2022-10-20',1,2),
     (2956,'2022-10-20',2,2),
     (2956,'2022-10-20',3,1),
     (2956,'2022-10-20',4,1),
     (2956,'2022-10-21',1,1),
     (2956,'2022-10-21',2,1),
     (2956,'2022-10-21',3,1),
     (2956,'2022-10-21',4,1),
     (2956,'2022-10-22',1,1),
     (2956,'2022-10-22',2,1),
     (2956,'2022-10-22',3,1),
     (2956,'2022-10-22',4,1),
     (2956,'2022-10-23',1,1),
     (2956,'2022-10-23',2,1),
     (2956,'2022-10-23',3,1),
     (2956,'2022-10-23',4,1),
     (2957,'2022-9-12',1,1),
     (2957,'2022-9-12',2,1),
     (2957,'2022-9-12',3,1),
     (2957,'2022-9-12',4,1),
     (2957,'2022-9-13',1,1),
     (2957,'2022-9-13',2,1),
     (2957,'2022-9-13',3,1),
     (2957,'2022-9-13',4,1),
     (2957,'2022-9-14',1,1),
     (2957,'2022-9-14',2,1),
     (2957,'2022-9-14',3,1),
     (2957,'2022-9-14',4,1),
     (2957,'2022-9-15',1,1),
     (2957,'2022-9-15',2,1),
     (2957,'2022-9-15',3,1),
     (2957,'2022-9-15',4,1),
     (2957,'2022-9-16',1,1),
     (2957,'2022-9-16',2,1),
     (2957,'2022-9-16',3,1),
     (2957,'2022-9-16',4,1),
     (2957,'2022-9-17',1,1),
     (2957,'2022-9-17',2,1),
     (2957,'2022-9-17',3,1),
     (2957,'2022-9-17',4,1),
     (2957,'2022-9-18',1,1),
     (2957,'2022-9-18',2,1),
     (2957,'2022-9-18',3,1),
     (2957,'2022-9-18',4,1),
     (2957,'2022-9-19',1,2),
     (2957,'2022-9-19',2,1),
     (2957,'2022-9-19',3,1),
     (2957,'2022-9-19',4,1),
     (2957,'2022-9-20',1,1),
     (2957,'2022-9-20',2,1),
     (2957,'2022-9-20',3,1),
     (2957,'2022-9-20',4,1),
     (2957,'2022-9-21',1,1),
     (2957,'2022-9-21',2,1),
     (2957,'2022-9-21',3,1),
     (2957,'2022-9-21',4,1),
     (2957,'2022-9-22',1,1),
     (2957,'2022-9-22',2,1),
     (2957,'2022-9-22',3,1),
     (2957,'2022-9-22',4,1),
     (2957,'2022-9-23',1,1),
     (2957,'2022-9-23',2,1),
     (2957,'2022-9-23',3,1),
     (2957,'2022-9-23',4,1),
     (2957,'2022-9-24',1,1),
     (2957,'2022-9-24',2,1),
     (2957,'2022-9-24',3,1),
     (2957,'2022-9-24',4,1),
     (2957,'2022-9-25',1,1),
     (2957,'2022-9-25',2,1),
     (2957,'2022-9-25',3,1),
     (2957,'2022-9-25',4,1),
     (2957,'2022-9-26',1,3),
     (2957,'2022-9-26',2,1),
     (2957,'2022-9-26',3,2),
     (2957,'2022-9-26',4,2),
     (2957,'2022-9-27',1,2),
     (2957,'2022-9-27',2,2),
     (2957,'2022-9-27',3,3),
     (2957,'2022-9-27',4,2),
     (2957,'2022-9-28',1,2),
     (2957,'2022-9-28',2,2),
     (2957,'2022-9-28',3,1),
     (2957,'2022-9-28',4,3),
     (2957,'2022-9-29',1,1),
     (2957,'2022-9-29',2,3),
     (2957,'2022-9-29',3,1),
     (2957,'2022-9-29',4,1),
     (2957,'2022-9-30',1,1),
     (2957,'2022-9-30',2,1),
     (2957,'2022-9-30',3,1),
     (2957,'2022-9-30',4,1),
     (2957,'2022-10-1',1,1),
     (2957,'2022-10-1',2,1),
     (2957,'2022-10-1',3,2),
     (2957,'2022-10-1',4,2),
     (2957,'2022-10-2',1,3),
     (2957,'2022-10-2',2,2),
     (2957,'2022-10-2',3,1),
     (2957,'2022-10-2',4,1),
     (2957,'2022-10-3',1,1),
     (2957,'2022-10-3',2,1),
     (2957,'2022-10-3',3,2),
     (2957,'2022-10-3',4,1),
     (2957,'2022-10-4',1,1),
     (2957,'2022-10-4',2,2),
     (2957,'2022-10-4',3,1),
     (2957,'2022-10-4',4,1),
     (2957,'2022-10-5',1,1),
     (2957,'2022-10-5',2,1),
     (2957,'2022-10-5',3,1),
     (2957,'2022-10-5',4,1),
     (2957,'2022-10-6',1,1),
     (2957,'2022-10-6',2,2),
     (2957,'2022-10-6',3,2),
     (2957,'2022-10-6',4,1),
     (2957,'2022-10-7',1,1),
     (2957,'2022-10-7',2,1),
     (2957,'2022-10-7',3,1),
     (2957,'2022-10-7',4,1),
     (2957,'2022-10-8',1,1),
     (2957,'2022-10-8',2,1),
     (2957,'2022-10-8',3,1),
     (2957,'2022-10-8',4,1),
     (2957,'2022-10-9',1,1),
     (2957,'2022-10-9',2,1),
     (2957,'2022-10-9',3,1),
     (2957,'2022-10-9',4,1),
     (2957,'2022-10-10',1,1),
     (2957,'2022-10-10',2,1),
     (2957,'2022-10-10',3,1),
     (2957,'2022-10-10',4,1),
     (2957,'2022-10-11',1,1),
     (2957,'2022-10-11',2,1),
     (2957,'2022-10-11',3,1),
     (2957,'2022-10-11',4,1),
     (2957,'2022-10-12',1,1),
     (2957,'2022-10-12',2,1),
     (2957,'2022-10-12',3,1),
     (2957,'2022-10-12',4,1),
     (2957,'2022-10-13',1,1),
     (2957,'2022-10-13',2,1),
     (2957,'2022-10-13',3,1),
     (2957,'2022-10-13',4,1),
     (2957,'2022-10-14',1,1),
     (2957,'2022-10-14',2,1),
     (2957,'2022-10-14',3,1),
     (2957,'2022-10-14',4,1),
     (2957,'2022-10-15',1,1),
     (2957,'2022-10-15',2,1),
     (2957,'2022-10-15',3,1),
     (2957,'2022-10-15',4,1),
     (2957,'2022-10-16',1,1),
     (2957,'2022-10-16',2,1),
     (2957,'2022-10-16',3,1),
     (2957,'2022-10-16',4,1),
     (2957,'2022-10-17',1,1),
     (2957,'2022-10-17',2,1),
     (2957,'2022-10-17',3,1),
     (2957,'2022-10-17',4,1),
     (2957,'2022-10-18',1,3),
     (2957,'2022-10-18',2,1),
     (2957,'2022-10-18',3,1),
     (2957,'2022-10-18',4,1),
     (2957,'2022-10-19',1,1),
     (2957,'2022-10-19',2,2),
     (2957,'2022-10-19',3,1),
     (2957,'2022-10-19',4,1),
     (2957,'2022-10-20',1,2),
     (2957,'2022-10-20',2,3),
     (2957,'2022-10-20',3,2),
     (2957,'2022-10-20',4,1),
     (2957,'2022-10-21',1,2),
     (2957,'2022-10-21',2,1),
     (2957,'2022-10-21',3,2),
     (2957,'2022-10-21',4,2),
     (2957,'2022-10-22',1,1),
     (2957,'2022-10-22',2,2),
     (2957,'2022-10-22',3,1),
     (2957,'2022-10-22',4,1),
     (2957,'2022-10-23',1,1),
     (2957,'2022-10-23',2,1),
     (2957,'2022-10-23',3,2),
     (2957,'2022-10-23',4,2),
     (2958,'2022-9-12',1,1),
     (2958,'2022-9-12',2,1),
     (2958,'2022-9-12',3,1),
     (2958,'2022-9-12',4,1),
     (2958,'2022-9-13',1,1),
     (2958,'2022-9-13',2,1),
     (2958,'2022-9-13',3,1),
     (2958,'2022-9-13',4,1),
     (2958,'2022-9-14',1,1),
     (2958,'2022-9-14',2,1),
     (2958,'2022-9-14',3,1),
     (2958,'2022-9-14',4,1),
     (2958,'2022-9-15',1,1),
     (2958,'2022-9-15',2,1),
     (2958,'2022-9-15',3,1),
     (2958,'2022-9-15',4,1),
     (2958,'2022-9-16',1,1),
     (2958,'2022-9-16',2,1),
     (2958,'2022-9-16',3,1),
     (2958,'2022-9-19',1,1),
     (2958,'2022-9-19',2,1),
     (2958,'2022-9-19',3,1),
     (2958,'2022-9-19',4,1),
     (2958,'2022-9-20',1,1),
     (2958,'2022-9-20',2,1),
     (2958,'2022-9-20',3,1),
     (2958,'2022-9-20',4,1),
     (2958,'2022-9-21',1,1),
     (2958,'2022-9-21',2,1),
     (2958,'2022-9-21',3,1),
     (2958,'2022-9-21',4,1),
     (2958,'2022-9-22',1,1),
     (2958,'2022-9-22',2,1),
     (2958,'2022-9-22',3,1),
     (2958,'2022-9-22',4,1),
     (2958,'2022-9-23',1,1),
     (2958,'2022-9-23',2,1),
     (2958,'2022-9-23',3,1),
     (2958,'2022-9-23',4,1),
     (2958,'2022-9-24',1,1),
     (2958,'2022-9-24',2,1),
     (2958,'2022-9-24',3,1),
     (2958,'2022-9-24',4,1),
     (2958,'2022-9-25',1,1),
     (2958,'2022-9-25',2,1),
     (2958,'2022-9-25',3,1),
     (2958,'2022-9-25',4,1),
     (2958,'2022-9-26',1,1),
     (2958,'2022-9-26',2,1),
     (2958,'2022-9-26',3,1),
     (2958,'2022-9-26',4,1),
     (2958,'2022-9-27',1,1),
     (2958,'2022-9-27',2,1),
     (2958,'2022-9-27',3,1),
     (2958,'2022-9-27',4,1),
     (2958,'2022-9-28',1,1),
     (2958,'2022-9-28',2,1),
     (2958,'2022-9-28',3,1),
     (2958,'2022-9-28',4,1),
     (2958,'2022-9-29',1,1),
     (2958,'2022-9-29',2,1),
     (2958,'2022-9-29',3,1),
     (2958,'2022-9-29',4,1),
     (2958,'2022-9-30',1,1),
     (2958,'2022-9-30',2,1),
     (2958,'2022-9-30',3,1),
     (2958,'2022-9-30',4,1),
     (2958,'2022-10-1',1,1),
     (2958,'2022-10-1',2,1),
     (2958,'2022-10-1',3,1),
     (2958,'2022-10-1',4,1),
     (2958,'2022-10-2',1,1),
     (2958,'2022-10-2',2,1),
     (2958,'2022-10-2',3,1),
     (2958,'2022-10-2',4,1),
     (2958,'2022-10-3',1,1),
     (2958,'2022-10-3',2,1),
     (2958,'2022-10-3',3,1),
     (2958,'2022-10-3',4,1),
     (2958,'2022-10-4',1,1),
     (2958,'2022-10-4',2,1),
     (2958,'2022-10-4',3,1),
     (2958,'2022-10-4',4,1),
     (2958,'2022-10-5',1,1),
     (2958,'2022-10-5',2,1),
     (2958,'2022-10-5',3,1),
     (2958,'2022-10-5',4,1),
     (2958,'2022-10-6',1,1),
     (2958,'2022-10-6',2,1),
     (2958,'2022-10-6',3,1),
     (2958,'2022-10-6',4,1),
     (2958,'2022-10-7',1,1),
     (2958,'2022-10-7',2,1),
     (2958,'2022-10-7',3,1),
     (2958,'2022-10-10',1,1),
     (2958,'2022-10-10',2,1),
     (2958,'2022-10-10',3,1),
     (2958,'2022-10-10',4,1),
     (2958,'2022-10-11',1,1),
     (2958,'2022-10-11',2,1),
     (2958,'2022-10-11',3,1),
     (2958,'2022-10-11',4,1),
     (2958,'2022-10-12',1,1),
     (2958,'2022-10-12',2,1),
     (2958,'2022-10-12',3,1),
     (2958,'2022-10-12',4,1),
     (2958,'2022-10-13',1,1),
     (2958,'2022-10-13',2,1),
     (2958,'2022-10-13',3,1),
     (2958,'2022-10-13',4,1),
     (2958,'2022-10-14',1,1),
     (2958,'2022-10-14',2,1),
     (2958,'2022-10-14',3,1),
     (2958,'2022-10-14',4,1),
     (2958,'2022-10-15',1,1),
     (2958,'2022-10-15',2,1),
     (2958,'2022-10-15',3,1),
     (2958,'2022-10-15',4,1),
     (2958,'2022-10-16',1,1),
     (2958,'2022-10-16',2,1),
     (2958,'2022-10-16',3,1),
     (2958,'2022-10-16',4,1),
     (2958,'2022-10-17',1,1),
     (2958,'2022-10-17',2,1),
     (2958,'2022-10-17',3,1),
     (2958,'2022-10-17',4,1),
     (2958,'2022-10-18',1,1),
     (2958,'2022-10-19',2,1),
     (2958,'2022-10-19',3,1),
     (2958,'2022-10-20',4,1),
     (2958,'2022-10-21',1,1),
     (2958,'2022-10-21',2,1),
     (2958,'2022-10-21',3,1),
     (2958,'2022-10-21',4,1),
     (2958,'2022-10-22',1,1),
     (2958,'2022-10-22',2,1),
     (2958,'2022-10-22',3,1),
     (2958,'2022-10-22',4,1),
     (2958,'2022-10-23',1,1),
     (2958,'2022-10-23',2,1),
     (2958,'2022-10-23',3,1),
     (2958,'2022-10-23',4,1),
     (2959,'2022-9-12',1,2),
     (2959,'2022-9-12',2,1),
     (2959,'2022-9-12',3,2),
     (2959,'2022-9-12',4,2),
     (2959,'2022-9-13',1,1),
     (2959,'2022-9-13',2,2),
     (2959,'2022-9-13',3,2),
     (2959,'2022-9-13',4,1),
     (2959,'2022-9-14',1,2),
     (2959,'2022-9-14',2,1),
     (2959,'2022-9-14',3,2),
     (2959,'2022-9-14',4,2),
     (2959,'2022-9-15',1,1),
     (2959,'2022-9-15',2,2),
     (2959,'2022-9-15',3,2),
     (2959,'2022-9-15',4,2),
     (2959,'2022-9-16',1,1),
     (2959,'2022-9-16',2,1),
     (2959,'2022-9-16',3,1),
     (2959,'2022-9-16',4,2),
     (2959,'2022-9-17',1,2),
     (2959,'2022-9-17',2,1),
     (2959,'2022-9-17',3,2),
     (2959,'2022-9-17',4,1),
     (2959,'2022-9-18',1,2),
     (2959,'2022-9-18',2,1),
     (2959,'2022-9-18',3,1),
     (2959,'2022-9-18',4,2),
     (2959,'2022-9-19',1,1),
     (2959,'2022-9-19',2,1),
     (2959,'2022-9-19',3,1),
     (2959,'2022-9-19',4,1),
     (2959,'2022-9-20',1,1),
     (2959,'2022-9-20',2,1),
     (2959,'2022-9-20',3,1),
     (2959,'2022-9-20',4,1),
     (2959,'2022-9-21',1,1),
     (2959,'2022-9-21',2,1),
     (2959,'2022-9-21',3,1),
     (2959,'2022-9-21',4,1),
     (2959,'2022-9-22',1,1),
     (2959,'2022-9-22',2,1),
     (2959,'2022-9-22',3,1),
     (2959,'2022-9-22',4,1),
     (2959,'2022-9-23',1,1),
     (2959,'2022-9-23',2,1),
     (2959,'2022-9-23',3,1),
     (2959,'2022-9-23',4,1),
     (2959,'2022-9-24',1,1),
     (2959,'2022-9-24',2,1),
     (2959,'2022-9-24',3,1),
     (2959,'2022-9-24',4,1),
     (2959,'2022-9-25',1,1),
     (2959,'2022-9-25',2,1),
     (2959,'2022-9-25',3,1),
     (2959,'2022-9-25',4,1),
     (2959,'2022-9-26',1,1),
     (2959,'2022-9-26',2,1),
     (2959,'2022-9-26',3,1),
     (2959,'2022-9-26',4,2),
     (2959,'2022-9-27',1,1),
     (2959,'2022-9-27',2,1),
     (2959,'2022-9-27',3,1),
     (2959,'2022-9-27',4,1),
     (2959,'2022-9-28',1,1),
     (2959,'2022-9-28',2,1),
     (2959,'2022-9-28',3,1),
     (2959,'2022-9-28',4,1),
     (2959,'2022-9-29',1,1),
     (2959,'2022-9-29',2,1),
     (2959,'2022-9-29',3,1),
     (2959,'2022-9-29',4,1),
     (2959,'2022-9-30',1,1),
     (2959,'2022-9-30',2,2),
     (2959,'2022-9-30',3,2),
     (2959,'2022-9-30',4,1),
     (2959,'2022-10-1',1,1),
     (2959,'2022-10-1',2,1),
     (2959,'2022-10-1',3,1),
     (2959,'2022-10-1',4,1),
     (2959,'2022-10-2',1,1),
     (2959,'2022-10-2',2,1),
     (2959,'2022-10-2',3,1),
     (2959,'2022-10-2',4,1),
     (2959,'2022-10-3',1,2),
     (2959,'2022-10-3',2,1),
     (2959,'2022-10-3',3,2),
     (2959,'2022-10-3',4,1),
     (2959,'2022-10-4',1,1),
     (2959,'2022-10-4',2,2),
     (2959,'2022-10-4',3,2),
     (2959,'2022-10-4',4,2),
     (2959,'2022-10-5',1,1),
     (2959,'2022-10-5',2,1),
     (2959,'2022-10-5',3,1),
     (2959,'2022-10-5',4,2),
     (2959,'2022-10-6',1,2),
     (2959,'2022-10-6',2,1),
     (2959,'2022-10-6',3,1),
     (2959,'2022-10-6',4,1),
     (2959,'2022-10-7',1,1),
     (2959,'2022-10-7',2,1),
     (2959,'2022-10-7',3,1),
     (2959,'2022-10-7',4,1),
     (2959,'2022-10-8',1,1),
     (2959,'2022-10-8',2,1),
     (2959,'2022-10-8',3,2),
     (2959,'2022-10-8',4,2),
     (2959,'2022-10-9',1,2),
     (2959,'2022-10-9',2,1),
     (2959,'2022-10-9',3,1),
     (2959,'2022-10-9',4,1),
     (2959,'2022-10-10',1,1),
     (2959,'2022-10-10',2,1),
     (2959,'2022-10-10',3,1),
     (2959,'2022-10-10',4,1),
     (2959,'2022-10-11',1,2),
     (2959,'2022-10-11',2,1),
     (2959,'2022-10-11',3,1),
     (2959,'2022-10-11',4,1),
     (2959,'2022-10-12',1,1),
     (2959,'2022-10-12',2,1),
     (2959,'2022-10-12',3,1),
     (2959,'2022-10-12',4,1),
     (2959,'2022-10-13',1,1),
     (2959,'2022-10-13',2,2),
     (2959,'2022-10-13',3,2),
     (2959,'2022-10-13',4,1),
     (2959,'2022-10-14',1,2),
     (2959,'2022-10-14',2,2),
     (2959,'2022-10-14',3,1),
     (2959,'2022-10-14',4,1),
     (2959,'2022-10-15',1,1),
     (2959,'2022-10-15',2,2),
     (2959,'2022-10-15',3,1),
     (2959,'2022-10-15',4,2),
     (2959,'2022-10-16',1,1),
     (2959,'2022-10-16',2,2),
     (2959,'2022-10-16',3,1),
     (2959,'2022-10-16',4,1),
     (2959,'2022-10-17',1,1),
     (2959,'2022-10-17',2,1),
     (2959,'2022-10-17',3,1),
     (2959,'2022-10-17',4,1),
     (2959,'2022-10-18',1,1),
     (2959,'2022-10-18',2,1),
     (2959,'2022-10-18',3,1),
     (2959,'2022-10-18',4,1),
     (2959,'2022-10-19',1,1),
     (2959,'2022-10-19',2,1),
     (2959,'2022-10-19',3,1),
     (2959,'2022-10-19',4,1),
     (2959,'2022-10-20',1,1),
     (2959,'2022-10-20',2,1),
     (2959,'2022-10-20',3,1),
     (2959,'2022-10-20',4,1),
     (2959,'2022-10-21',1,1),
     (2959,'2022-10-21',2,2),
     (2959,'2022-10-21',3,1),
     (2959,'2022-10-21',4,1),
     (2959,'2022-10-22',1,1),
     (2959,'2022-10-22',2,1),
     (2959,'2022-10-22',3,1),
     (2959,'2022-10-22',4,1),
     (2959,'2022-10-23',1,1),
     (2959,'2022-10-23',2,1),
     (2959,'2022-10-23',3,1),
     (2959,'2022-10-23',4,1),
     (2960,'2022-9-12',1,2),
     (2960,'2022-9-12',2,1),
     (2960,'2022-9-12',3,1),
     (2960,'2022-9-12',4,2),
     (2960,'2022-9-13',1,1),
     (2960,'2022-9-13',2,1),
     (2960,'2022-9-13',3,1),
     (2960,'2022-9-13',4,1),
     (2960,'2022-9-14',1,1),
     (2960,'2022-9-14',2,2),
     (2960,'2022-9-14',3,1),
     (2960,'2022-9-14',4,1),
     (2960,'2022-9-15',1,1),
     (2960,'2022-9-15',2,1),
     (2960,'2022-9-15',3,1),
     (2960,'2022-9-15',4,1),
     (2960,'2022-9-16',1,1),
     (2960,'2022-9-16',2,1),
     (2960,'2022-9-16',3,1),
     (2960,'2022-9-17',3,1),
     (2960,'2022-9-17',4,1),
     (2960,'2022-9-18',1,1),
     (2960,'2022-9-18',2,1),
     (2960,'2022-9-18',3,1),
     (2960,'2022-9-18',4,1),
     (2960,'2022-9-19',1,1),
     (2960,'2022-9-19',2,1),
     (2960,'2022-9-19',3,1),
     (2960,'2022-9-19',4,1),
     (2960,'2022-9-20',1,2),
     (2960,'2022-9-20',2,1),
     (2960,'2022-9-20',3,1),
     (2960,'2022-9-20',4,1),
     (2960,'2022-9-21',1,1),
     (2960,'2022-9-21',2,2),
     (2960,'2022-9-21',3,1),
     (2960,'2022-9-21',4,1),
     (2960,'2022-9-22',1,2),
     (2960,'2022-9-22',2,2),
     (2960,'2022-9-22',3,1),
     (2960,'2022-9-22',4,1),
     (2960,'2022-9-23',1,1),
     (2960,'2022-9-23',2,1),
     (2960,'2022-9-23',3,1),
     (2960,'2022-9-23',4,1),
     (2960,'2022-9-24',1,1),
     (2960,'2022-9-24',2,1),
     (2960,'2022-9-24',3,1),
     (2960,'2022-9-24',4,1),
     (2960,'2022-9-25',1,1),
     (2960,'2022-9-25',2,1),
     (2960,'2022-9-25',3,1),
     (2960,'2022-9-25',4,1),
     (2960,'2022-9-26',1,1),
     (2960,'2022-9-26',2,1),
     (2960,'2022-9-26',3,1),
     (2960,'2022-9-26',4,2),
     (2960,'2022-9-27',1,1),
     (2960,'2022-9-27',2,1),
     (2960,'2022-9-27',3,1),
     (2960,'2022-9-27',4,1),
     (2960,'2022-9-28',1,1),
     (2960,'2022-9-28',2,1),
     (2960,'2022-9-28',3,2),
     (2960,'2022-9-28',4,1),
     (2960,'2022-9-29',1,1),
     (2960,'2022-9-29',2,1),
     (2960,'2022-9-29',3,1),
     (2960,'2022-9-29',4,2),
     (2960,'2022-9-30',1,1),
     (2960,'2022-9-30',2,2),
     (2960,'2022-9-30',3,2),
     (2960,'2022-9-30',4,1),
     (2960,'2022-10-1',1,1),
     (2960,'2022-10-1',2,1),
     (2960,'2022-10-1',3,1),
     (2960,'2022-10-1',4,1),
     (2960,'2022-10-2',1,1),
     (2960,'2022-10-2',2,1),
     (2960,'2022-10-2',3,1),
     (2960,'2022-10-2',4,2),
     (2960,'2022-10-3',1,1),
     (2960,'2022-10-3',2,1),
     (2960,'2022-10-3',3,1),
     (2960,'2022-10-3',4,1),
     (2960,'2022-10-4',1,1),
     (2960,'2022-10-4',2,1),
     (2960,'2022-10-4',3,1),
     (2960,'2022-10-4',4,1),
     (2960,'2022-10-5',1,1),
     (2960,'2022-10-5',2,1),
     (2960,'2022-10-5',3,1),
     (2960,'2022-10-5',4,1),
     (2960,'2022-10-6',1,1),
     (2960,'2022-10-6',2,1),
     (2960,'2022-10-6',3,1),
     (2960,'2022-10-6',4,1),
     (2960,'2022-10-7',1,1),
     (2960,'2022-10-7',2,1),
     (2960,'2022-10-7',3,1),
     (2960,'2022-10-7',4,1),
     (2960,'2022-10-8',1,1),
     (2960,'2022-10-8',2,1),
     (2960,'2022-10-8',3,1),
     (2960,'2022-10-8',4,1),
     (2960,'2022-10-9',1,1),
     (2960,'2022-10-9',2,1),
     (2960,'2022-10-9',3,1),
     (2960,'2022-10-9',4,1),
     (2960,'2022-10-17',1,1),
     (2960,'2022-10-17',2,1),
     (2960,'2022-10-17',3,1),
     (2960,'2022-10-17',4,1),
     (2960,'2022-10-18',1,1),
     (2960,'2022-10-18',2,1),
     (2960,'2022-10-18',3,1),
     (2960,'2022-10-18',4,1),
     (2960,'2022-10-19',1,1),
     (2960,'2022-10-19',2,1),
     (2960,'2022-10-19',3,1),
     (2960,'2022-10-19',4,1),
     (2960,'2022-10-20',1,1),
     (2960,'2022-10-20',2,1),
     (2960,'2022-10-20',3,1),
     (2960,'2022-10-20',4,1),
     (2960,'2022-10-21',1,1),
     (2960,'2022-10-21',2,1),
     (2960,'2022-10-21',3,1),
     (2960,'2022-10-21',4,1),
     (2960,'2022-10-22',1,1),
     (2960,'2022-10-22',2,1),
     (2960,'2022-10-22',3,1),
     (2960,'2022-10-22',4,1),
     (2960,'2022-10-23',1,1),
     (2960,'2022-10-23',2,1),
     (2960,'2022-10-23',3,1),
     (2960,'2022-10-23',4,1),
     (2961,'2022-9-12',1,1),
     (2961,'2022-9-12',2,1),
     (2961,'2022-9-12',3,2),
     (2961,'2022-9-12',4,2),
     (2961,'2022-9-13',1,2),
     (2961,'2022-9-13',2,2),
     (2961,'2022-9-13',3,2),
     (2961,'2022-9-13',4,1),
     (2961,'2022-9-14',1,2),
     (2961,'2022-9-14',2,2),
     (2961,'2022-9-14',3,1),
     (2961,'2022-9-14',4,1),
     (2961,'2022-9-15',1,2),
     (2961,'2022-9-15',2,2),
     (2961,'2022-9-15',3,2),
     (2961,'2022-9-15',4,1),
     (2961,'2022-9-16',1,2),
     (2961,'2022-9-16',2,2),
     (2961,'2022-9-16',3,1),
     (2961,'2022-9-16',4,1),
     (2961,'2022-9-17',1,1),
     (2961,'2022-9-17',2,1),
     (2961,'2022-9-17',3,1),
     (2961,'2022-9-17',4,1),
     (2961,'2022-9-18',1,1),
     (2961,'2022-9-18',2,1),
     (2961,'2022-9-18',3,1),
     (2961,'2022-9-18',4,1),
     (2961,'2022-9-19',1,1),
     (2961,'2022-9-19',2,1),
     (2961,'2022-9-19',3,1),
     (2961,'2022-9-19',4,1),
     (2961,'2022-9-23',2,1),
     (2961,'2022-9-23',3,1),
     (2961,'2022-9-23',4,1),
     (2961,'2022-9-24',1,1),
     (2961,'2022-9-24',2,1),
     (2961,'2022-9-24',3,1),
     (2961,'2022-9-24',4,1),
     (2961,'2022-9-25',1,1),
     (2961,'2022-9-25',2,1),
     (2961,'2022-9-25',3,1),
     (2961,'2022-9-25',4,1),
     (2961,'2022-9-26',1,1),
     (2961,'2022-9-26',2,1),
     (2961,'2022-9-26',3,1),
     (2961,'2022-9-26',4,1),
     (2961,'2022-9-27',1,1),
     (2961,'2022-9-27',2,1),
     (2961,'2022-9-27',3,1),
     (2961,'2022-9-27',4,1),
     (2961,'2022-9-28',1,2),
     (2961,'2022-9-28',2,1),
     (2961,'2022-9-28',3,1),
     (2961,'2022-9-28',4,1),
     (2961,'2022-9-29',1,2),
     (2961,'2022-9-29',2,1),
     (2961,'2022-9-29',3,1),
     (2961,'2022-9-29',4,1),
     (2961,'2022-9-30',1,1),
     (2961,'2022-9-30',2,1),
     (2961,'2022-9-30',3,2),
     (2961,'2022-9-30',4,1),
     (2961,'2022-10-1',1,1),
     (2961,'2022-10-1',2,1),
     (2961,'2022-10-1',3,1),
     (2961,'2022-10-1',4,1),
     (2961,'2022-10-2',1,1),
     (2961,'2022-10-2',2,1),
     (2961,'2022-10-2',3,1),
     (2961,'2022-10-2',4,2),
     (2961,'2022-10-3',1,1),
     (2961,'2022-10-3',2,1),
     (2961,'2022-10-3',3,1),
     (2961,'2022-10-3',4,1),
     (2961,'2022-10-4',1,1),
     (2961,'2022-10-4',2,1),
     (2961,'2022-10-4',3,1),
     (2961,'2022-10-4',4,1),
     (2961,'2022-10-5',1,1),
     (2961,'2022-10-5',2,1),
     (2961,'2022-10-5',3,1),
     (2961,'2022-10-5',4,1),
     (2961,'2022-10-6',1,1),
     (2961,'2022-10-6',2,1),
     (2961,'2022-10-6',3,1),
     (2961,'2022-10-6',4,1),
     (2961,'2022-10-7',1,1),
     (2961,'2022-10-7',2,1),
     (2961,'2022-10-7',3,1),
     (2961,'2022-10-7',4,1),
     (2961,'2022-10-8',1,1),
     (2961,'2022-10-8',2,1),
     (2961,'2022-10-8',3,1),
     (2961,'2022-10-8',4,1),
     (2961,'2022-10-9',1,1),
     (2961,'2022-10-9',2,1),
     (2961,'2022-10-9',3,1),
     (2961,'2022-10-9',4,1),
     (2961,'2022-10-10',1,2),
     (2961,'2022-10-10',2,2),
     (2961,'2022-10-10',3,1),
     (2961,'2022-10-10',4,1),
     (2961,'2022-10-11',1,1),
     (2961,'2022-10-11',2,1),
     (2961,'2022-10-11',3,1),
     (2961,'2022-10-11',4,1),
     (2961,'2022-10-12',1,1),
     (2961,'2022-10-12',2,1),
     (2961,'2022-10-12',3,1),
     (2961,'2022-10-12',4,1),
     (2961,'2022-10-13',1,1),
     (2961,'2022-10-13',2,1),
     (2961,'2022-10-13',3,1),
     (2961,'2022-10-13',4,1),
     (2961,'2022-10-14',1,1),
     (2961,'2022-10-14',2,1),
     (2961,'2022-10-14',3,1),
     (2961,'2022-10-14',4,2),
     (2961,'2022-10-15',1,2),
     (2961,'2022-10-15',2,1),
     (2961,'2022-10-15',3,1),
     (2961,'2022-10-15',4,2),
     (2961,'2022-10-16',1,2),
     (2961,'2022-10-16',2,1),
     (2961,'2022-10-16',3,2),
     (2961,'2022-10-16',4,1),
     (2961,'2022-10-17',1,1),
     (2961,'2022-10-17',2,1),
     (2961,'2022-10-17',3,1),
     (2961,'2022-10-17',4,1),
     (2961,'2022-10-18',1,1),
     (2961,'2022-10-18',2,1),
     (2961,'2022-10-18',3,1),
     (2961,'2022-10-18',4,1),
     (2961,'2022-10-19',1,1),
     (2961,'2022-10-19',2,1),
     (2961,'2022-10-19',3,1),
     (2961,'2022-10-19',4,1),
     (2961,'2022-10-20',1,1),
     (2961,'2022-10-20',2,1),
     (2961,'2022-10-20',3,1),
     (2961,'2022-10-20',4,1),
     (2961,'2022-10-21',1,1),
     (2961,'2022-10-21',2,1),
     (2961,'2022-10-21',3,1),
     (2961,'2022-10-21',4,1),
     (2961,'2022-10-22',1,1),
     (2961,'2022-10-22',2,1),
     (2961,'2022-10-22',3,1),
     (2961,'2022-10-22',4,1),
     (2961,'2022-10-23',1,1),
     (2961,'2022-10-23',2,1),
     (2961,'2022-10-23',3,1),
     (2961,'2022-10-23',4,1),
     (2962,'2022-9-12',1,1),
     (2962,'2022-9-12',2,1),
     (2962,'2022-9-12',3,2),
     (2962,'2022-9-12',4,1),
     (2962,'2022-9-13',1,2),
     (2962,'2022-9-13',2,2),
     (2962,'2022-9-13',3,1),
     (2962,'2022-9-13',4,1),
     (2962,'2022-9-14',1,1),
     (2962,'2022-9-14',2,1),
     (2962,'2022-9-14',3,1),
     (2962,'2022-9-14',4,1),
     (2962,'2022-9-15',1,1),
     (2962,'2022-9-15',2,2),
     (2962,'2022-9-15',3,1),
     (2962,'2022-9-15',4,1),
     (2962,'2022-9-16',1,1),
     (2962,'2022-9-16',2,1),
     (2962,'2022-9-16',3,1),
     (2962,'2022-9-16',4,1),
     (2962,'2022-9-17',1,1),
     (2962,'2022-9-17',2,1),
     (2962,'2022-9-17',3,1),
     (2962,'2022-9-17',4,2),
     (2962,'2022-9-18',1,1),
     (2962,'2022-9-18',2,2),
     (2962,'2022-9-18',3,1),
     (2962,'2022-9-18',4,1),
     (2962,'2022-9-19',1,2),
     (2962,'2022-9-19',2,1),
     (2962,'2022-9-19',3,2),
     (2962,'2022-9-19',4,1),
     (2962,'2022-9-20',1,2),
     (2962,'2022-9-20',2,2),
     (2962,'2022-9-20',3,2),
     (2962,'2022-9-20',4,1),
     (2962,'2022-9-21',1,1),
     (2962,'2022-9-21',2,1),
     (2962,'2022-9-21',3,1),
     (2962,'2022-9-21',4,1),
     (2962,'2022-9-22',1,1),
     (2962,'2022-9-22',2,2),
     (2962,'2022-9-22',3,1),
     (2962,'2022-9-22',4,1),
     (2962,'2022-9-23',1,1),
     (2962,'2022-9-23',2,1),
     (2962,'2022-9-23',3,1),
     (2962,'2022-9-23',4,1),
     (2962,'2022-9-24',1,1),
     (2962,'2022-9-24',2,1),
     (2962,'2022-9-24',3,2),
     (2962,'2022-9-24',4,2),
     (2962,'2022-9-25',1,2),
     (2962,'2022-9-25',2,2),
     (2962,'2022-9-25',3,1),
     (2962,'2022-9-25',4,1),
     (2962,'2022-9-26',1,1),
     (2962,'2022-9-26',2,1),
     (2962,'2022-9-26',3,1),
     (2962,'2022-9-26',4,1),
     (2962,'2022-9-27',1,1),
     (2962,'2022-9-27',2,1),
     (2962,'2022-9-27',3,1),
     (2962,'2022-9-27',4,1),
     (2962,'2022-9-28',1,1),
     (2962,'2022-9-28',2,1),
     (2962,'2022-9-28',3,1),
     (2962,'2022-9-28',4,1),
     (2962,'2022-9-29',1,1),
     (2962,'2022-9-29',2,1),
     (2962,'2022-9-29',3,1),
     (2962,'2022-9-29',4,1),
     (2962,'2022-9-30',1,1),
     (2962,'2022-9-30',2,1),
     (2962,'2022-9-30',3,1),
     (2962,'2022-9-30',4,1),
     (2962,'2022-10-1',1,1),
     (2962,'2022-10-1',2,1),
     (2962,'2022-10-1',3,1),
     (2962,'2022-10-1',4,1),
     (2962,'2022-10-2',1,1),
     (2962,'2022-10-2',2,1),
     (2962,'2022-10-2',3,1),
     (2962,'2022-10-2',4,1),
     (2962,'2022-10-3',1,1),
     (2962,'2022-10-3',2,2),
     (2962,'2022-10-3',3,2),
     (2962,'2022-10-3',4,1),
     (2962,'2022-10-4',1,1),
     (2962,'2022-10-4',2,2),
     (2962,'2022-10-4',3,1),
     (2962,'2022-10-4',4,1),
     (2962,'2022-10-5',1,1),
     (2962,'2022-10-5',2,1),
     (2962,'2022-10-5',3,1),
     (2962,'2022-10-5',4,1),
     (2962,'2022-10-6',1,1),
     (2962,'2022-10-6',2,1),
     (2962,'2022-10-6',3,1),
     (2962,'2022-10-6',4,1),
     (2962,'2022-10-7',1,1),
     (2962,'2022-10-7',2,1),
     (2962,'2022-10-7',3,1),
     (2962,'2022-10-7',4,1),
     (2962,'2022-10-8',1,1),
     (2962,'2022-10-8',2,1),
     (2962,'2022-10-8',3,1),
     (2962,'2022-10-8',4,2),
     (2962,'2022-10-9',1,1),
     (2962,'2022-10-9',2,1),
     (2962,'2022-10-9',3,1),
     (2962,'2022-10-9',4,2),
     (2962,'2022-10-10',1,1),
     (2962,'2022-10-10',2,1),
     (2962,'2022-10-10',3,1),
     (2962,'2022-10-10',4,1),
     (2962,'2022-10-11',1,1),
     (2962,'2022-10-11',2,2),
     (2962,'2022-10-11',3,2),
     (2962,'2022-10-11',4,1),
     (2962,'2022-10-12',1,1),
     (2962,'2022-10-12',2,1),
     (2962,'2022-10-12',3,2),
     (2962,'2022-10-12',4,2),
     (2962,'2022-10-13',1,1),
     (2962,'2022-10-13',2,1),
     (2962,'2022-10-13',3,1),
     (2962,'2022-10-13',4,2),
     (2962,'2022-10-14',1,1),
     (2962,'2022-10-14',2,1),
     (2962,'2022-10-14',3,1),
     (2962,'2022-10-14',4,2),
     (2962,'2022-10-15',1,2),
     (2962,'2022-10-15',2,1),
     (2962,'2022-10-15',3,2),
     (2962,'2022-10-15',4,1),
     (2962,'2022-10-16',1,2),
     (2962,'2022-10-16',2,1),
     (2962,'2022-10-16',3,1),
     (2962,'2022-10-16',4,2),
     (2962,'2022-10-17',1,1),
     (2962,'2022-10-17',2,1),
     (2962,'2022-10-17',3,2),
     (2962,'2022-10-17',4,1),
     (2962,'2022-10-18',1,1),
     (2962,'2022-10-18',2,1),
     (2962,'2022-10-18',3,1),
     (2962,'2022-10-18',4,1),
     (2962,'2022-10-19',1,1),
     (2962,'2022-10-19',2,1),
     (2962,'2022-10-19',3,1);
insert into garde(gCis,gDate,gTranche,gNbPompiers) values
     (2962,'2022-10-19',4,1),
     (2962,'2022-10-20',1,1),
     (2962,'2022-10-20',2,1),
     (2962,'2022-10-20',3,1),
     (2962,'2022-10-20',4,1),
     (2962,'2022-10-21',1,1),
     (2962,'2022-10-21',2,2),
     (2962,'2022-10-21',3,1),
     (2962,'2022-10-21',4,1),
     (2962,'2022-10-22',1,1),
     (2962,'2022-10-22',2,1),
     (2962,'2022-10-22',3,1),
     (2962,'2022-10-22',4,1),
     (2962,'2022-10-23',1,1),
     (2962,'2022-10-23',2,1),
     (2962,'2022-10-23',3,1),
     (2962,'2022-10-23',4,1),
     (2963,'2022-9-12',1,1),
     (2963,'2022-9-12',2,1),
     (2963,'2022-9-12',3,1),
     (2963,'2022-9-12',4,1),
     (2963,'2022-9-13',1,1),
     (2963,'2022-9-13',2,2),
     (2963,'2022-9-13',3,1),
     (2963,'2022-9-13',4,1),
     (2963,'2022-9-14',1,2),
     (2963,'2022-9-14',2,1),
     (2963,'2022-9-14',3,1),
     (2963,'2022-9-14',4,1),
     (2963,'2022-9-15',1,2),
     (2963,'2022-9-15',2,1),
     (2963,'2022-9-15',3,1),
     (2963,'2022-9-15',4,1),
     (2963,'2022-9-16',1,1),
     (2963,'2022-9-16',2,1),
     (2963,'2022-9-16',3,1),
     (2963,'2022-9-16',4,1),
     (2963,'2022-9-17',1,1),
     (2963,'2022-9-17',2,1),
     (2963,'2022-9-17',3,1),
     (2963,'2022-9-17',4,1),
     (2963,'2022-9-18',1,1),
     (2963,'2022-9-18',2,1),
     (2963,'2022-9-18',3,1),
     (2963,'2022-9-18',4,1),
     (2963,'2022-9-19',1,1),
     (2963,'2022-9-19',2,1),
     (2963,'2022-9-19',3,2),
     (2963,'2022-9-19',4,2),
     (2963,'2022-9-20',1,1),
     (2963,'2022-9-20',2,1),
     (2963,'2022-9-20',3,1),
     (2963,'2022-9-21',2,1),
     (2963,'2022-9-21',3,1),
     (2963,'2022-9-22',2,1),
     (2963,'2022-9-22',3,1),
     (2963,'2022-9-22',4,1),
     (2963,'2022-9-23',1,1),
     (2963,'2022-9-23',2,1),
     (2963,'2022-9-23',3,1),
     (2963,'2022-9-23',4,1),
     (2963,'2022-9-24',1,1),
     (2963,'2022-9-24',2,1),
     (2963,'2022-9-24',3,1),
     (2963,'2022-9-24',4,1),
     (2963,'2022-9-25',1,1),
     (2963,'2022-9-25',2,1),
     (2963,'2022-9-25',3,1),
     (2963,'2022-9-25',4,1),
     (2963,'2022-9-26',1,2),
     (2963,'2022-9-26',2,1),
     (2963,'2022-9-26',3,1),
     (2963,'2022-9-26',4,2),
     (2963,'2022-9-27',1,1),
     (2963,'2022-9-27',2,1),
     (2963,'2022-9-27',3,1),
     (2963,'2022-9-27',4,1),
     (2963,'2022-9-28',1,1),
     (2963,'2022-9-28',2,1),
     (2963,'2022-9-28',3,1),
     (2963,'2022-9-28',4,1),
     (2963,'2022-9-29',1,1),
     (2963,'2022-9-29',2,1),
     (2963,'2022-9-29',3,1),
     (2963,'2022-9-29',4,2),
     (2963,'2022-9-30',1,1),
     (2963,'2022-9-30',2,1),
     (2963,'2022-9-30',3,1),
     (2963,'2022-9-30',4,2),
     (2963,'2022-10-1',1,2),
     (2963,'2022-10-1',2,1),
     (2963,'2022-10-1',3,1),
     (2963,'2022-10-1',4,1),
     (2963,'2022-10-2',1,2),
     (2963,'2022-10-2',2,1),
     (2963,'2022-10-2',3,1),
     (2963,'2022-10-2',4,1),
     (2963,'2022-10-3',1,1),
     (2963,'2022-10-3',2,1),
     (2963,'2022-10-3',3,2),
     (2963,'2022-10-3',4,1),
     (2963,'2022-10-4',1,1),
     (2963,'2022-10-4',2,2),
     (2963,'2022-10-4',3,1),
     (2963,'2022-10-4',4,2),
     (2963,'2022-10-5',1,1),
     (2963,'2022-10-5',2,1),
     (2963,'2022-10-5',3,2),
     (2963,'2022-10-5',4,2),
     (2963,'2022-10-6',1,2),
     (2963,'2022-10-6',2,1),
     (2963,'2022-10-6',3,1),
     (2963,'2022-10-6',4,2),
     (2963,'2022-10-7',1,1),
     (2963,'2022-10-7',2,1),
     (2963,'2022-10-7',3,1),
     (2963,'2022-10-7',4,1),
     (2963,'2022-10-8',1,2),
     (2963,'2022-10-8',2,1),
     (2963,'2022-10-8',3,1),
     (2963,'2022-10-8',4,2),
     (2963,'2022-10-9',1,2),
     (2963,'2022-10-9',2,1),
     (2963,'2022-10-9',3,1),
     (2963,'2022-10-9',4,2),
     (2963,'2022-10-10',1,1),
     (2963,'2022-10-10',2,1),
     (2963,'2022-10-10',3,1),
     (2963,'2022-10-10',4,1),
     (2963,'2022-10-11',1,1),
     (2963,'2022-10-11',2,1),
     (2963,'2022-10-11',3,1),
     (2963,'2022-10-11',4,1),
     (2963,'2022-10-12',1,2),
     (2963,'2022-10-12',2,1),
     (2963,'2022-10-12',3,1),
     (2963,'2022-10-12',4,1),
     (2963,'2022-10-13',1,1),
     (2963,'2022-10-13',2,2),
     (2963,'2022-10-13',3,2),
     (2963,'2022-10-13',4,1),
     (2963,'2022-10-14',1,1),
     (2963,'2022-10-14',2,1),
     (2963,'2022-10-14',3,1),
     (2963,'2022-10-14',4,2),
     (2963,'2022-10-15',1,1),
     (2963,'2022-10-15',2,1),
     (2963,'2022-10-15',3,1),
     (2963,'2022-10-15',4,1),
     (2963,'2022-10-16',1,1),
     (2963,'2022-10-16',2,1),
     (2963,'2022-10-16',3,1),
     (2963,'2022-10-16',4,2),
     (2963,'2022-10-17',1,1),
     (2963,'2022-10-17',2,1),
     (2963,'2022-10-17',3,1),
     (2963,'2022-10-17',4,1),
     (2963,'2022-10-18',1,2),
     (2963,'2022-10-18',2,1),
     (2963,'2022-10-18',3,1),
     (2963,'2022-10-18',4,1),
     (2963,'2022-10-19',1,1),
     (2963,'2022-10-19',2,1),
     (2963,'2022-10-19',3,1),
     (2963,'2022-10-19',4,1),
     (2963,'2022-10-20',1,1),
     (2963,'2022-10-20',2,2),
     (2963,'2022-10-20',3,2),
     (2963,'2022-10-20',4,1),
     (2963,'2022-10-21',1,2),
     (2963,'2022-10-21',2,2),
     (2963,'2022-10-21',3,1),
     (2963,'2022-10-21',4,1),
     (2963,'2022-10-22',1,1),
     (2963,'2022-10-22',2,1),
     (2963,'2022-10-22',3,1),
     (2963,'2022-10-22',4,1),
     (2963,'2022-10-23',1,1),
     (2963,'2022-10-23',2,1),
     (2963,'2022-10-23',3,1),
     (2963,'2022-10-23',4,1),
     (2964,'2022-9-12',1,2),
     (2964,'2022-9-12',2,2),
     (2964,'2022-9-12',3,1),
     (2964,'2022-9-12',4,1),
     (2964,'2022-9-13',1,1),
     (2964,'2022-9-13',2,1),
     (2964,'2022-9-13',3,1),
     (2964,'2022-9-13',4,1),
     (2964,'2022-9-14',1,1),
     (2964,'2022-9-14',2,1),
     (2964,'2022-9-14',3,2),
     (2964,'2022-9-14',4,1),
     (2964,'2022-9-15',1,1),
     (2964,'2022-9-15',2,1),
     (2964,'2022-9-15',3,1),
     (2964,'2022-9-15',4,2),
     (2964,'2022-9-16',1,2),
     (2964,'2022-9-16',2,1),
     (2964,'2022-9-16',3,1),
     (2964,'2022-9-16',4,2),
     (2964,'2022-9-17',1,1),
     (2964,'2022-9-17',2,1),
     (2964,'2022-9-17',3,1),
     (2964,'2022-9-17',4,1),
     (2964,'2022-9-18',1,1),
     (2964,'2022-9-18',2,1),
     (2964,'2022-9-18',3,2),
     (2964,'2022-9-18',4,2),
     (2964,'2022-9-19',1,1),
     (2964,'2022-9-19',2,1),
     (2964,'2022-9-19',3,1),
     (2964,'2022-9-19',4,1),
     (2964,'2022-9-20',1,1),
     (2964,'2022-9-20',2,1),
     (2964,'2022-9-20',3,1),
     (2964,'2022-9-20',4,1),
     (2964,'2022-9-21',1,1),
     (2964,'2022-9-21',2,1),
     (2964,'2022-9-21',3,1),
     (2964,'2022-9-21',4,1),
     (2964,'2022-9-22',1,1),
     (2964,'2022-9-22',2,1),
     (2964,'2022-9-22',3,1),
     (2964,'2022-9-22',4,1),
     (2964,'2022-9-23',1,1),
     (2964,'2022-9-23',2,1),
     (2964,'2022-9-23',3,1),
     (2964,'2022-9-23',4,1),
     (2964,'2022-9-24',1,1),
     (2964,'2022-9-24',2,1),
     (2964,'2022-9-24',3,1),
     (2964,'2022-9-24',4,1),
     (2964,'2022-9-25',1,1),
     (2964,'2022-9-25',2,1),
     (2964,'2022-9-25',3,1),
     (2964,'2022-9-25',4,1),
     (2964,'2022-9-26',1,1),
     (2964,'2022-9-26',2,1),
     (2964,'2022-9-26',3,1),
     (2964,'2022-9-26',4,1),
     (2964,'2022-9-27',1,1),
     (2964,'2022-9-27',2,1),
     (2964,'2022-9-27',3,1),
     (2964,'2022-9-27',4,1),
     (2964,'2022-9-28',1,1),
     (2964,'2022-9-28',2,2),
     (2964,'2022-9-28',3,1),
     (2964,'2022-9-28',4,1),
     (2964,'2022-9-29',1,1),
     (2964,'2022-9-29',2,1),
     (2964,'2022-9-29',3,1),
     (2964,'2022-9-29',4,1),
     (2964,'2022-9-30',1,2),
     (2964,'2022-9-30',2,1),
     (2964,'2022-9-30',3,2),
     (2964,'2022-9-30',4,2),
     (2964,'2022-10-1',1,1),
     (2964,'2022-10-1',2,2),
     (2964,'2022-10-1',3,1),
     (2964,'2022-10-1',4,1),
     (2964,'2022-10-2',1,1),
     (2964,'2022-10-2',2,1),
     (2964,'2022-10-2',3,2),
     (2964,'2022-10-2',4,2),
     (2964,'2022-10-3',1,1),
     (2964,'2022-10-3',2,1),
     (2964,'2022-10-3',3,2),
     (2964,'2022-10-3',4,2),
     (2964,'2022-10-4',1,1),
     (2964,'2022-10-4',2,1),
     (2964,'2022-10-4',3,1),
     (2964,'2022-10-6',2,1),
     (2964,'2022-10-6',3,1),
     (2964,'2022-10-6',4,1),
     (2964,'2022-10-7',1,1),
     (2964,'2022-10-7',2,1),
     (2964,'2022-10-7',3,1),
     (2964,'2022-10-7',4,1),
     (2964,'2022-10-8',1,1),
     (2964,'2022-10-8',2,1),
     (2964,'2022-10-8',3,1),
     (2964,'2022-10-8',4,1),
     (2964,'2022-10-9',1,1),
     (2964,'2022-10-9',2,1),
     (2964,'2022-10-9',3,1),
     (2964,'2022-10-9',4,1),
     (2964,'2022-10-10',1,1),
     (2964,'2022-10-10',2,1),
     (2964,'2022-10-10',3,2),
     (2964,'2022-10-10',4,1),
     (2964,'2022-10-11',1,1),
     (2964,'2022-10-11',2,1),
     (2964,'2022-10-11',3,1),
     (2964,'2022-10-11',4,1),
     (2964,'2022-10-12',1,1),
     (2964,'2022-10-12',2,1),
     (2964,'2022-10-12',3,1),
     (2964,'2022-10-12',4,1),
     (2964,'2022-10-13',1,1),
     (2964,'2022-10-13',2,1),
     (2964,'2022-10-13',3,1),
     (2964,'2022-10-13',4,1),
     (2964,'2022-10-14',1,2),
     (2964,'2022-10-14',2,1),
     (2964,'2022-10-14',3,1),
     (2964,'2022-10-14',4,1),
     (2964,'2022-10-15',1,1),
     (2964,'2022-10-15',2,1),
     (2964,'2022-10-15',3,1),
     (2964,'2022-10-15',4,1),
     (2964,'2022-10-16',1,1),
     (2964,'2022-10-16',2,1),
     (2964,'2022-10-16',3,1),
     (2964,'2022-10-16',4,1),
     (2964,'2022-10-17',1,1),
     (2964,'2022-10-17',2,1),
     (2964,'2022-10-17',3,1),
     (2964,'2022-10-17',4,1),
     (2964,'2022-10-18',1,1),
     (2964,'2022-10-18',2,1),
     (2964,'2022-10-18',3,1),
     (2964,'2022-10-18',4,2),
     (2964,'2022-10-19',1,1),
     (2964,'2022-10-19',2,1),
     (2964,'2022-10-19',3,2),
     (2964,'2022-10-19',4,1),
     (2964,'2022-10-20',1,1),
     (2964,'2022-10-20',2,1),
     (2964,'2022-10-20',3,1),
     (2964,'2022-10-20',4,1),
     (2964,'2022-10-21',1,1),
     (2964,'2022-10-21',2,1),
     (2964,'2022-10-21',3,1),
     (2964,'2022-10-21',4,1),
     (2964,'2022-10-22',1,1),
     (2964,'2022-10-22',2,1),
     (2964,'2022-10-22',3,1),
     (2964,'2022-10-22',4,2),
     (2964,'2022-10-23',1,1),
     (2964,'2022-10-23',2,1),
     (2964,'2022-10-23',3,1),
     (2964,'2022-10-23',4,1);
-- ----------------------------------------------------------------------------------------------
-- ----------------------------------------------------------------------------------------------
-- ----------------------------------------------------------------------------------------------
-- ----------------------------------------------------------------------------------------------
-- ----------------------------------------------------------------------------------------------
-- ----------------------------------------------------------------------------------------------
-- ----------------------------------------------------------------------------------------------
-- ----------------------------------------------------------------------------------------------
-- ----------------------------------------------------------------------------------------------
-- ----------------------------------------------------------------------------------------------
-- ----------------------------------------------------------------------------------------------
-- ----------------------------------------------------------------------------------------------
-- ----------------------------------------------------------------------------------------------
-- ----------------------------------------------------------------------------------------------
-- ----------------------------------------------------------------------------------------------
insert into parametre(pType,pIndice,pLibelle,pValeur,pPlancher,pPlafond) values
     ('cateInt',1,'Accidents de circulation',null,null,null),
     ('cateInt',2,'Secours aux victimes',null,null,null),
     ('cateInt',3,'Aides aux personnes',null,null,null),
     ('cateInt',4,'Incendies',null,null,null),
     ('cateInt',5,'Risques Technologiques',null,null,null),
     ('cateInt',6,'Opérations diverses',null,null,null),
     ('dispo',0,'Indisponible','gray',null,null),
     ('dispo',1,'Disponible','white',null,null),
     ('dispo',2,'Au travail','yellow',null,null),
     ('dispo',3,'Garde','lime',null,null),
     ('grade',0,'Sapeur',null,null,null),
     ('grade',1,'Adjudant',null,null,null),
     ('grade',2,'Adjudant-Chef',null,null,null),
     ('grade',3,'Capitaine',null,null,null),
     ('grade',4,'Caporal',null,null,null),
     ('grade',5,'Caporal-Chef',null,null,null),
     ('grade',6,'Commandant',null,null,null),
     ('grade',7,'Lieutenant',null,null,null),
     ('grade',8,'Lieutenant-Colonel',null,null,null),
     ('grade',9,'Major',null,null,null),
     ('grade',10,'Sergent',null,null,null),
     ('grade',11,'Sergent-chef',null,null,null),
     ('sexe',0,'Femme',null,null,null),
     ('sexe',1,'Homme',null,null,null),
     ('sitFami',0,'valeur à déterminer …',null,null,null),
     ('sitFami',1,'Célibataire',null,null,null),
     ('sitFami',2,'Divorcé',null,null,null),
     ('sitFami',3,'Isolé après vie maritale',null,null,null),
     ('sitFami',4,'Marié',null,null,null),
     ('sitFami',5,'Pacsé',null,null,null),
     ('sitFami',6,'Séparé',null,null,null),
     ('sitFami',7,'Veuf',null,null,null),
     ('sitFami',8,'Vie maritale',null,null,null),
     ('statAgt',1,'pompier',null,null,null),
     ('statAgt',2,'chef de centre',null,null,null),
     ('statAgt',3,'responsable des alertes',null,null,null),
     ('statAgt',4,'gestionnaire',null,null,null),
     ('tranche',1,'nuit :  0h/6h',null,0,6),
     ('tranche',2,'matin :  6h/12 h',null,6,12),
     ('tranche',3,'après-midi : 12h/18h',null,12,18),
     ('tranche',4,'soirée : 18h/24h',null,18,24),
     ('typeInt',101,'Accidents routiers','291947',2,4),
     ('typeInt',102,'Accidents de navigation','1058',2.5,3),
     ('typeInt',103,'Accidents ferroviaires','540',3,5),
     ('typeInt',104,'Accidents aériens','283',3,5),
     ('typeInt',105,'Accidents de téléportage','126',2.5,2),
     ('typeInt',201,'Malaises ou maladies  à domicile -urgence vitale','1058857',1.5,3),
     ('typeInt',202,'Malaises sur voie, lieux publics ou assimilés','609898',1.5,3),
     ('typeInt',203,'Malaises ou maladies  à domicile-situation de carences','427322',1.5,3),
     ('typeInt',204,'Accidents à domicile','402234',1,3),
     ('typeInt',205,'Accidents sur voie, lieux publics ou assimilés','392594',1,3),
     ('typeInt',206,'Malaises ou maladies sur lieu de travail','80267',1.5,3),
     ('typeInt',207,'Autolyses','74018',1,3),
     ('typeInt',208,'Accident sur lieu de travail','71521',1.5,3),
     ('typeInt',209,'Intoxications','56883',1.5,3),
     ('typeInt',210,'Accidents lié à une activité sportive','47234',1,3),
     ('typeInt',211,'Malaises liés à une activité sportive','8174',1.5,3),
     ('typeInt',212,'Secours en eaux intérieures ou piscines','3308',1,3),
     ('typeInt',213,'Secours en mer','1616',3,3),
     ('typeInt',214,'Secours en montagne','2996',3,3),
     ('typeInt',215,'Autres secours à victime','292603',1.5,3),
     ('typeInt',301,'Relevage de personnes','240572',1,2),
     ('typeInt',302,'Recherche de personnes','31802',2,4),
     ('typeInt',401,'Feux d''habitations','71016',2.5,5),
     ('typeInt',402,'Feux de végétations','66836',3,6),
     ('typeInt',403,'Feux sur voie publique','57000',2.5,5),
     ('typeInt',404,'Feux de véhicules','56191',2.5,5),
     ('typeInt',405,'Feux de locaux et entrepôts industriels','4836',2.5,5),
     ('typeInt',406,'Feux de locaux agricoles','2591',2.5,5),
     ('typeInt',407,'Feux d''ER sans locaux de sommeil','4757',2.5,5),
     ('typeInt',408,'Feux d''ER avec locaux de sommeil','2484',2.5,5),
     ('typeInt',409,'Feux de locaux artisanaux','934',2.5,5),
     ('typeInt',410,'Autres feux','49134',2.5,5),
     ('typeInt',501,'Fuites-Odeurs de gaz','34191',2.2,4),
     ('typeInt',502,'Autres odeurs que gaz','13734',2.2,4),
     ('typeInt',503,'Faits dus à l''électricité','8225',2.2,4),
     ('typeInt',504,'Pollutions-Contaminations','3219',1.76,5),
     ('typeInt',505,'Autres risques technologiques','1473',1.76,5),
     ('typeInt',601,'Fausses alertes','36713',1,2),
     ('typeInt',602,'Ouvertures de portes','46257',1,2),
     ('typeInt',603,'Faits d''animaux','40428',1,2),
     ('typeInt',604,'Fuites d''eau','33086',1,2),
     ('typeInt',605,'Inondations','28778',2,4),
     ('typeInt',606,'Dégagements de voie publique','26867',2,4),
     ('typeInt',607,'Hyménoptères','26199',1.5,2),
     ('typeInt',608,'Déposes d''objets','13644',1,2),
     ('typeInt',609,'Piquets de sécurité-Surveillances','8262',2,4),
     ('typeInt',610,'Recherches/Récupération d''objets','2779',1,2),
     ('typeInt',611,'Nettoyage de voie publique','2169',1,4),
     ('typeInt',612,'Eboulements','1467',3,4),
     ('typeInt',613,'Engins explosifs','819',3,2),
     ('typeInt',614,'Bruits suspects','665',1,2),
     ('typeInt',615,'Autres opérations diverses','76100',2.5,2),
     ('typePer',1,'pompier professionnel',null,null,null),
     ('typePer',2,'pompier volontaire',null,null,null),
     ('typePer',3,'personnel médical',null,null,null),
     ('typePer',4,'personnel administratif',null,null,null);
-- ----------------------------------------------------------------------------------------------
insert into typeParametre(tpId,tpLibelle,tpBooleen,tpChoixMultiple) values
     ('cateInt','Categorie d''intervention',0,0),
     ('dispo','type de disponibilité',0,0),
     ('grade','Grade de l''agent',0,0),
     ('sexe','Genre',1,1),
     ('sitFami','situation de famille',0,1),
     ('statAgt','Statut de l''agent',0,1),
     ('tranche','Tranche horaire',0,0),
     ('typeInt','Type d''intervention',0,0),
     ('typePer','Type de personnel',0,0);
alter table activite add foreign key (aCis,aDateGarde,aTranche) references garde(gCis,gDate,gTranche) on update cascade;
alter table equipe add foreign key (eCis,eIntervention) references intervention(iCis,iId);
alter table activite add foreign key (aCis,aPompier) references pompier(pCis,pId);
alter table equipe add foreign key (eCis,ePompier) references pompier(pCis,pId);
alter table parametre add foreign key (pType) references typeParametre(tpId);
commit;
