insert into medicament(mDepotLegal,mNomCommercial,mComposition,mEffets,mContreIndications,mPrix,mFamille) values
     ('LITHOR12','LITHORINE','Lithium','Ce médicament est indiqué dans la prévention des psychoses maniaco-dépressives ou pour traiter les états maniaques.','Ce médicament ne doit pas être utilisé si vous êtes allergique au lithium. Avant de prendre ce traitement, signalez à  votre médecin traitant si vous souffrez d''insuffisance rénale, ou si vous avez un régime sans sel.',null,'AP'),
     ('PARMOL16','PARMOCODEINE','Codéine + Paracétamol','Ce médicament est utilisé pour le traitement des douleurs lorsque des antalgiques simples ne sont pas assez efficaces.','Ce médicament est contre-indiqué en cas d''allergie à  l''un des constituants, chez l''enfant de moins de 15 Kg, en cas d''insuffisance hépatique ou respiratoire, d''asthme, de phénylcétonurie et chez la femme qui allaite.',null,'AA'),
     ('PHYSOI8','PHYSICOR','Sulbutiamine','Ce médicament est utilisé pour traiter les baisses d''activité physique ou psychique, souvent dans un contexte de dépression.','Ce médicament est contre-indiqué en cas d''allergie à  l''un des constituants.',null,'PSA'),
     ('PIRIZ8','PIRIZAN','Pyrazinamide','Ce médicament est utilisé, en association à  d''autres antibiotiques, pour traiter la tuberculose.','Ce médicament est contre-indiqué en cas d''allergie à  l''un des constituants, d''insuffisance rénale ou hépatique, d''hyperuricémie ou de porphyrie.',null,'ABA'),
     ('POMDI20','POMADINE','Bacitracine','Ce médicament est utilisé pour traiter les infections oculaires de la surface de l''oeil.','Ce médicament est contre-indiqué en cas d''allergie aux antibiotiques appliqués localement.',null,'AO'),
     ('TROXT21','TROXADET','Paroxétine','Ce médicament est utilisé pour traiter la dépression et les troubles obsessionnels compulsifs. Il peut également être utilisé en prévention des crises de panique avec ou sans agoraphobie.','Ce médicament est contre-indiqué en cas d''allergie au produit.',null,'AIN'),
     ('3MYC7','TRIMYCINE','Triamcinolone (acétonide) + Néomycine + Nystatine','Ce médicament est un corticoïde à  activité forte ou très forte associé à  un antibiotique et un antifongique, utilisé en application locale dans certaines atteintes cutanées surinfectées.','Ce médicament est contre-indiqué en cas d''allergie à  l''un des constituants, d''infections de la peau ou de parasitisme non traités, d''acné. Ne pas appliquer sur une plaie, ni sous un pansement occlusif.',null,'CRT'),
     ('ADIMOL9','ADIMOL','Amoxicilline + Acide clavulanique','Ce médicament, plus puissant que les pénicillines simples, est utilisé pour traiter des infections bactériennes spécifiques.','Ce médicament est contre-indiqué en cas d''allergie aux pénicillines ou aux céphalosporines.',null,'ABP'),
     ('AMOPIL7','AMOPIL','Amoxicilline','Ce médicament, plus puissant que les pénicillines simples, est utilisé pour traiter des infections bactériennes spécifiques.','Ce médicament est contre-indiqué en cas d''allergie aux pénicillines. Il doit être administré avec prudence en cas d''allergie aux céphalosporines.',null,'ABP'),
     ('AMOX45','AMOXAR','Amoxicilline','Ce médicament, plus puissant que les pénicillines simples, est utilisé pour traiter des infections bactériennes spécifiques.','La prise de ce médicament peut rendre positifs les tests de dépistage du dopage.',null,'ABP'),
     ('AMOXIG12','AMOXI Gé','Amoxicilline','Ce médicament, plus puissant que les pénicillines simples, est utilisé pour traiter des infections bactériennes spécifiques.','Ce médicament est contre-indiqué en cas d''allergie aux pénicillines. Il doit être administré avec prudence en cas d''allergie aux céphalosporines.',null,'ABP'),
     ('APATOUX22','APATOUX Vitamine C','Tyrothricine + Tétracaïne + Acide ascorbique (Vitamine C)','Ce médicament est utilisé pour traiter les affections de la bouche et de la gorge.','Ce médicament est contre-indiqué en cas d''allergie à  l''un des constituants, en cas de phénylcétonurie et chez l''enfant de moins de 6 ans.',null,'ALO'),
     ('BACTIG10','BACTIGEL','Erythromycine','Ce médicament est utilisé en application locale pour traiter l''acné et les infections cutanées bactériennes associées.','Ce médicament est contre-indiqué en cas d''allergie aux antibiotiques de la famille des macrolides ou des lincosanides.',null,'ABC'),
     ('BACTIV13','BACTIVIL','Erythromycine','Ce médicament est utilisé pour traiter des infections bactériennes spécifiques.','Ce médicament est contre-indiqué en cas d''allergie aux macrolides (dont le chef de file est l''érythromycine).',null,'AFM'),
     ('BITALV','BIVALIC','Dextropropoxyphène + Paracétamol','Ce médicament est utilisé pour traiter les douleurs d''intensité modérée ou intense.','Ce médicament est contre-indiqué en cas d''allergie aux médicaments de cette famille, d''insuffisance hépatique ou d''insuffisance rénale.',null,'AAA'),
     ('CARTION6','CARTION','Acide acétylsalicylique (aspirine) + Acide ascorbique (Vitamine C) + Paracétamol','Ce médicament est utilisé dans le traitement symptomatique de la douleur ou de la fièvre.','Ce médicament est contre-indiqué en cas de troubles de la coagulation (tendances aux hémorragies), d''ulcère gastroduodénal, maladies graves du foie.',null,'AAA'),
     ('CLAZER6','CLAZER','Clarithromycine','Ce médicament est utilisé pour traiter des infections bactériennes spécifiques. Il est également utilisé dans le traitement de l''ulcère gastro-duodénal, en association avec d''autres médicaments.','Ce médicament est contre-indiqué en cas d''allergie aux macrolides (dont le chef de file est l''érythromycine).',null,'AFM'),
     ('DEPRIL9','DEPRAMIL','Clomipramine','Ce médicament est utilisé pour traiter les épisodes dépressifs sévères, certaines douleurs rebelles, les troubles obsessionnels compulsifs et certaines énurésies chez l''enfant.','Ce médicament est contre-indiqué en cas de glaucome ou d''adénome de la prostate, d''infarctus récent, ou si vous avez reà§u un traitement par IMAO durant les 2 semaines précédentes ou en cas d''allergie aux antidépresseurs imipraminiques.',null,'AIM'),
     ('DIMIRTAM6','DIMIRTAM','Mirtazapine','Ce médicament est utilisé pour traiter les épisodes dépressifs sévères.','La prise de ce produit est contre-indiquée en cas de d''allergie à  l''un des constituants.',null,'AAC'),
     ('DOLRIL7','DOLORIL','Acide acétylsalicylique (aspirine) + Acide ascorbique (Vitamine C) + Paracétamol','Ce médicament est utilisé dans le traitement symptomatique de la douleur ou de la fièvre.','Ce médicament est contre-indiqué en cas d''allergie au paracétamol ou aux salicylates.',null,'AAA'),
     ('DORNOM8','NORMADOR','Doxylamine','Ce médicament est utilisé pour traiter l''insomnie chez l''adulte.','Ce médicament est contre-indiqué en cas de glaucome, de certains troubles urinaires (rétention urinaire) et chez l''enfant de moins de 15 ans.',null,'HYP'),
     ('EQUILARX6','EQUILAR','Méclozine','Ce médicament est utilisé pour traiter les vertiges et pour prévenir le mal des transports.','Ce médicament ne doit pas être utilisé en cas d''allergie au produit, en cas de glaucome ou de rétention urinaire.',null,'AAH'),
     ('EVILR7','EVEILLOR','Adrafinil','Ce médicament est utilisé pour traiter les troubles de la vigilance et certains symptomes neurologiques chez le sujet agé.','Ce médicament est contre-indiqué en cas d''allergie à  l''un des constituants.',null,'PSA'),
     ('INSXT5','INSECTIL','Diphénydramine','Ce médicament est utilisé en application locale sur les piqûres d''insecte et l''urticaire.','Ce médicament est contre-indiqué en cas d''allergie aux antihistaminiques.',null,'AH'),
     ('JOVAI8','JOVENIL','Josamycine','Ce médicament est utilisé pour traiter des infections bactériennes spécifiques.','Ce médicament est contre-indiqué en cas d''allergie aux macrolides (dont le chef de file est l''érythromycine).',null,'AFM'),
     ('LIDOXY23','LIDOXYTRACINE','Oxytétracycline +Lidocaïne','Ce médicament est utilisé en injection intramusculaire pour traiter certaines infections spécifiques.','Ce médicament est contre-indiqué en cas d''allergie à  l''un des constituants. Il ne doit pas être associé aux rétinoïdes.',null,'AFC'),
     ('TXISOL22','TOUXISOL Vitamine C','Tyrothricine + Acide ascorbique (Vitamine C)','Ce médicament est utilisé pour traiter les affections de la bouche et de la gorge.','Ce médicament est contre-indiqué en cas d''allergie à  l''un des constituants et chez l''enfant de moins de 6 ans.',null,'ALO'),
     ('URIEG6','URIREGUL','Fosfomycine trométamol','Ce médicament est utilisé pour traiter les infections urinaires simples chez la femme de moins de 65 ans.','La prise de ce médicament est contre-indiquée en cas d''allergie à  l''un des constituants et d''insuffisance rénale.',null,'AUM');
-- ----------------------------------------------------------------------------------------------
-- ----------------------------------------------------------------------------------------------
-- ----------------------------------------------------------------------------------------------
-- ----------------------------------------------------------------------------------------------
-- ----------------------------------------------------------------------------------------------
-- ----------------------------------------------------------------------------------------------
-- ----------------------------------------------------------------------------------------------
-- ----------------------------------------------------------------------------------------------
-- ----------------------------------------------------------------------------------------------
-- ----------------------------------------------------------------------------------------------
-- ----------------------------------------------------------------------------------------------
-- ----------------------------------------------------------------------------------------------
insert into observation(oNum,pNum,mDepotLegal,oRemarque,oDate) values
     (186,3,'EQUILARX6','bla bla bla','2022-10-20'),
     (187,56,'EVILR7','bla bla bla','2022-10-20'),
     (188,13,'DOLRIL7','bla bla bla','2022-10-20'),
     (189,59,'ADIMOL9','bla bla bla','2022-10-22'),
     (190,54,'BITALV','bla bla bla','2022-10-22'),
     (191,70,'LITHOR12','bla bla bla','2022-10-22'),
     (192,75,'3MYC7','bla bla bla','2022-10-25'),
     (193,74,'APATOUX22','bla bla bla','2022-10-26'),
     (194,62,'EVILR7','bla bla bla','2022-10-27'),
     (195,58,'DIMIRTAM6','bla bla bla','2022-10-27'),
     (196,75,'EVILR7','bla bla bla','2022-10-28'),
     (197,2,'BITALV','bla bla bla','2022-10-28'),
     (198,68,'CARTION6','bla bla bla','2022-10-29'),
     (199,7,'BACTIG10','bla bla bla','2022-10-30'),
     (200,66,'TROXT21','bla bla bla','2022-10-30'),
     (201,62,'POMDI20','bla bla bla','2022-10-30'),
     (202,18,'AMOPIL7','bla bla bla','2022-10-31'),
     (203,79,'DOLRIL7','bla bla bla','2022-10-31'),
     (204,4,'POMDI20','bla bla bla','2022-11-2'),
     (205,56,'TROXT21','bla bla bla','2022-11-3'),
     (206,35,'LITHOR12','bla bla bla','2022-11-4'),
     (207,41,'JOVAI8','bla bla bla','2022-10-18'),
     (208,23,'PARMOL16','bla bla bla','2022-11-13'),
     (209,4,'DORNOM8','bla bla bla','2022-12-16'),
     (1,57,'AMOXIG12','bla bla bla','2022-7-29'),
     (2,9,'AMOPIL7','bla bla bla','2022-7-30'),
     (3,67,'PHYSOI8','bla bla bla','2022-7-30'),
     (4,80,'TXISOL22','bla bla bla','2022-7-30'),
     (5,68,'TROXT21','bla bla bla','2022-7-31'),
     (6,42,'DIMIRTAM6','bla bla bla','2022-7-31'),
     (7,39,'DORNOM8','bla bla bla','2022-8-1'),
     (8,70,'CARTION6','bla bla bla','2022-8-1'),
     (9,80,'POMDI20','bla bla bla','2022-8-2'),
     (10,53,'BITALV','bla bla bla','2022-8-2'),
     (11,82,'DIMIRTAM6','bla bla bla','2022-8-2'),
     (12,74,'AMOPIL7','bla bla bla','2022-8-4'),
     (13,43,'DEPRIL9','bla bla bla','2022-8-4'),
     (14,69,'ADIMOL9','bla bla bla','2022-8-4'),
     (15,78,'3MYC7','bla bla bla','2022-8-4'),
     (16,19,'INSXT5','bla bla bla','2022-8-6'),
     (17,59,'AMOX45','bla bla bla','2022-8-6'),
     (18,5,'CLAZER6','bla bla bla','2022-8-6'),
     (19,81,'EQUILARX6','bla bla bla','2022-8-6'),
     (20,10,'EVILR7','bla bla bla','2022-8-7'),
     (21,10,'DEPRIL9','bla bla bla','2022-8-7'),
     (22,9,'INSXT5','bla bla bla','2022-8-8'),
     (23,65,'ADIMOL9','bla bla bla','2022-8-8'),
     (24,81,'PIRIZ8','bla bla bla','2022-8-8'),
     (25,23,'AMOXIG12','bla bla bla','2022-8-9'),
     (26,23,'BACTIV13','bla bla bla','2022-8-9'),
     (27,2,'BACTIV13','bla bla bla','2022-8-9'),
     (28,45,'CLAZER6','bla bla bla','2022-8-10'),
     (29,49,'AMOX45','bla bla bla','2022-8-11'),
     (30,50,'DIMIRTAM6','bla bla bla','2022-8-11'),
     (31,8,'DEPRIL9','bla bla bla','2022-8-12'),
     (32,77,'EVILR7','bla bla bla','2022-8-12'),
     (33,34,'AMOX45','bla bla bla','2022-8-12'),
     (34,21,'APATOUX22','bla bla bla','2022-8-12'),
     (35,33,'DEPRIL9','bla bla bla','2022-8-12'),
     (36,58,'INSXT5','bla bla bla','2022-8-13'),
     (37,3,'ADIMOL9','bla bla bla','2022-8-13'),
     (38,48,'BITALV','bla bla bla','2022-8-13'),
     (39,20,'AMOX45','bla bla bla','2022-8-13'),
     (40,35,'DEPRIL9','bla bla bla','2022-8-13'),
     (41,84,'POMDI20','bla bla bla','2022-8-14'),
     (42,65,'URIEG6','bla bla bla','2022-8-14'),
     (43,79,'ADIMOL9','bla bla bla','2022-8-14'),
     (44,44,'PHYSOI8','bla bla bla','2022-8-15'),
     (45,6,'PHYSOI8','bla bla bla','2022-8-15'),
     (46,42,'BITALV','bla bla bla','2022-8-15'),
     (47,61,'AMOPIL7','bla bla bla','2022-8-16'),
     (48,29,'LIDOXY23','bla bla bla','2022-8-16'),
     (49,64,'BACTIV13','bla bla bla','2022-8-18'),
     (50,52,'PARMOL16','bla bla bla','2022-8-18'),
     (51,39,'DEPRIL9','bla bla bla','2022-8-18'),
     (52,70,'BACTIG10','bla bla bla','2022-8-18'),
     (53,85,'TXISOL22','bla bla bla','2022-8-19'),
     (54,60,'URIEG6','bla bla bla','2022-8-20'),
     (55,31,'BITALV','bla bla bla','2022-8-20'),
     (56,84,'AMOXIG12','bla bla bla','2022-8-21'),
     (57,69,'CARTION6','bla bla bla','2022-8-21'),
     (58,36,'TROXT21','bla bla bla','2022-8-22'),
     (59,73,'INSXT5','bla bla bla','2022-8-23'),
     (60,25,'PARMOL16','bla bla bla','2022-8-24'),
     (61,4,'BACTIV13','bla bla bla','2022-8-24'),
     (62,24,'3MYC7','bla bla bla','2022-8-26'),
     (63,12,'DIMIRTAM6','bla bla bla','2022-8-26'),
     (64,33,'LITHOR12','bla bla bla','2022-8-26'),
     (65,17,'BACTIG10','bla bla bla','2022-8-27'),
     (66,6,'CLAZER6','bla bla bla','2022-8-27'),
     (67,60,'3MYC7','bla bla bla','2022-8-28'),
     (68,78,'JOVAI8','bla bla bla','2022-8-28'),
     (69,71,'PARMOL16','bla bla bla','2022-8-28'),
     (70,55,'BACTIV13','bla bla bla','2022-8-29'),
     (71,5,'BITALV','bla bla bla','2022-8-29'),
     (72,28,'AMOX45','bla bla bla','2022-8-29'),
     (73,57,'DORNOM8','bla bla bla','2022-8-29'),
     (74,76,'PHYSOI8','bla bla bla','2022-8-29'),
     (75,37,'PIRIZ8','bla bla bla','2022-8-30'),
     (76,26,'TXISOL22','bla bla bla','2022-9-1'),
     (77,41,'3MYC7','bla bla bla','2022-9-1'),
     (78,11,'JOVAI8','bla bla bla','2022-9-2'),
     (79,27,'TROXT21','bla bla bla','2022-9-2'),
     (80,69,'TXISOL22','bla bla bla','2022-9-2'),
     (81,84,'LIDOXY23','bla bla bla','2022-9-3'),
     (82,32,'JOVAI8','bla bla bla','2022-9-4'),
     (83,30,'ADIMOL9','bla bla bla','2022-9-4'),
     (84,71,'PHYSOI8','bla bla bla','2022-9-4'),
     (85,7,'PARMOL16','bla bla bla','2022-9-6'),
     (86,36,'DORNOM8','bla bla bla','2022-9-6'),
     (87,46,'TROXT21','bla bla bla','2022-9-6'),
     (88,26,'AMOPIL7','bla bla bla','2022-9-7'),
     (89,86,'EVILR7','bla bla bla','2022-9-7'),
     (90,81,'PHYSOI8','bla bla bla','2022-9-7'),
     (91,65,'POMDI20','bla bla bla','2022-9-7'),
     (92,16,'DOLRIL7','bla bla bla','2022-9-8'),
     (93,15,'BACTIV13','bla bla bla','2022-9-8'),
     (94,50,'BACTIG10','bla bla bla','2022-9-8'),
     (95,62,'TROXT21','bla bla bla','2022-9-9'),
     (96,60,'CARTION6','bla bla bla','2022-9-9'),
     (97,22,'PHYSOI8','bla bla bla','2022-9-11'),
     (98,47,'DOLRIL7','bla bla bla','2022-9-11'),
     (99,53,'DOLRIL7','bla bla bla','2022-9-11'),
     (100,79,'LITHOR12','bla bla bla','2022-9-11'),
     (101,29,'PARMOL16','bla bla bla','2022-9-11'),
     (102,48,'EVILR7','bla bla bla','2022-9-12'),
     (103,46,'LIDOXY23','bla bla bla','2022-9-12'),
     (104,73,'LIDOXY23','bla bla bla','2022-9-13'),
     (105,72,'3MYC7','bla bla bla','2022-9-14'),
     (106,58,'CARTION6','bla bla bla','2022-9-14'),
     (107,52,'APATOUX22','bla bla bla','2022-9-14'),
     (108,45,'POMDI20','bla bla bla','2022-9-14'),
     (109,38,'ADIMOL9','bla bla bla','2022-9-14'),
     (110,63,'DEPRIL9','bla bla bla','2022-9-15'),
     (111,28,'URIEG6','bla bla bla','2022-9-15'),
     (112,14,'LIDOXY23','bla bla bla','2022-9-15'),
     (113,34,'APATOUX22','bla bla bla','2022-9-16'),
     (114,76,'URIEG6','bla bla bla','2022-9-16'),
     (115,83,'EQUILARX6','bla bla bla','2022-9-17'),
     (116,8,'DOLRIL7','bla bla bla','2022-9-17'),
     (117,54,'EVILR7','bla bla bla','2022-9-17'),
     (118,78,'3MYC7','bla bla bla','2022-9-17'),
     (119,19,'DIMIRTAM6','bla bla bla','2022-9-18'),
     (120,20,'LITHOR12','bla bla bla','2022-9-18'),
     (121,57,'AMOPIL7','bla bla bla','2022-9-19'),
     (122,37,'LITHOR12','bla bla bla','2022-9-20'),
     (123,77,'DEPRIL9','bla bla bla','2022-9-20'),
     (124,85,'URIEG6','bla bla bla','2022-9-20'),
     (125,77,'PARMOL16','bla bla bla','2022-9-20'),
     (126,13,'URIEG6','bla bla bla','2022-9-21'),
     (127,61,'DORNOM8','bla bla bla','2022-9-21'),
     (128,30,'CLAZER6','bla bla bla','2022-9-22'),
     (129,11,'3MYC7','bla bla bla','2022-9-22'),
     (130,40,'DOLRIL7','bla bla bla','2022-9-23'),
     (131,31,'LITHOR12','bla bla bla','2022-9-23'),
     (132,83,'TXISOL22','bla bla bla','2022-9-23'),
     (133,18,'APATOUX22','bla bla bla','2022-9-24'),
     (134,53,'BACTIV13','bla bla bla','2022-9-24'),
     (135,75,'DIMIRTAM6','bla bla bla','2022-9-25'),
     (136,55,'DOLRIL7','bla bla bla','2022-9-25'),
     (137,72,'TROXT21','bla bla bla','2022-9-27'),
     (138,64,'LITHOR12','bla bla bla','2022-9-27'),
     (139,24,'EVILR7','bla bla bla','2022-9-28'),
     (140,27,'POMDI20','bla bla bla','2022-9-28'),
     (141,51,'CARTION6','bla bla bla','2022-9-28'),
     (142,82,'LITHOR12','bla bla bla','2022-9-29'),
     (143,74,'DIMIRTAM6','bla bla bla','2022-9-29'),
     (144,12,'INSXT5','bla bla bla','2022-9-30'),
     (145,56,'TROXT21','bla bla bla','2022-9-30'),
     (146,17,'ADIMOL9','bla bla bla','2022-10-1'),
     (147,66,'AMOXIG12','bla bla bla','2022-10-1'),
     (148,32,'DOLRIL7','bla bla bla','2022-10-2'),
     (149,85,'LIDOXY23','bla bla bla','2022-10-2'),
     (150,67,'AMOPIL7','bla bla bla','2022-10-3'),
     (151,47,'BITALV','bla bla bla','2022-10-3'),
     (152,73,'3MYC7','bla bla bla','2022-10-3'),
     (153,21,'PHYSOI8','bla bla bla','2022-10-4'),
     (154,25,'BACTIG10','bla bla bla','2022-10-5'),
     (155,40,'DEPRIL9','bla bla bla','2022-10-5'),
     (156,54,'BACTIG10','bla bla bla','2022-10-6'),
     (157,44,'PIRIZ8','bla bla bla','2022-10-6'),
     (158,59,'DEPRIL9','bla bla bla','2022-10-6'),
     (159,14,'INSXT5','bla bla bla','2022-10-6'),
     (160,72,'AMOPIL7','bla bla bla','2022-10-6'),
     (161,63,'BACTIV13','bla bla bla','2022-10-7'),
     (162,76,'DOLRIL7','bla bla bla','2022-10-7'),
     (163,51,'AMOXIG12','bla bla bla','2022-10-9'),
     (164,63,'LITHOR12','bla bla bla','2022-10-9'),
     (165,67,'DOLRIL7','bla bla bla','2022-10-9'),
     (166,61,'LIDOXY23','bla bla bla','2022-10-10'),
     (167,49,'URIEG6','bla bla bla','2022-10-10'),
     (168,71,'APATOUX22','bla bla bla','2022-10-12'),
     (169,43,'EVILR7','bla bla bla','2022-10-12'),
     (170,55,'AMOXIG12','bla bla bla','2022-10-13'),
     (171,41,'CLAZER6','bla bla bla','2022-10-13'),
     (172,64,'URIEG6','bla bla bla','2022-10-14'),
     (173,16,'DIMIRTAM6','bla bla bla','2022-10-14'),
     (174,15,'BACTIG10','bla bla bla','2022-10-14'),
     (175,83,'AMOX45','bla bla bla','2022-10-15'),
     (176,52,'INSXT5','bla bla bla','2022-10-15'),
     (177,66,'EVILR7','bla bla bla','2022-10-15'),
     (178,38,'BITALV','bla bla bla','2022-10-15'),
     (179,86,'DOLRIL7','bla bla bla','2022-10-16'),
     (180,80,'DEPRIL9','bla bla bla','2022-10-16'),
     (181,1,'EQUILARX6','bla bla bla','2022-10-17'),
     (182,1,'TXISOL22','bla bla bla','2022-10-17'),
     (183,68,'ADIMOL9','bla bla bla','2022-10-17'),
     (184,22,'LIDOXY23','bla bla bla','2022-10-20'),
     (185,82,'BITALV','bla bla bla','2022-10-20');
-- ----------------------------------------------------------------------------------------------
insert into parametre(pType,pIndice,pLibelle,pValeur,pPlancher,pPlafond) values
     ('region',28,'NORMANDIE','5',null,null),
     ('region',32,'HAUTS-DE-FRANCE','2',null,null),
     ('region',44,'ALSACE-CHAMPAGNE-ARDENNE-LORRAINE','3',null,null),
     ('region',52,'PAYS DE LA LOIRE','5',null,null),
     ('region',53,'BRETAGNE','5',null,null),
     ('region',75,'AQUITAINE-LIMOUSIN-POITOU-CHARENTES','4',null,null),
     ('region',76,'LANGUEDOC-ROUSSILLON-MIDI-PYRENEES','4',null,null),
     ('region',84,'AUVERGNE-RHONE-ALPES','3',null,null),
     ('region',93,'PROVENCE-ALPES-COTE D''AZUR','4',null,null),
     ('region',94,'CORSE','4',null,null),
     ('secteur',1,'Paris centre','1',null,null),
     ('secteur',2,'Nord','2',null,null),
     ('secteur',3,'Est','3',null,null),
     ('secteur',4,'Sud','4',null,null),
     ('secteur',5,'Ouest','5',null,null),
     ('sexe',0,'Femme',null,null,null),
     ('sexe',1,'Homme',null,null,null),
     ('sitFami',0,'valeur à déterminer …',null,null,null),
     ('sitFami',1,'Célibataire',null,null,null),
     ('sitFami',2,'Divorcé',null,null,null),
     ('sitFami',3,'Isolé après vie maritale',null,null,null),
     ('sitFami',4,'Marié',null,null,null),
     ('sitFami',5,'Pacsé',null,null,null),
     ('sitFami',6,'Séparé',null,null,null),
     ('sitFami',7,'Veuf',null,null,null),
     ('sitFami',8,'Vie maritale',null,null,null),
     ('staEmpl',0,'_',null,null,null),
     ('staEmpl',1,'Actifs non indépendants (salariés)',null,null,null),
     ('staEmpl',2,'Actifs indépendants (artisans, commerçants, entrep...',null,null,null),
     ('staEmpl',3,'Chômeurs (hors longue durée)',null,null,null),
     ('staEmpl',4,'Chômeurs de longue durée (inscrits depuis plus de ...',null,null,null),
     ('staEmpl',5,'Conjoint collaborateur',null,null,null),
     ('staEmpl',6,'Inactifs (hors "en formation"), scolaires, retrait...',null,null,null),
     ('staEmpl',7,'Inactifs en formation',null,null,null),
     ('statJur',0,'valeur à déterminer …',null,null,null),
     ('statJur',1,'Auto-entrepreneur',null,null,null),
     ('statJur',2,'EARL (exploitation Agricole à Responsabilité limit...',null,null,null),
     ('statJur',3,'EIRL (Entrepreneur Individuel à Responsabilité Lim...',null,null,null),
     ('statJur',4,'Entreprise Individuelle',null,null,null),
     ('statJur',5,'EURL (entreprise unipersonnelle à responsabilité l...',null,null,null),
     ('statJur',6,'SARL (société à responsabilité limitée)',null,null,null),
     ('statJur',7,'SAS (société par actions simplifiée)',null,null,null),
     ('statJur',8,'SNC (société en nom collectif)',null,null,null),
     ('statJur',9,'Société de Fait',null,null,null),
     ('statJur',10,'Profession Intermédiaire',null,null,null),
     ('statJur',11,'Artiste',null,null,null),
     ('statJur',12,'Profession libérale',null,null,null),
     ('statUti',0,'Super administrateur',null,null,null),
     ('statUti',1,'visiteur',null,null,null),
     ('statUti',2,'responsable de secteur',null,null,null),
     ('statUti',3,'délégué régional',null,null,null),
     ('statUti',4,'comptable',null,null,null),
     ('adresse',1,'Laboratoires GSB','pNom',null,null),
     ('adresse',2,'23 bis Route de Dijon','pRue',null,null),
     ('adresse',3,'75000','pCp',null,null),
     ('adresse',4,'PARIS','pVille',null,null),
     ('adresse',5,'01 84 81 82 98','pTel',null,null),
     ('adresse',6,'contact@gsb.com','pAdele',null,null),
     ('adresse',7,'40270965300016','pSiret',null,null),
     ('adresse',8,'FR82402709653','pTVA',null,null),
     ('adresse',9,'501Z','pAPE',null,null),
     ('labo',1,'Bichat','Suzanne Terminus',null,null),
     ('labo',2,'Gyverny','Marcel MacDouglas',null,null),
     ('labo',3,'Swiss Kane','Alain Poutre',null,null),
     ('catProf',0,'valeur à déterminer …',null,null,null),
     ('catProf',1,'Agent commercial',null,null,null),
     ('catProf',2,'Agriculteurs exploitants',null,null,null),
     ('catProf',3,'Artisans',null,null,null),
     ('catProf',4,'Artiste',null,null,null);
insert into parametre(pType,pIndice,pLibelle,pValeur,pPlancher,pPlafond) values
     ('catProf',5,'Cadres et professions intellectuelles supérieures',null,null,null),
     ('catProf',6,'Colporteurs de presse',null,null,null),
     ('catProf',7,'Commerçants',null,null,null),
     ('catProf',8,'Commerçants ambulants',null,null,null),
     ('catProf',9,'Conjoint collaborateur',null,null,null),
     ('catProf',10,'Créateurs',null,null,null),
     ('catProf',11,'Employé',null,null,null),
     ('catProf',12,'Ouvrier',null,null,null),
     ('catProf',13,'Professions intermédiaires',null,null,null),
     ('catProf',14,'Professions libérales',null,null,null),
     ('catProf',15,'Retraité',null,null,null),
     ('catProf',16,'Sans activité professionelle',null,null,null),
     ('catProf',17,'Travailleur Indépendant',null,null,null),
     ('catProf',18,'Vendeur à domicile indépendant',null,null,null),
     ('emploi',1,'Analyste programmeur',null,null,null),
     ('emploi',2,'Technicien analyste de réseau GSM',null,null,null),
     ('emploi',3,'Gestionnaire de fichiers informatiques',null,null,null),
     ('emploi',4,'Analyste d''exploitation',null,null,null),
     ('emploi',5,'Développeur d''application',null,null,null),
     ('emploi',6,'Web master',null,null,null),
     ('emploi',7,'Informaticien d''exploitation',null,null,null),
     ('emploi',8,'Animatrice de nouvelles technologies',null,null,null),
     ('emploi',9,'Ingénieur conception développement logiciel',null,null,null),
     ('emploi',10,'Ingénieur sécurité réseaux',null,null,null),
     ('emploi',11,'Technicien de maintenance',null,null,null),
     ('emploi',12,'Animatrice',null,null,null),
     ('etudes',0,'Aucune',null,null,null),
     ('etudes',1,'Ingénieur sécurité réseau',null,null,null),
     ('etudes',2,'Ingénieur coception développement logiciel',null,null,null),
     ('etudes',3,'DIADEME (IUT DIJON)',null,null,null),
     ('etudes',4,'Cours du soir CNAM paris',null,null,null),
     ('etudes',5,'DNTS vente de solution informatique',null,null,null),
     ('etudes',6,'Ingénieur informatique à la Gestion des Entreprise...',null,null,null),
     ('regFisc',0,'_',null,null,null),
     ('regFisc',1,'Auto Entrepreneur',null,null,null),
     ('regFisc',2,'Forfait agricole',null,null,null),
     ('regFisc',3,'??????',null,null,null),
     ('regFisc',4,'Récépissé',null,null,null),
     ('regFisc',5,'bic / reel',null,null,null),
     ('regFisc',6,'bic / micro',null,null,null),
     ('regFisc',7,'bnc / reel',null,null,null),
     ('regFisc',8,'bnc / micro',null,null,null),
     ('region',1,'GUADELOUPE','1',null,null),
     ('region',2,'MARTINIQUE','1',null,null),
     ('region',3,'GUYANE','1',null,null),
     ('region',4,'LA REUNION','1',null,null),
     ('region',6,'MAYOTTE','1',null,null),
     ('region',11,'ILE-DE-FRANCE','1',null,null),
     ('region',24,'CENTRE-VAL DE LOIRE','1',null,null),
     ('region',27,'BOURGOGNE-FRANCHE-COMTE','3',null,null);
-- ----------------------------------------------------------------------------------------------
insert into parametres(pNom,pRue,pCp,pVille,pTel,pAdele,pSiret,pTVA,pAPE) values
     ('Laboratoires GSB','23 bis Route de Dijon',75000,'PARIS','0184818298','contact@gsb.com','40270965300016','FR82402709653','501Z');
-- ----------------------------------------------------------------------------------------------
insert into praticien(pNum,pNom,pPrenom,pRue,pCP,pVille,pCoefNotoriete,pRegion,pType) values
     (13,'Morel','Catherine','21 rue Chateaubriand','75000','PARIS',379.57,11,'PS'),
     (31,'Rosenstech','Geneviève','27 rue Auvergne','75000','PARIS',366.82,11,'MH'),
     (46,'Riou','Line','43 bd Gén Vanier','77000','MARNE LA VALLEE',193.25,11,'MH'),
     (53,'Vittorio','Myriam','3 pl Champlain','94000','BOISSY SAINT LEGER',356.23,11,'PS'),
     (57,'Robert','Pascal','31 rue St Jean','93000','BOBIGNY',162.41,11,'MV'),
     (2,'Gosselin','Albert','13 rue Devon','41000','BLOIS',307.49,24,'MV'),
     (14,'Guivarch','Chantal','4 av Gén Laperrine','45000','ORLEANS',114.56,24,'PH'),
     (24,'Goussard','Emmanuel','9 rue Demolombe','41000','BLOIS',40.72,24,'PH'),
     (40,'Dennel','Jean-Louis','7 pl St Gilles','28000','CHARTRES',550.69,24,'PO'),
     (43,'Comoz','Jean-Pierre','35 rue Auguste Lechesne','18000','BOURGES',340.35,24,'PS'),
     (61,'Gandon','Patrick','47 av Robert Schuman','37000','TOURS',599.06,24,'MH'),
     (3,'Delahaye','André','36 av 6 Juin','25000','BESANCON',185.79,27,'PS'),
     (29,'Martin','Frédéric','Bât A 90 rue Bayeux','70000','VESOUL',506.06,27,'PH'),
     (30,'Marie','Frédérique','172 rue Caponière','70000','VESOUL',313.31,27,'PO'),
     (39,'Maury','Jean-François','5 rue Pierre Girard','71000','CHALON SUR SAONE',13.73,27,'PH'),
     (49,'Goessens','Marc','6 av 6 Juin','39000','DOLE',548.57,27,'PH'),
     (52,'Dauverne','Marie-Christine','69 av Charlemagne','21000','DIJON',281.05,27,'MV'),
     (36,'Mosquet','Isabelle','22 rue Jules Verne','76000','ROUEN',77.1,28,'MH'),
     (42,'Chemery','Jean-Pierre','51 pl Ancienne Boucherie','14000','CAEN',396.58,28,'MV'),
     (50,'Laforge','Marc','5 résid Prairie','50000','SAINT LO',265.05,28,'PO'),
     (76,'Leroy','Soazig','45 rue Boutiques','61000','ALENCON',570.67,28,'MH'),
     (78,'Delposen','Sylvain','39 av 6 Juin','27000','DREUX',292.01,28,'PS'),
     (4,'Leroux','André','47 av Robert Schuman','60000','BEAUVAIS',172.04,32,'PH'),
     (6,'Mouel','Anne','27 rue Auvergne','80000','AMIENS',45.2,32,'MH'),
     (10,'Lerat','Bernard','31 rue St Jean','59000','LILLE',257.79,32,'PO'),
     (35,'Leveneur','Hugues','7 pl St Gilles','62000','ARRAS',7.39,32,'PO'),
     (41,'Ain','Jean-Pierre','4 résid Olympia','2000','LAON',5.59,32,'MH'),
     (79,'Rault','Sylvie','15 bd Richemond','2000','SOISSON',526.6,32,'PH'),
     (8,'Marcouiller','Arnaud','31 rue St Jean','68000','MULHOUSE',396.52,44,'PS'),
     (11,'Marçais-Lefebvre','Bertrand','86Bis rue Basse','67000','STRASBOURG',450.96,44,'MH'),
     (12,'Boscher','Bruno','94 rue Falaise','10000','TROYES',356.14,44,'MV'),
     (27,'Lefebvre','Frédéric','2 pl Wurzburg','55000','VERDUN',573.63,44,'MV'),
     (34,'Blanchais','Guy','30 rue Authie','8000','SEDAN',502.48,44,'PH'),
     (48,'Lebrun','Lucette','178 rue Auge','54000','NANCY',410.41,44,'PS'),
     (54,'Lapasset','Nhieu','31 av 6 Juin','52000','CHAUMONT',107,44,'PH'),
     (60,'Lecuirot','Patrice','résid St Pères 55 rue Pigacière','54000','NANCY',239.66,44,'PO'),
     (63,'Boireaux','Philippe','14 av Thiès','10000','CHALON EN CHAMPAGNE',454.48,44,'PS'),
     (71,'Leménager','Pierre','39 av 6 Juin','57000','METZ',118.7,44,'MH'),
     (75,'Mabire','Roland','11 rue Boutiques','67000','STRASBOURG',422.39,44,'PO'),
     (80,'Renouf','Sylvie','98 bd Mar Lyautey','88000','EPINAL',425.24,44,'PO'),
     (1,'Notini','Alain','114 rue Authie','85000','LA ROCHE SUR YON',290.03,52,'MH'),
     (19,'Guenon','Dominique','98 bd Mar Lyautey','44000','NANTES',175.89,52,'PH'),
     (21,'Houchard','Eliane','9 rue Demolombe','49100','ANGERS',436.96,52,'MH'),
     (51,'Millereau','Marc','36 av 6 Juin','72000','LA FERTE BERNARD',430.42,52,'MH'),
     (58,'Jean','Pascale','114 rue Authie','49100','SAUMUR',375.52,52,'PS'),
     (66,'Grigy','Philippe','15 rue Mélingue','44000','CLISSON',285.1,52,'MH'),
     (86,'Laurent','Younès','34 rue Demolombe','53000','MAYENNE',496.1,52,'MH'),
     (7,'Desgranges-Lentz','Antoine','1 rue Albert de Mun','29000','MORLAIX',20.07,53,'MV'),
     (18,'Gaffé','Dominique','9 av 1ère Armée Française','35000','RENNES',213.4,53,'PS'),
     (22,'Desmons','Elisabeth','51 rue Bernières','29000','QUIMPER',281.17,53,'MV'),
     (23,'Flament','Elisabeth','11 rue Pasteur','35000','RENNES',315.6,53,'PS'),
     (28,'Lemée','Frédéric','29 av 6 Juin','56000','VANNES',326.4,53,'PS'),
     (44,'Desfaudais','Jean-Pierre','7 pl St Gilles','29000','BREST',71.76,53,'PH'),
     (20,'Prévot','Dominique','29 rue Lucien Nelle','87000','LIMOGES',151.36,75,'PO'),
     (25,'Desprez','Eric','9 rue Vaucelles','33000','BORDEAUX',406.85,75,'PO'),
     (26,'Coste','Evelyne','29 rue Lucien Nelle','19000','TULLE',441.87,75,'MH'),
     (32,'Pontavice','Ghislaine','8 rue Gaillon','86000','POITIERS',265.58,75,'MV'),
     (33,'Leveneur-Mosquet','Guillaume','47 av Robert Schuman','64000','PAU',184.97,75,'PS'),
     (45,'Phan','JérÃ´me','9 rue Clos Caillet','79000','NIORT',451.61,75,'PO'),
     (47,'Chubilleau','Louis','46 rue Eglise','17000','SAINTES',202.07,75,'MV'),
     (55,'Plantet-Besnier','Nicole','10 av 1ère Armée Française','86000','CHATELLEREAULT',369.94,75,'PO'),
     (69,'Dechâtre','Pierre','63 av Thiès','23000','MONTLUCON',253.75,75,'PH'),
     (70,'Goessens','Pierre','22 rue Jean Romain','40000','MONT DE MARSAN',426.19,75,'PO'),
     (85,'Duchemin-Laniel','Véronique','130 rue St Jean','33000','LIBOURNE',265.61,75,'PO'),
     (5,'Desmoulins','Anne','31 rue St Jean','30000','NIMES',94.75,76,'PO'),
     (9,'Dupuy','Benoit','9 rue Demolombe','34000','MONTPELLIER',395.66,76,'PH'),
     (17,'Cauchy','Denis','5 av Ste Thérèse','11000','NARBONNE',458.82,76,'MV'),
     (64,'Cendrier','Philippe','7 pl St Gilles','12000','RODEZ',164.16,76,'PH'),
     (65,'Duhamel','Philippe','114 rue Authie','34000','MONTPELLIER',98.62,76,'PO'),
     (67,'Linard','Philippe','1 rue Albert de Mun','81000','ALBI',486.3,76,'MV'),
     (68,'Lozier','Philippe','8 rue Gaillon','31000','TOULOUSE',48.4,76,'PS'),
     (72,'Née','Pierre','39 av 6 Juin','82000','MONTAUBAN',72.54,76,'MV'),
     (73,'Guyot','Pierre-Laurent','43 bd Gén Vanier','48000','MENDE',352.31,76,'PS'),
     (77,'Guyot','Stéphane','26 rue Hérouville','46000','FIGEAC',28.85,76,'MV'),
     (84,'Bobichon','Tristan','219 rue Caponière','9000','FOIX',218.36,76,'PH'),
     (37,'Giraudon','Jean-Christophe','1 rue Albert de Mun','38100','VIENNE',92.62,84,'MV'),
     (38,'Marie','Jean-Claude','26 rue Hérouville','69000','LYON',120.1,84,'PS'),
     (56,'Chubilleau','Pascal','3 rue Hastings','15000','AURRILLAC',290.75,84,'MH'),
     (62,'Mirouf','Patrick','22 rue Puits Picard','74000','ANNECY',458.42,84,'MV'),
     (81,'Alliet-Grach','Thierry','14 av Thiès','7000','PRIVAS',451.31,84,'MH'),
     (82,'Bayard','Thierry','92 rue Falaise','42000','SAINT ETIENNE',271.71,84,'MV'),
     (83,'Gauchet','Thierry','7 rue Desmoueux','38100','GRENOBLE',406.1,84,'PS'),
     (15,'Bessin-Grosdoit','Christophe','92 rue Falaise','6000','NICE',222.06,93,'PO'),
     (16,'Rossa','Claire','14 av Thiès','6000','NICE',529.78,93,'MH'),
     (59,'Chanteloube','Patrice','14 av Thiès','13000','MARSEILLE',478.01,93,'PH'),
     (74,'Chauchard','Roger','9 rue Vaucelles','13000','MARSEILLE',552.19,93,'PH');
-- ----------------------------------------------------------------------------------------------
insert into remboursement(rVisiteur,rMois,rNbJustificatifs,rMontantValide,rDateModif,rEtat) values
     ('a93','202001',1,2055,'2020-2-19','RB'),
     ('b16','202001',2,3708.24,'2020-2-19','RB'),
     ('c3','202001',2,4030.2,'2020-2-19','RB'),
     ('e22','202001',4,4708.3,'2020-2-19','RB'),
     ('e52','202001',3,3090.56,'2020-2-19','RB'),
     ('b59','202001',1,3096.76,'2020-2-20','RB'),
     ('c14','202001',3,3981.26,'2020-2-20','RB'),
     ('c54','202001',3,5465.76,'2020-2-20','RB'),
     ('f39','202001',6,5672.4,'2020-2-20','RB'),
     ('f4','202001',2,3219.9,'2020-2-20','RB'),
     ('a55','202001',5,3702.78,'2020-2-21','RB'),
     ('b28','202001',6,4028.16,'2020-2-21','RB'),
     ('f21','202001',2,3741.98,'2020-2-21','RB'),
     ('a17','202001',2,3989.74,'2020-2-22','RB'),
     ('b13','202001',2,3611.9,'2020-2-22','RB'),
     ('bp','202001',5,3344.98,'2020-2-22','RB'),
     ('d13','202001',6,5299.96,'2020-2-22','RB'),
     ('e24','202001',4,4288.82,'2020-2-22','RB'),
     ('b25','202001',6,4728.06,'2020-2-23','RB'),
     ('b4','202001',5,2600.84,'2020-2-23','RB'),
     ('e49','202001',1,3744.6,'2020-2-23','RB'),
     ('a131','202001',2,3468.74,'2020-2-24','RB'),
     ('b19','202001',5,3227.92,'2020-2-24','RB'),
     ('b34','202001',4,2709.66,'2020-2-24','RB'),
     ('d51','202001',1,2418.3,'2020-2-24','RB'),
     ('e39','202001',2,4128.4,'2020-2-24','RB'),
     ('b50','202001',2,2754,'2020-2-25','RB'),
     ('e5','202001',2,2366.34,'2020-2-26','RB'),
     ('b28','202002',3,3401.28,'2020-3-20','RB'),
     ('bp','202002',6,4684.1,'2020-3-20','RB'),
     ('c3','202002',4,2439.2,'2020-3-20','RB'),
     ('d13','202002',3,5211.88,'2020-3-20','RB'),
     ('f21','202002',5,3435.76,'2020-3-20','RB'),
     ('f4','202002',1,1581.96,'2020-3-20','RB'),
     ('a17','202002',3,5293.54,'2020-3-21','RB'),
     ('a55','202002',3,4163.46,'2020-3-22','RB'),
     ('b19','202002',1,2702.84,'2020-3-22','RB'),
     ('b50','202002',5,4936.62,'2020-3-22','RB'),
     ('e24','202002',2,3409.82,'2020-3-22','RB'),
     ('a131','202002',3,3916.24,'2020-3-23','RB'),
     ('b34','202002',2,4262.76,'2020-3-23','RB'),
     ('d51','202002',5,2369.98,'2020-3-23','RB'),
     ('e5','202002',3,1218.08,'2020-3-23','RB'),
     ('b25','202002',6,3507.24,'2020-3-24','RB'),
     ('b4','202002',2,4356.5,'2020-3-24','RB'),
     ('c54','202002',2,4008.64,'2020-3-24','RB'),
     ('e22','202002',4,3206.8,'2020-3-24','RB'),
     ('e39','202002',2,3008.3,'2020-3-24','RB'),
     ('b16','202002',1,1337.74,'2020-3-25','RB'),
     ('e49','202002',3,4920.34,'2020-3-25','RB'),
     ('b13','202002',3,2598.02,'2020-3-26','RB'),
     ('c14','202002',4,4698.76,'2020-3-26','RB'),
     ('e52','202002',4,3025.1,'2020-3-26','RB'),
     ('f39','202002',4,2781.96,'2020-3-26','RB'),
     ('a93','202002',2,1609,'2020-3-27','RB'),
     ('b59','202002',3,3908.56,'2020-3-27','RB'),
     ('a131','202003',1,3824.88,'2020-4-19','RB'),
     ('a55','202003',5,4863.22,'2020-4-19','RB'),
     ('b4','202003',5,2689.32,'2020-4-19','RB'),
     ('b50','202003',4,2517.14,'2020-4-19','RB'),
     ('b59','202003',6,3775.06,'2020-4-19','RB'),
     ('bp','202003',5,4841.8,'2020-4-19','RB'),
     ('e39','202003',3,2628.32,'2020-4-19','RB'),
     ('e49','202003',2,3188.92,'2020-4-19','RB'),
     ('c54','202003',3,3307.18,'2020-4-20','RB'),
     ('d51','202003',6,5785.5,'2020-4-20','RB'),
     ('f39','202003',2,4150.72,'2020-4-20','RB'),
     ('a93','202003',1,2704.82,'2020-4-21','RB'),
     ('b25','202003',2,4541.88,'2020-4-21','RB'),
     ('b28','202003',1,4158.6,'2020-4-21','RB'),
     ('e22','202003',1,1923.5,'2020-4-21','RB'),
     ('e24','202003',3,4257.42,'2020-4-22','RB'),
     ('c14','202003',3,4675.46,'2020-4-23','RB'),
     ('e52','202003',1,4177.98,'2020-4-23','RB'),
     ('a17','202003',1,3304.56,'2020-4-24','RB'),
     ('b16','202003',6,3141.86,'2020-4-24','RB'),
     ('d13','202003',5,4461.4,'2020-4-24','RB'),
     ('e5','202003',2,2217.28,'2020-4-24','RB'),
     ('b13','202003',3,3125.34,'2020-4-25','RB'),
     ('b19','202003',5,3348.14,'2020-4-25','RB'),
     ('c3','202003',5,4713.8,'2020-4-25','RB'),
     ('f4','202003',1,4160.16,'2020-4-25','RB'),
     ('b34','202003',3,2380.96,'2020-4-26','RB'),
     ('f21','202003',6,3671.64,'2020-4-26','RB'),
     ('a93','202004',2,3302.44,'2020-5-20','RB'),
     ('b25','202004',6,3005.72,'2020-5-20','RB'),
     ('b28','202004',1,4150.06,'2020-5-20','RB'),
     ('b4','202004',4,3390.6,'2020-5-20','RB'),
     ('d51','202004',2,4116.08,'2020-5-20','RB'),
     ('e22','202004',5,5270.74,'2020-5-20','RB'),
     ('e39','202004',4,2714.78,'2020-5-20','RB'),
     ('f39','202004',5,4730.94,'2020-5-20','RB'),
     ('d13','202004',4,4626.74,'2020-5-21','RB'),
     ('e52','202004',6,5048.76,'2020-5-21','RB'),
     ('a131','202004',2,2602.72,'2020-5-22','RB'),
     ('a17','202004',4,3664.64,'2020-5-22','RB'),
     ('b59','202004',6,2629.68,'2020-5-22','RB'),
     ('e5','202004',3,3267.06,'2020-5-23','RB'),
     ('b13','202004',4,2820.12,'2020-5-24','RB'),
     ('b19','202004',5,4078.98,'2020-5-24','RB'),
     ('c3','202004',4,2605.58,'2020-5-24','RB'),
     ('e24','202004',5,3818.58,'2020-5-24','RB'),
     ('f21','202004',3,3939.04,'2020-5-24','RB'),
     ('f4','202004',6,3781.22,'2020-5-24','RB'),
     ('a55','202004',6,5548.22,'2020-5-25','RB'),
     ('bp','202004',4,2780.26,'2020-5-25','RB'),
     ('c14','202004',6,4728.14,'2020-5-25','RB'),
     ('b16','202004',4,4424.7,'2020-5-26','RB'),
     ('c54','202004',3,3071.46,'2020-5-26','RB'),
     ('b34','202004',5,3877.92,'2020-5-27','RB'),
     ('b50','202004',3,2460.48,'2020-5-27','RB'),
     ('e49','202004',1,3703.66,'2020-5-27','RB'),
     ('a17','202005',4,4223.48,'2020-6-19','RB'),
     ('b25','202005',5,6511.32,'2020-6-19','RB'),
     ('b28','202005',2,2811.9,'2020-6-19','RB'),
     ('e22','202005',1,2532.22,'2020-6-19','RB'),
     ('e24','202005',2,5038.72,'2020-6-19','RB'),
     ('e52','202005',3,4064.52,'2020-6-19','RB'),
     ('c3','202005',2,3111.42,'2020-6-20','RB'),
     ('e49','202005',1,3164.08,'2020-6-20','RB'),
     ('b19','202005',6,5920.58,'2020-6-21','RB'),
     ('b34','202005',3,3802.18,'2020-6-21','RB'),
     ('b13','202005',4,4305.16,'2020-6-22','RB'),
     ('bp','202005',2,2413.24,'2020-6-22','RB'),
     ('f21','202005',5,5443.96,'2020-6-22','RB'),
     ('b16','202005',4,4634.96,'2020-6-23','RB'),
     ('a131','202005',3,2337.36,'2020-6-24','RB'),
     ('a93','202005',3,3625.42,'2020-6-24','RB'),
     ('b4','202005',1,2152.46,'2020-6-24','RB'),
     ('b59','202005',2,3063.78,'2020-6-24','RB'),
     ('c54','202005',2,3740.94,'2020-6-24','RB'),
     ('f39','202005',4,3438.36,'2020-6-24','RB'),
     ('f4','202005',1,2890.64,'2020-6-24','RB'),
     ('a55','202005',3,2591.2,'2020-6-25','RB'),
     ('b50','202005',1,2973.96,'2020-6-25','RB'),
     ('c14','202005',6,4148.62,'2020-6-25','RB'),
     ('d51','202005',6,2360.1,'2020-6-25','RB'),
     ('e39','202005',2,4639.76,'2020-6-25','RB'),
     ('d13','202005',6,4483,'2020-6-26','RB'),
     ('e5','202005',2,3997.6,'2020-6-26','RB'),
     ('b19','202006',1,2575.46,'2020-7-20','RB'),
     ('b34','202006',5,3440.68,'2020-7-20','RB'),
     ('d51','202006',1,3006.22,'2020-7-20','RB'),
     ('e39','202006',4,4729.94,'2020-7-21','RB'),
     ('e5','202006',6,5009.38,'2020-7-21','RB'),
     ('f21','202006',2,2833.02,'2020-7-21','RB'),
     ('b25','202006',1,2490.82,'2020-7-22','RB'),
     ('bp','202006',1,3058.9,'2020-7-22','RB'),
     ('c54','202006',6,5128.24,'2020-7-22','RB'),
     ('e49','202006',4,4455.64,'2020-7-22','RB'),
     ('a55','202006',4,6179.32,'2020-7-23','RB'),
     ('b16','202006',4,4205.64,'2020-7-23','RB'),
     ('b4','202006',5,5166.76,'2020-7-23','RB'),
     ('b50','202006',3,2112.64,'2020-7-23','RB'),
     ('c14','202006',4,5855.24,'2020-7-23','RB'),
     ('f39','202006',4,3395.82,'2020-7-23','RB'),
     ('a131','202006',3,3914.6,'2020-7-25','RB'),
     ('a93','202006',6,3334.54,'2020-7-25','RB'),
     ('e22','202006',2,3386.16,'2020-7-25','RB'),
     ('e52','202006',2,1737.08,'2020-7-25','RB'),
     ('f4','202006',2,2382.88,'2020-7-25','RB'),
     ('b59','202006',1,3925.16,'2020-7-26','RB'),
     ('c3','202006',3,3240.22,'2020-7-26','RB'),
     ('a17','202006',2,3264.98,'2020-7-27','RB'),
     ('b13','202006',3,1915.28,'2020-7-27','RB'),
     ('b28','202006',6,3882.4,'2020-7-27','RB'),
     ('d13','202006',5,4179.5,'2020-7-27','RB'),
     ('e24','202006',3,3143.22,'2020-7-27','RB'),
     ('b19','202007',3,2711.78,'2020-8-20','RB'),
     ('b25','202007',2,1809.52,'2020-8-20','RB'),
     ('c14','202007',2,2773.38,'2020-8-20','RB'),
     ('d51','202007',4,3009.54,'2020-8-20','RB'),
     ('e5','202007',4,3411.62,'2020-8-20','RB'),
     ('f39','202007',5,3429.02,'2020-8-20','RB'),
     ('a93','202007',1,2309.86,'2020-8-21','RB'),
     ('c3','202007',1,3344.24,'2020-8-21','RB'),
     ('b13','202007',3,3596.92,'2020-8-22','RB'),
     ('b4','202007',3,2839.28,'2020-8-22','RB'),
     ('b59','202007',2,4163.98,'2020-8-23','RB'),
     ('c54','202007',4,4886.38,'2020-8-23','RB'),
     ('e52','202007',6,3905.84,'2020-8-23','RB'),
     ('f4','202007',6,4464.96,'2020-8-23','RB'),
     ('a17','202007',4,2343.3,'2020-8-24','RB'),
     ('a55','202007',2,3578.02,'2020-8-24','RB'),
     ('b16','202007',5,7060.78,'2020-8-24','RB'),
     ('b28','202007',4,3395,'2020-8-24','RB'),
     ('e22','202007',3,4564.76,'2020-8-24','RB'),
     ('b34','202007',4,2343.32,'2020-8-25','RB'),
     ('e24','202007',5,5303.86,'2020-8-26','RB'),
     ('e39','202007',5,1661.58,'2020-8-26','RB'),
     ('e49','202007',2,6064.4,'2020-8-26','RB'),
     ('f21','202007',5,5312.22,'2020-8-26','RB'),
     ('a131','202007',4,3000.36,'2020-8-27','RB'),
     ('b50','202007',1,3607.4,'2020-8-27','RB'),
     ('bp','202007',4,3764.72,'2020-8-27','RB'),
     ('d13','202007',6,4766.82,'2020-8-27','RB'),
     ('a93','202008',5,3416.02,'2020-9-19','RB'),
     ('b13','202008',4,3283.76,'2020-9-19','RB'),
     ('c14','202008',4,3733.58,'2020-9-19','RB'),
     ('c3','202008',1,3839.7,'2020-9-19','RB'),
     ('e22','202008',4,4219.92,'2020-9-19','RB'),
     ('f39','202008',5,3683.8,'2020-9-19','RB'),
     ('a17','202008',6,4823.92,'2020-9-20','RB'),
     ('b16','202008',2,3782.74,'2020-9-20','RB'),
     ('b59','202008',1,2707.94,'2020-9-20','RB'),
     ('e52','202008',4,3017.68,'2020-9-20','RB'),
     ('b28','202008',4,3009.66,'2020-9-21','RB'),
     ('b34','202008',5,4795.78,'2020-9-22','RB'),
     ('b4','202008',4,5089.52,'2020-9-22','RB'),
     ('e39','202008',1,2976.82,'2020-9-22','RB'),
     ('a55','202008',6,4269.86,'2020-9-23','RB'),
     ('b19','202008',4,4152.4,'2020-9-23','RB'),
     ('b25','202008',1,2906.36,'2020-9-23','RB'),
     ('bp','202008',4,3084,'2020-9-23','RB'),
     ('c54','202008',6,4447,'2020-9-23','RB'),
     ('d13','202008',3,4658.66,'2020-9-23','RB'),
     ('d51','202008',5,3634.38,'2020-9-23','RB'),
     ('e24','202008',2,3091.1,'2020-9-23','RB'),
     ('f21','202008',1,2524.34,'2020-9-23','RB'),
     ('f4','202008',1,4488.48,'2020-9-23','RB'),
     ('a131','202008',2,1964.98,'2020-9-24','RB'),
     ('b50','202008',6,5229.88,'2020-9-24','RB'),
     ('e49','202008',3,2962.92,'2020-9-26','RB'),
     ('e5','202008',5,3871.14,'2020-9-26','RB'),
     ('b16','202009',1,3322.22,'2020-10-20','RB'),
     ('bp','202009',2,3361.16,'2020-10-20','RB'),
     ('d13','202009',2,2683.92,'2020-10-20','RB'),
     ('e24','202009',6,4138.96,'2020-10-20','RB'),
     ('b13','202009',4,4936.5,'2020-10-21','RB'),
     ('b4','202009',5,4370.5,'2020-10-21','RB'),
     ('b59','202009',5,3905.8,'2020-10-21','RB'),
     ('c54','202009',2,3770.98,'2020-10-21','RB'),
     ('a55','202009',3,3145.46,'2020-10-22','RB'),
     ('b34','202009',2,3504.76,'2020-10-22','RB'),
     ('b50','202009',3,2941.86,'2020-10-23','RB'),
     ('d51','202009',6,2586.84,'2020-10-23','RB'),
     ('e39','202009',6,4805.68,'2020-10-23','RB'),
     ('b28','202009',4,2502.14,'2020-10-24','RB'),
     ('e5','202009',1,2726.56,'2020-10-24','RB'),
     ('f4','202009',1,3878.38,'2020-10-24','RB'),
     ('a131','202009',6,5233.34,'2020-10-25','RB'),
     ('a17','202009',5,2849.4,'2020-10-25','RB'),
     ('a93','202009',6,4313,'2020-10-25','RB'),
     ('b25','202009',5,3656.24,'2020-10-25','RB'),
     ('e22','202009',3,2413.9,'2020-10-25','RB'),
     ('e49','202009',4,3536.34,'2020-10-25','RB'),
     ('e52','202009',6,4162.1,'2020-10-25','RB'),
     ('c14','202009',5,5216.06,'2020-10-26','RB'),
     ('c3','202009',5,4796.34,'2020-10-26','RB'),
     ('f39','202009',2,3893.34,'2020-10-26','RB'),
     ('b19','202009',3,4122.88,'2020-10-27','RB'),
     ('f21','202009',4,5279.76,'2020-10-27','RB'),
     ('a93','202010',6,6314.18,'2020-11-19','RB'),
     ('b4','202010',2,2842,'2020-11-19','RB'),
     ('b50','202010',4,5133.98,'2020-11-19','RB'),
     ('e49','202010',1,2859.52,'2020-11-19','RB'),
     ('a55','202010',6,3987.12,'2020-11-20','RB'),
     ('f39','202010',5,3563.4,'2020-11-20','RB'),
     ('d51','202010',5,4271.34,'2020-11-21','RB'),
     ('e52','202010',3,3126.34,'2020-11-21','RB'),
     ('f4','202010',4,2420.54,'2020-11-21','RB'),
     ('a131','202010',1,3524.24,'2020-11-22','RB'),
     ('b25','202010',3,2557.72,'2020-11-22','RB'),
     ('b59','202010',3,4115.7,'2020-11-22','RB'),
     ('e22','202010',4,2100.08,'2020-11-22','RB'),
     ('e39','202010',2,2535.68,'2020-11-22','RB'),
     ('e5','202010',1,3094.12,'2020-11-22','RB'),
     ('b28','202010',2,2272.44,'2020-11-23','RB'),
     ('c14','202010',1,1947.98,'2020-11-23','RB'),
     ('d13','202010',5,3480.92,'2020-11-23','RB'),
     ('a17','202010',1,3023.02,'2020-11-24','RB'),
     ('b13','202010',6,5307.18,'2020-11-24','RB'),
     ('c54','202010',5,3714.48,'2020-11-24','RB'),
     ('e24','202010',3,3543.04,'2020-11-24','RB'),
     ('b19','202010',6,4012.5,'2020-11-25','RB'),
     ('b34','202010',2,3667.94,'2020-11-25','RB'),
     ('b16','202010',3,3628.22,'2020-11-26','RB'),
     ('bp','202010',5,2624.16,'2020-11-26','RB'),
     ('c3','202010',1,1477.96,'2020-11-26','RB'),
     ('f21','202010',5,2779,'2020-11-26','RB'),
     ('e39','202011',6,2881.5,'2020-12-20','RB'),
     ('e49','202011',5,3177.72,'2020-12-20','RB'),
     ('a131','202011',2,3807.78,'2020-12-21','RB'),
     ('b4','202011',1,4177.32,'2020-12-21','RB'),
     ('b50','202011',6,3012.68,'2020-12-21','RB'),
     ('e52','202011',5,5701.42,'2020-12-21','RB'),
     ('a17','202011',2,3460,'2020-12-22','RB'),
     ('b19','202011',1,3545.32,'2020-12-22','RB'),
     ('b59','202011',2,2099.02,'2020-12-22','RB'),
     ('d13','202011',4,3868.36,'2020-12-22','RB'),
     ('e5','202011',2,2863.92,'2020-12-22','RB'),
     ('c3','202011',3,4220.78,'2020-12-23','RB'),
     ('b13','202011',5,2930.94,'2020-12-24','RB'),
     ('c54','202011',2,3261.18,'2020-12-24','RB'),
     ('e24','202011',1,3165.06,'2020-12-24','RB'),
     ('f21','202011',1,3397.08,'2020-12-24','RB'),
     ('b16','202011',5,5184.82,'2020-12-25','RB'),
     ('a55','202011',1,3915.26,'2020-12-26','RB'),
     ('bp','202011',3,3423.08,'2020-12-26','RB'),
     ('c14','202011',3,4060.5,'2020-12-26','RB'),
     ('d51','202011',4,4478.6,'2020-12-26','RB'),
     ('f39','202011',4,5002.98,'2020-12-26','RB'),
     ('a93','202011',5,3824.1,'2020-12-27','RB'),
     ('b25','202011',3,2349.86,'2020-12-27','RB'),
     ('b28','202011',1,3297.58,'2020-12-27','RB'),
     ('b34','202011',6,5014.24,'2020-12-27','RB'),
     ('e22','202011',2,3904.62,'2020-12-27','RB'),
     ('f4','202011',2,2610.42,'2020-12-27','RB'),
     ('a17','202012',2,1606.16,'2021-1-20','RB'),
     ('b13','202012',2,3984.28,'2021-1-20','RB'),
     ('b59','202012',2,2216.18,'2021-1-20','RB'),
     ('c3','202012',1,2792.12,'2021-1-20','RB'),
     ('d13','202012',4,3269.02,'2021-1-20','RB'),
     ('e52','202012',5,3961.92,'2021-1-20','RB'),
     ('b34','202012',2,2826.58,'2021-1-22','RB'),
     ('e49','202012',5,4869.62,'2021-1-22','RB'),
     ('f4','202012',1,4147.82,'2021-1-22','RB'),
     ('a93','202012',1,2233.38,'2021-1-23','RB'),
     ('b16','202012',6,3218.66,'2021-1-23','RB'),
     ('b19','202012',6,4802.98,'2021-1-23','RB'),
     ('f21','202012',5,4503.6,'2021-1-23','RB'),
     ('f39','202012',2,3940.26,'2021-1-23','RB'),
     ('a55','202012',4,3530.22,'2021-1-24','RB'),
     ('b25','202012',4,4178.2,'2021-1-24','RB'),
     ('bp','202012',5,2519.92,'2021-1-24','RB'),
     ('c14','202012',5,5160.12,'2021-1-24','RB'),
     ('c54','202012',1,3038.64,'2021-1-24','RB'),
     ('d51','202012',6,5531.44,'2021-1-24','RB'),
     ('a131','202012',5,4352.68,'2021-1-25','RB'),
     ('b50','202012',3,1342.14,'2021-1-25','RB'),
     ('b4','202012',4,4030.78,'2021-1-26','RB'),
     ('e39','202012',3,4740.46,'2021-1-26','RB'),
     ('e5','202012',4,3177.32,'2021-1-26','RB'),
     ('b28','202012',3,2728.92,'2021-1-27','RB'),
     ('e22','202012',1,3847.96,'2021-1-27','RB'),
     ('e24','202012',5,2835.9,'2021-1-27','RB'),
     ('b19','202101',2,4358.14,'2021-2-17','RB'),
     ('bp','202101',1,3068.38,'2021-2-17','RB'),
     ('d13','202101',5,3735.5,'2021-2-17','RB'),
     ('d51','202101',6,5831.08,'2021-2-17','RB'),
     ('e24','202101',5,4352.88,'2021-2-17','RB'),
     ('e39','202101',2,4022.94,'2021-2-17','RB'),
     ('c54','202101',3,2075.24,'2021-2-18','RB'),
     ('e49','202101',3,2899.16,'2021-2-18','RB'),
     ('e5','202101',1,2818.24,'2021-2-18','RB'),
     ('b25','202101',2,4751.68,'2021-2-19','RB'),
     ('a55','202101',4,3345.7,'2021-2-20','RB'),
     ('a93','202101',1,3453.86,'2021-2-20','RB'),
     ('b16','202101',5,4803.64,'2021-2-20','RB'),
     ('b50','202101',5,2525.12,'2021-2-20','RB'),
     ('c14','202101',4,2982.1,'2021-2-20','RB'),
     ('f21','202101',4,4855.58,'2021-2-20','RB'),
     ('f39','202101',4,4505.3,'2021-2-20','RB'),
     ('b13','202101',1,2679.92,'2021-2-22','RB'),
     ('b28','202101',1,2398.18,'2021-2-22','RB'),
     ('b4','202101',2,2794.24,'2021-2-22','RB'),
     ('e22','202101',2,4064.82,'2021-2-22','RB'),
     ('a131','202101',3,3341.66,'2021-2-23','RB'),
     ('a17','202101',5,5055.2,'2021-2-23','RB'),
     ('c3','202101',3,2913.98,'2021-2-23','RB'),
     ('e52','202101',4,5087.08,'2021-2-23','RB'),
     ('f4','202101',2,4173.36,'2021-2-23','RB'),
     ('b34','202101',1,2273.06,'2021-2-24','RB'),
     ('b59','202101',5,4629.16,'2021-2-24','RB'),
     ('a131','202102',2,2260.32,'2021-3-20','RB'),
     ('b16','202102',1,3298.76,'2021-3-20','RB'),
     ('b25','202102',2,4584.64,'2021-3-20','RB'),
     ('e39','202102',1,3298.42,'2021-3-20','RB'),
     ('e5','202102',1,1919.26,'2021-3-20','RB'),
     ('f21','202102',1,2453.74,'2021-3-20','RB'),
     ('a93','202102',3,2645.48,'2021-3-21','RB'),
     ('b4','202102',3,3449.12,'2021-3-21','RB'),
     ('c3','202102',6,4100.6,'2021-3-21','RB'),
     ('f39','202102',2,1795.8,'2021-3-22','RB'),
     ('b13','202102',1,4400.04,'2021-3-23','RB'),
     ('c14','202102',4,5816.22,'2021-3-23','RB'),
     ('e52','202102',6,2973.52,'2021-3-23','RB'),
     ('a55','202102',4,2531.86,'2021-3-24','RB'),
     ('b34','202102',3,3365.68,'2021-3-24','RB'),
     ('b59','202102',5,4946.34,'2021-3-24','RB'),
     ('e22','202102',4,2587.44,'2021-3-24','RB'),
     ('f4','202102',1,5164.8,'2021-3-24','RB'),
     ('b28','202102',4,4599.68,'2021-3-25','RB'),
     ('bp','202102',2,4307.56,'2021-3-25','RB'),
     ('d13','202102',2,2988.66,'2021-3-25','RB'),
     ('e49','202102',2,5183.44,'2021-3-25','RB'),
     ('a17','202102',3,5320.38,'2021-3-26','RB'),
     ('e24','202102',3,2545.38,'2021-3-26','RB'),
     ('b19','202102',5,3852.7,'2021-3-27','RB'),
     ('b50','202102',5,5001.4,'2021-3-27','RB'),
     ('c54','202102',3,3027.74,'2021-3-27','RB'),
     ('d51','202102',3,1388.38,'2021-3-27','RB'),
     ('b59','202103',5,4267.98,'2021-4-19','RB'),
     ('e5','202103',2,3909.34,'2021-4-19','RB'),
     ('e52','202103',1,2413.4,'2021-4-19','RB'),
     ('f39','202103',4,3332.56,'2021-4-19','RB'),
     ('a17','202103',4,3373.64,'2021-4-20','RB'),
     ('a93','202103',3,4480.3,'2021-4-20','RB'),
     ('c14','202103',5,5328.54,'2021-4-20','RB'),
     ('f4','202103',1,4830,'2021-4-20','RB'),
     ('c3','202103',4,4871.2,'2021-4-21','RB'),
     ('e24','202103',1,2511.8,'2021-4-21','RB'),
     ('b13','202103',4,3964.74,'2021-4-22','RB'),
     ('b34','202103',5,4645.5,'2021-4-22','RB'),
     ('c54','202103',2,3251.04,'2021-4-22','RB'),
     ('e39','202103',5,5931.24,'2021-4-22','RB'),
     ('f21','202103',5,4014.62,'2021-4-22','RB'),
     ('a131','202103',5,3536.46,'2021-4-23','RB'),
     ('b19','202103',5,3611,'2021-4-23','RB'),
     ('b4','202103',2,2386.06,'2021-4-23','RB'),
     ('b50','202103',1,2223.54,'2021-4-23','RB'),
     ('bp','202103',1,2267.82,'2021-4-23','RB'),
     ('d13','202103',6,4696.8,'2021-4-23','RB'),
     ('e49','202103',2,3879.08,'2021-4-23','RB'),
     ('a55','202103',4,2876,'2021-4-24','RB'),
     ('b25','202103',4,6660.9,'2021-4-24','RB'),
     ('d51','202103',6,3821.14,'2021-4-24','RB'),
     ('b28','202103',4,2391,'2021-4-25','RB'),
     ('e22','202103',4,4628.88,'2021-4-25','RB'),
     ('b16','202103',5,3027.46,'2021-4-26','RB'),
     ('c3','202104',2,4384.36,'2021-5-20','RB'),
     ('c54','202104',2,2233,'2021-5-20','RB'),
     ('d13','202104',4,4565.04,'2021-5-20','RB'),
     ('b34','202104',3,2259.4,'2021-5-22','RB'),
     ('b4','202104',5,3219.38,'2021-5-22','RB'),
     ('e24','202104',3,4473.64,'2021-5-22','RB'),
     ('e49','202104',2,3517.54,'2021-5-22','RB'),
     ('a55','202104',3,1722.96,'2021-5-23','RB'),
     ('b16','202104',3,5778.24,'2021-5-23','RB'),
     ('b25','202104',2,5288.74,'2021-5-23','RB'),
     ('e22','202104',6,4426.6,'2021-5-23','RB'),
     ('e39','202104',1,4349.18,'2021-5-23','RB'),
     ('f39','202104',1,2991.4,'2021-5-23','RB'),
     ('a131','202104',6,2882.42,'2021-5-24','RB'),
     ('b50','202104',5,4248.5,'2021-5-24','RB'),
     ('d51','202104',5,5099.86,'2021-5-24','RB'),
     ('e52','202104',5,4153.66,'2021-5-24','RB'),
     ('a17','202104',5,5340.12,'2021-5-25','RB'),
     ('b59','202104',3,3704.44,'2021-5-25','RB'),
     ('e5','202104',4,3608.24,'2021-5-25','RB'),
     ('a93','202104',2,4170.64,'2021-5-26','RB'),
     ('b28','202104',5,3559.84,'2021-5-26','RB'),
     ('b13','202104',4,4350.58,'2021-5-27','RB'),
     ('b19','202104',6,4347.8,'2021-5-27','RB'),
     ('bp','202104',2,2791.66,'2021-5-27','RB'),
     ('c14','202104',1,2313.38,'2021-5-27','RB'),
     ('f21','202104',1,2532.02,'2021-5-27','RB'),
     ('f4','202104',4,3778.12,'2021-5-27','RB'),
     ('b16','202105',6,4919.08,'2021-6-19','RB'),
     ('e39','202105',1,2525.16,'2021-6-19','RB'),
     ('f21','202105',1,3635.56,'2021-6-19','RB'),
     ('f39','202105',5,4603.82,'2021-6-19','RB'),
     ('a55','202105',2,3674.82,'2021-6-20','RB'),
     ('b50','202105',6,5943.98,'2021-6-20','RB'),
     ('a17','202105',3,3705.6,'2021-6-21','RB'),
     ('a93','202105',5,2643.52,'2021-6-21','RB'),
     ('b25','202105',1,3897.1,'2021-6-21','RB'),
     ('b4','202105',6,2693.64,'2021-6-21','RB'),
     ('bp','202105',2,3825.3,'2021-6-21','RB'),
     ('e22','202105',3,4300.08,'2021-6-21','RB'),
     ('e5','202105',3,3367.66,'2021-6-21','RB'),
     ('e52','202105',2,3946.2,'2021-6-21','RB'),
     ('a131','202105',6,5142.9,'2021-6-22','RB'),
     ('b59','202105',2,3185.64,'2021-6-22','RB'),
     ('c14','202105',1,2928.36,'2021-6-22','RB'),
     ('d51','202105',2,3110.12,'2021-6-22','RB'),
     ('b19','202105',4,3973.44,'2021-6-23','RB'),
     ('b28','202105',5,3962.82,'2021-6-23','RB'),
     ('d13','202105',6,4179.4,'2021-6-24','RB'),
     ('e24','202105',6,2845.28,'2021-6-24','RB'),
     ('b13','202105',3,5208,'2021-6-25','RB'),
     ('c54','202105',5,2826.48,'2021-6-25','RB'),
     ('f4','202105',2,3133.54,'2021-6-25','RB'),
     ('b34','202105',1,4137.04,'2021-6-26','RB'),
     ('c3','202105',2,2252.02,'2021-6-26','RB'),
     ('e49','202105',2,3617.9,'2021-6-26','RB'),
     ('b50','202106',6,4813.66,'2021-7-20','RB'),
     ('c14','202106',1,2532.64,'2021-7-20','RB'),
     ('d51','202106',5,4786.24,'2021-7-20','RB'),
     ('f39','202106',1,3286,'2021-7-20','RB'),
     ('e22','202106',5,2058.7,'2021-7-21','RB'),
     ('e5','202106',3,3578.22,'2021-7-21','RB'),
     ('e52','202106',6,3611.98,'2021-7-21','RB'),
     ('a131','202106',6,4223.06,'2021-7-22','RB'),
     ('b25','202106',3,3485.82,'2021-7-22','RB'),
     ('b59','202106',5,3273.26,'2021-7-22','RB'),
     ('c3','202106',3,1947.14,'2021-7-22','RB'),
     ('f4','202106',6,2055.78,'2021-7-22','RB'),
     ('a17','202106',3,4664.22,'2021-7-23','RB'),
     ('d13','202106',5,3754.9,'2021-7-23','RB'),
     ('b13','202106',1,4310.9,'2021-7-24','RB'),
     ('b19','202106',2,3024.4,'2021-7-24','RB'),
     ('c54','202106',3,1697.02,'2021-7-24','RB'),
     ('e24','202106',5,3251.9,'2021-7-24','RB'),
     ('e49','202106',3,1822.08,'2021-7-24','RB'),
     ('a55','202106',5,5359.1,'2021-7-25','RB'),
     ('b34','202106',6,3428.16,'2021-7-25','RB'),
     ('a93','202106',1,3571.4,'2021-7-26','RB'),
     ('b16','202106',2,4191.26,'2021-7-26','RB'),
     ('e39','202106',4,3768.34,'2021-7-26','RB'),
     ('f21','202106',1,1900.72,'2021-7-26','RB'),
     ('b28','202106',6,3555.94,'2021-7-27','RB'),
     ('b4','202106',1,2013.44,'2021-7-27','RB'),
     ('bp','202106',1,3779.92,'2021-7-27','RB'),
     ('e22','202107',5,2799.52,'2021-8-20','RB'),
     ('b28','202107',4,2227.12,'2021-8-21','RB'),
     ('b34','202107',2,3368.18,'2021-8-21','RB'),
     ('e24','202107',2,1861.42,'2021-8-21','RB'),
     ('b16','202107',4,3924.52,'2021-8-22','RB'),
     ('d13','202107',6,3667.22,'2021-8-22','RB'),
     ('e49','202107',2,3818.34,'2021-8-22','RB'),
     ('f21','202107',3,3562.42,'2021-8-22','RB'),
     ('a131','202107',2,3449.98,'2021-8-23','RB'),
     ('b50','202107',1,4000.18,'2021-8-23','RB'),
     ('bp','202107',6,3713.74,'2021-8-23','RB'),
     ('c14','202107',5,5439.84,'2021-8-23','RB'),
     ('e52','202107',3,5300.36,'2021-8-23','RB'),
     ('f39','202107',3,2597.42,'2021-8-23','RB'),
     ('f4','202107',5,3391.86,'2021-8-23','RB'),
     ('a55','202107',5,4755.04,'2021-8-24','RB'),
     ('a93','202107',2,3993.72,'2021-8-24','RB'),
     ('b19','202107',3,4434.54,'2021-8-24','RB'),
     ('b25','202107',5,2989.64,'2021-8-24','RB'),
     ('d51','202107',6,5163.94,'2021-8-24','RB'),
     ('c3','202107',6,3619.72,'2021-8-25','RB'),
     ('c54','202107',1,3680.78,'2021-8-25','RB'),
     ('e39','202107',2,3639.6,'2021-8-25','RB'),
     ('b13','202107',6,3727.04,'2021-8-26','RB'),
     ('b4','202107',1,3064.08,'2021-8-26','RB'),
     ('a17','202107',1,2899.42,'2021-8-27','RB'),
     ('b59','202107',4,3271.46,'2021-8-27','RB'),
     ('e5','202107',5,4970.08,'2021-8-27','RB'),
     ('a17','202108',2,4010.38,'2021-9-19','RB'),
     ('a55','202108',2,2136.88,'2021-9-19','RB'),
     ('bp','202108',5,3918.08,'2021-9-19','RB'),
     ('a131','202108',6,3199.82,'2021-9-20','RB'),
     ('b50','202108',6,5935.76,'2021-9-20','RB'),
     ('b16','202108',5,3061.14,'2021-9-21','RB'),
     ('b25','202108',1,3617.22,'2021-9-21','RB'),
     ('c14','202108',6,4261.12,'2021-9-21','RB'),
     ('c54','202108',1,1778.12,'2021-9-21','RB'),
     ('e49','202108',1,4255.8,'2021-9-21','RB'),
     ('e5','202108',6,3851.98,'2021-9-21','RB'),
     ('f21','202108',2,3262.7,'2021-9-21','RB'),
     ('a93','202108',3,1477.28,'2021-9-22','RB'),
     ('c3','202108',5,3010.96,'2021-9-22','RB'),
     ('e52','202108',3,3789.96,'2021-9-22','RB'),
     ('f39','202108',5,3767.2,'2021-9-22','RB'),
     ('b4','202108',5,4042.14,'2021-9-24','RB'),
     ('b59','202108',5,4395.46,'2021-9-24','RB'),
     ('b13','202108',3,2997.86,'2021-9-25','RB'),
     ('b28','202108',2,4079.9,'2021-9-25','RB'),
     ('b34','202108',3,4846.42,'2021-9-25','RB'),
     ('e22','202108',5,4584.32,'2021-9-25','RB'),
     ('e24','202108',3,2889.38,'2021-9-25','RB'),
     ('f4','202108',2,3540.38,'2021-9-25','RB'),
     ('b19','202108',5,4012.88,'2021-9-26','RB'),
     ('d13','202108',5,3301.68,'2021-9-26','RB'),
     ('d51','202108',3,2903.78,'2021-9-26','RB'),
     ('e39','202108',1,4066.6,'2021-9-26','RB'),
     ('a131','202109',1,3135.8,'2021-10-20','RB'),
     ('b16','202109',1,3501,'2021-10-20','RB'),
     ('b19','202109',2,4280.74,'2021-10-20','RB'),
     ('b25','202109',2,5040.08,'2021-10-20','RB'),
     ('d51','202109',2,3256.38,'2021-10-20','RB'),
     ('e49','202109',6,3461.54,'2021-10-20','RB'),
     ('f39','202109',4,4780.12,'2021-10-20','RB'),
     ('b50','202109',5,2029.26,'2021-10-21','RB'),
     ('c14','202109',2,2425.6,'2021-10-21','RB'),
     ('b13','202109',2,3306.34,'2021-10-22','RB'),
     ('e22','202109',4,3872.92,'2021-10-22','RB'),
     ('e5','202109',5,5071.12,'2021-10-22','RB'),
     ('a93','202109',1,2502.14,'2021-10-23','RB'),
     ('c3','202109',3,3467.82,'2021-10-23','RB'),
     ('f4','202109',5,4752.8,'2021-10-23','RB'),
     ('b34','202109',4,2248.9,'2021-10-24','RB'),
     ('b59','202109',5,2642.68,'2021-10-24','RB'),
     ('e52','202109',4,4917.06,'2021-10-24','RB'),
     ('a55','202109',2,2477.86,'2021-10-25','RB'),
     ('b28','202109',5,4429.84,'2021-10-25','RB'),
     ('d13','202109',5,4961.04,'2021-10-25','RB'),
     ('e39','202109',2,1796.08,'2021-10-25','RB'),
     ('f21','202109',6,6495.74,'2021-10-25','RB'),
     ('a17','202109',5,4027.64,'2021-10-26','RB'),
     ('bp','202109',6,5659.78,'2021-10-26','RB'),
     ('c54','202109',4,6165.22,'2021-10-26','RB'),
     ('e24','202109',6,3334.86,'2021-10-26','RB'),
     ('b4','202109',2,2643.62,'2021-10-27','RB'),
     ('a131','202110',1,3942.08,'2021-11-19','RB'),
     ('a93','202110',4,4597.44,'2021-11-19','RB'),
     ('b25','202110',3,3917.56,'2021-11-19','RB'),
     ('a17','202110',2,3587.14,'2021-11-20','RB'),
     ('c3','202110',1,2463.12,'2021-11-20','RB'),
     ('f39','202110',3,3224.66,'2021-11-20','RB'),
     ('b13','202110',4,4633.64,'2021-11-21','RB'),
     ('c54','202110',1,3965.88,'2021-11-21','RB'),
     ('e24','202110',1,3428.54,'2021-11-21','RB'),
     ('a55','202110',4,6130.36,'2021-11-22','RB'),
     ('b34','202110',2,3189.58,'2021-11-22','RB'),
     ('b59','202110',4,3371.56,'2021-11-22','RB'),
     ('e52','202110',4,2879.24,'2021-11-22','RB'),
     ('f21','202110',1,2214.98,'2021-11-22','RB'),
     ('bp','202110',6,5052.28,'2021-11-23','RB'),
     ('d13','202110',6,5441.54,'2021-11-23','RB'),
     ('e39','202110',5,3396.7,'2021-11-23','RB'),
     ('b19','202110',6,2778.36,'2021-11-24','RB'),
     ('b4','202110',1,3956.62,'2021-11-24','RB'),
     ('b28','202110',4,3391.84,'2021-11-25','RB'),
     ('b50','202110',2,2685.38,'2021-11-25','RB'),
     ('c14','202110',5,5083.38,'2021-11-25','RB'),
     ('d51','202110',4,3577.5,'2021-11-25','RB'),
     ('e49','202110',4,3294.44,'2021-11-25','RB'),
     ('e5','202110',1,3530.18,'2021-11-25','RB'),
     ('b16','202110',2,2697.62,'2021-11-26','RB'),
     ('e22','202110',4,3425.72,'2021-11-26','RB'),
     ('f4','202110',4,2510.06,'2021-11-26','RB'),
     ('b13','202111',6,3794.78,'2021-12-20','RB'),
     ('c54','202111',1,3451.82,'2021-12-20','RB'),
     ('f21','202111',4,4770.68,'2021-12-20','RB'),
     ('b16','202111',6,4132.06,'2021-12-21','RB'),
     ('bp','202111',2,2735.92,'2021-12-22','RB'),
     ('e52','202111',5,5032.32,'2021-12-22','RB'),
     ('f39','202111',2,3251.54,'2021-12-22','RB'),
     ('a55','202111',4,3858,'2021-12-23','RB'),
     ('b25','202111',1,3227.38,'2021-12-23','RB'),
     ('b28','202111',1,1928.98,'2021-12-23','RB'),
     ('b34','202111',3,3193.72,'2021-12-23','RB'),
     ('d51','202111',1,1750.46,'2021-12-23','RB'),
     ('e22','202111',5,3840.74,'2021-12-23','RB'),
     ('e24','202111',2,4879.46,'2021-12-23','RB'),
     ('b4','202111',4,4226.06,'2021-12-24','RB'),
     ('e39','202111',4,4479.52,'2021-12-25','RB'),
     ('e49','202111',1,2761.26,'2021-12-25','RB'),
     ('e5','202111',5,3785.44,'2021-12-25','RB'),
     ('a131','202111',1,2519.56,'2021-12-26','RB'),
     ('a17','202111',1,3161.84,'2021-12-26','RB'),
     ('a93','202111',5,3978.96,'2021-12-26','RB'),
     ('b19','202111',2,4614.18,'2021-12-26','RB'),
     ('b50','202111',1,3362.7,'2021-12-26','RB'),
     ('b59','202111',5,4849.88,'2021-12-26','RB'),
     ('c14','202111',3,2279.9,'2021-12-26','RB'),
     ('d13','202111',1,3709.76,'2021-12-26','RB'),
     ('c3','202111',5,4005.64,'2021-12-27','RB'),
     ('f4','202111',3,3901.32,'2021-12-27','RB'),
     ('bp','202112',5,3684.76,'2022-1-20','RB'),
     ('b28','202112',4,4475.94,'2022-1-21','RB'),
     ('b34','202112',6,3494.68,'2022-1-21','RB'),
     ('b50','202112',2,3628.54,'2022-1-21','RB'),
     ('a93','202112',6,4459.92,'2022-1-22','RB'),
     ('b25','202112',4,5029.66,'2022-1-22','RB'),
     ('b4','202112',5,2958.88,'2022-1-22','RB'),
     ('d51','202112',4,3515.08,'2022-1-22','RB'),
     ('e22','202112',4,2944.98,'2022-1-22','RB'),
     ('e39','202112',6,4208.86,'2022-1-22','RB'),
     ('e49','202112',2,2836.08,'2022-1-22','RB'),
     ('f39','202112',2,4788.88,'2022-1-22','RB'),
     ('a131','202112',1,4045.02,'2022-1-24','RB'),
     ('a17','202112',6,4038.62,'2022-1-24','RB'),
     ('b59','202112',6,5287.04,'2022-1-24','RB'),
     ('e5','202112',6,5275.16,'2022-1-25','RB'),
     ('e52','202112',3,3373.22,'2022-1-25','RB'),
     ('b13','202112',3,3486.4,'2022-1-26','RB'),
     ('b16','202112',4,4222.78,'2022-1-26','RB'),
     ('b19','202112',1,4569.8,'2022-1-26','RB'),
     ('c3','202112',5,4420.88,'2022-1-26','RB'),
     ('c54','202112',2,5163.32,'2022-1-26','RB'),
     ('d13','202112',1,3152.42,'2022-1-26','RB'),
     ('e24','202112',5,5333.92,'2022-1-26','RB'),
     ('f4','202112',2,3955.72,'2022-1-26','RB'),
     ('a55','202112',6,4634,'2022-1-27','RB'),
     ('c14','202112',3,4939.86,'2022-1-27','RB'),
     ('f21','202112',6,5130.96,'2022-1-27','RB'),
     ('b4','202201',5,3811.74,'2022-2-18','RB'),
     ('b59','202201',4,3277.64,'2022-2-18','RB'),
     ('f39','202201',3,3588.42,'2022-2-18','RB'),
     ('b28','202201',2,1853.42,'2022-2-19','RB'),
     ('b34','202201',1,3940.16,'2022-2-19','RB'),
     ('e49','202201',1,1829.56,'2022-2-19','RB'),
     ('e52','202201',2,4233.98,'2022-2-19','RB'),
     ('b50','202201',5,4047.52,'2022-2-20','RB'),
     ('d13','202201',2,3166.96,'2022-2-20','RB'),
     ('e24','202201',3,4671.28,'2022-2-20','RB'),
     ('e5','202201',4,4001.7,'2022-2-20','RB'),
     ('a17','202201',2,2907.56,'2022-2-21','RB'),
     ('f4','202201',5,3762.26,'2022-2-21','RB'),
     ('b19','202201',6,4587.4,'2022-2-22','RB'),
     ('b25','202201',6,3498.3,'2022-2-22','RB'),
     ('c3','202201',4,3262.86,'2022-2-22','RB'),
     ('a131','202201',5,5451,'2022-2-23','RB'),
     ('b16','202201',3,4393.04,'2022-2-23','RB'),
     ('c14','202201',3,3415.5,'2022-2-23','RB'),
     ('d51','202201',5,4360.56,'2022-2-23','RB'),
     ('a55','202201',1,3104.88,'2022-2-24','RB'),
     ('b13','202201',5,5049.38,'2022-2-24','RB'),
     ('c54','202201',6,5102.8,'2022-2-24','RB'),
     ('e39','202201',6,3787.34,'2022-2-24','RB'),
     ('f21','202201',6,4365.38,'2022-2-24','RB'),
     ('a93','202201',6,2605.4,'2022-2-25','RB'),
     ('bp','202201',3,2764.22,'2022-2-25','RB'),
     ('e22','202201',5,4955.46,'2022-2-25','RB'),
     ('b13','202202',1,3433.88,'2022-3-22','RB'),
     ('b34','202202',6,4637.54,'2022-3-22','RB'),
     ('b50','202202',1,3231.02,'2022-3-22','RB'),
     ('e5','202202',1,3979.44,'2022-3-22','RB'),
     ('a55','202202',5,4665.68,'2022-3-23','RB'),
     ('b59','202202',3,3495.82,'2022-3-23','RB'),
     ('e22','202202',4,4104.84,'2022-3-23','RB'),
     ('e52','202202',4,5050.72,'2022-3-23','RB'),
     ('b25','202202',2,2589.48,'2022-3-24','RB'),
     ('bp','202202',5,3755.02,'2022-3-24','RB'),
     ('d13','202202',6,4414.58,'2022-3-24','RB'),
     ('e39','202202',2,1381.96,'2022-3-24','RB'),
     ('c14','202202',6,3670,'2022-3-25','RB'),
     ('f39','202202',3,2796.48,'2022-3-25','RB'),
     ('b19','202202',1,4169.9,'2022-3-26','RB'),
     ('c54','202202',6,2928.08,'2022-3-26','RB'),
     ('d51','202202',1,3100.24,'2022-3-26','RB'),
     ('b16','202202',5,4983.16,'2022-3-27','RB'),
     ('f21','202202',2,2106.26,'2022-3-27','RB'),
     ('a131','202202',4,3937.5,'2022-3-28','RB'),
     ('a93','202202',3,1762.5,'2022-3-28','RB'),
     ('b4','202202',5,3365.36,'2022-3-28','RB'),
     ('c3','202202',6,3250.74,'2022-3-28','RB'),
     ('f4','202202',2,1681.7,'2022-3-28','RB'),
     ('a17','202202',1,2542.56,'2022-3-29','RB'),
     ('b28','202202',1,2074.48,'2022-3-29','RB'),
     ('e24','202202',2,1649.78,'2022-3-29','RB'),
     ('e49','202202',3,2716.18,'2022-3-29','RB'),
     ('b4','202203',2,3654.34,'2022-4-21','RB'),
     ('bp','202203',1,2970.94,'2022-4-21','RB'),
     ('d13','202203',3,3134.34,'2022-4-21','RB'),
     ('a131','202203',4,4977.68,'2022-4-22','RB'),
     ('a55','202203',6,6027.64,'2022-4-22','RB'),
     ('b19','202203',2,4503.4,'2022-4-22','RB'),
     ('b25','202203',2,3311.74,'2022-4-22','RB'),
     ('d51','202203',3,4132.78,'2022-4-22','RB'),
     ('e5','202203',4,4759.24,'2022-4-22','RB'),
     ('e52','202203',1,2860.3,'2022-4-22','RB'),
     ('c54','202203',6,5281.26,'2022-4-23','RB'),
     ('b16','202203',5,4710.86,'2022-4-24','RB'),
     ('f21','202203',5,5303.14,'2022-4-24','RB'),
     ('e49','202203',6,3526.48,'2022-4-25','RB'),
     ('f39','202203',1,4538.74,'2022-4-25','RB'),
     ('a17','202203',3,4241.7,'2022-4-26','RB'),
     ('a93','202203',3,3293.7,'2022-4-26','RB'),
     ('b50','202203',3,3185.56,'2022-4-26','RB'),
     ('b59','202203',5,3346.12,'2022-4-26','RB'),
     ('c14','202203',3,2671.94,'2022-4-26','RB'),
     ('e22','202203',4,2749.88,'2022-4-26','RB'),
     ('f4','202203',5,3481.12,'2022-4-26','RB'),
     ('b13','202203',1,3967.58,'2022-4-27','RB'),
     ('b28','202203',3,5685.4,'2022-4-27','RB'),
     ('b34','202203',5,3478.36,'2022-4-27','RB'),
     ('c3','202203',1,2534.68,'2022-4-27','RB'),
     ('e24','202203',2,4851.72,'2022-4-27','RB'),
     ('e39','202203',3,2218.88,'2022-4-28','RB'),
     ('b4','202204',4,3562.5,'2022-5-22','RB'),
     ('b16','202204',2,3007.64,'2022-5-23','RB'),
     ('c54','202204',1,2993.42,'2022-5-23','RB'),
     ('e5','202204',4,4106.14,'2022-5-23','RB'),
     ('f4','202204',6,4506.02,'2022-5-23','RB'),
     ('a93','202204',6,3004.94,'2022-5-24','RB'),
     ('b13','202204',1,4081.04,'2022-5-24','RB'),
     ('c14','202204',2,2520.78,'2022-5-24','RB'),
     ('c3','202204',4,3962.14,'2022-5-24','RB'),
     ('e49','202204',6,4231.94,'2022-5-24','RB'),
     ('f39','202204',4,4283.46,'2022-5-24','RB'),
     ('a17','202204',2,1737.04,'2022-5-25','RB'),
     ('b59','202204',1,2366.08,'2022-5-25','RB'),
     ('b28','202204',4,2832.24,'2022-5-26','RB'),
     ('b34','202204',1,3612.6,'2022-5-26','RB'),
     ('b50','202204',4,2931.28,'2022-5-26','RB'),
     ('e52','202204',5,5100.7,'2022-5-26','RB'),
     ('e22','202204',5,5892.72,'2022-5-27','RB'),
     ('e24','202204',3,3874.18,'2022-5-27','RB'),
     ('e39','202204',6,4495.04,'2022-5-27','RB'),
     ('a131','202204',4,3143.46,'2022-5-28','RB'),
     ('a55','202204',3,2491.48,'2022-5-28','RB'),
     ('b19','202204',5,3163.86,'2022-5-28','RB'),
     ('bp','202204',2,2763.28,'2022-5-28','RB'),
     ('d13','202204',6,3152.54,'2022-5-28','RB'),
     ('f21','202204',1,2922.92,'2022-5-28','RB'),
     ('b25','202204',1,3283.58,'2022-5-29','RB'),
     ('d51','202204',1,3039.62,'2022-5-29','RB'),
     ('e22','202205',6,4739.7,'2022-6-21','RB'),
     ('f39','202205',3,3171.06,'2022-6-21','RB'),
     ('a131','202205',4,4178.1,'2022-6-22','RB'),
     ('b59','202205',6,4163.56,'2022-6-22','RB'),
     ('c14','202205',6,5784.14,'2022-6-22','RB'),
     ('c3','202205',2,4456.5,'2022-6-22','RB'),
     ('f4','202205',3,5237.44,'2022-6-22','RB'),
     ('a55','202205',5,3717.7,'2022-6-23','RB'),
     ('b16','202205',1,3876.62,'2022-6-23','RB'),
     ('b19','202205',4,3309.84,'2022-6-23','RB'),
     ('d13','202205',2,3230.02,'2022-6-23','RB'),
     ('f21','202205',4,4648.46,'2022-6-23','RB'),
     ('a17','202205',3,3782.52,'2022-6-24','RB'),
     ('b13','202205',4,3549.02,'2022-6-24','RB'),
     ('b50','202205',1,2684.76,'2022-6-24','RB'),
     ('bp','202205',4,4063.76,'2022-6-24','RB'),
     ('c54','202205',1,3676.64,'2022-6-24','RB'),
     ('e24','202205',4,2569.4,'2022-6-24','RB'),
     ('b4','202205',1,3126.78,'2022-6-25','RB'),
     ('a93','202205',6,3399.3,'2022-6-26','RB'),
     ('b25','202205',2,2028.56,'2022-6-26','RB'),
     ('b34','202205',1,3011.44,'2022-6-26','RB'),
     ('e49','202205',6,4090.92,'2022-6-26','RB'),
     ('e52','202205',6,4587.62,'2022-6-26','RB'),
     ('d51','202205',1,2783.98,'2022-6-27','RB'),
     ('e39','202205',1,2404.64,'2022-6-27','RB'),
     ('b28','202205',2,2921.22,'2022-6-28','RB'),
     ('e5','202205',4,3690.56,'2022-6-28','RB'),
     ('e24','202206',4,2481.52,'2022-7-22','RB'),
     ('e52','202206',4,2151.34,'2022-7-22','RB'),
     ('b13','202206',5,5250.14,'2022-7-23','RB'),
     ('bp','202206',2,3252.76,'2022-7-23','RB'),
     ('c54','202206',5,6612.82,'2022-7-23','RB'),
     ('f39','202206',6,3373.46,'2022-7-23','RB'),
     ('a55','202206',2,3866.36,'2022-7-24','RB'),
     ('b16','202206',3,3190.8,'2022-7-24','RB'),
     ('b34','202206',5,4074.56,'2022-7-24','RB'),
     ('c14','202206',4,4394.26,'2022-7-24','RB'),
     ('a93','202206',5,5362.2,'2022-7-25','RB'),
     ('b25','202206',3,3587.06,'2022-7-25','RB'),
     ('b4','202206',6,3976.9,'2022-7-25','RB'),
     ('e22','202206',5,3740.82,'2022-7-25','RB'),
     ('e39','202206',1,2723.98,'2022-7-25','RB'),
     ('f21','202206',6,2670.24,'2022-7-25','RB'),
     ('b28','202206',3,3082.34,'2022-7-26','RB'),
     ('a17','202206',2,4147.96,'2022-7-27','RB'),
     ('d51','202206',6,3519.1,'2022-7-27','RB'),
     ('e49','202206',4,3270.1,'2022-7-27','RB'),
     ('e5','202206',2,3549.12,'2022-7-27','RB'),
     ('a131','202206',1,2227.4,'2022-7-28','RB'),
     ('b19','202206',1,1772.64,'2022-7-28','RB'),
     ('b50','202206',4,4335.06,'2022-7-28','RB'),
     ('b59','202206',1,4238.04,'2022-7-29','RB'),
     ('c3','202206',2,3711,'2022-7-29','RB'),
     ('d13','202206',4,3886.32,'2022-7-29','RB'),
     ('f4','202206',1,2040.68,'2022-7-29','RB'),
     ('a55','202207',4,3920.18,'2022-8-22','RB'),
     ('a93','202207',5,3640.18,'2022-8-22','RB'),
     ('b34','202207',5,6614.88,'2022-8-22','RB'),
     ('c14','202207',1,3137.86,'2022-8-22','RB'),
     ('e39','202207',2,2700.74,'2022-8-23','RB'),
     ('b4','202207',3,3884.92,'2022-8-24','RB'),
     ('e49','202207',4,4392.46,'2022-8-24','RB'),
     ('a17','202207',6,2843.22,'2022-8-25','RB'),
     ('b25','202207',5,5957.66,'2022-8-25','RB'),
     ('b50','202207',6,5081.58,'2022-8-25','RB'),
     ('b59','202207',3,3890.86,'2022-8-25','RB'),
     ('d51','202207',3,2943.42,'2022-8-25','RB'),
     ('e22','202207',4,3055,'2022-8-25','RB'),
     ('e5','202207',3,3734.5,'2022-8-25','RB'),
     ('b28','202207',2,3167.66,'2022-8-26','RB'),
     ('c3','202207',1,2825.26,'2022-8-26','RB'),
     ('e52','202207',2,3654.72,'2022-8-26','RB'),
     ('b13','202207',2,3771.16,'2022-8-27','RB'),
     ('c54','202207',3,4938.12,'2022-8-27','RB'),
     ('e24','202207',3,3637.44,'2022-8-27','RB'),
     ('a131','202207',2,3588.54,'2022-8-28','RB'),
     ('b16','202207',4,4307.38,'2022-8-28','RB'),
     ('d13','202207',2,3144.46,'2022-8-28','RB'),
     ('f21','202207',3,4510.38,'2022-8-28','RB'),
     ('b19','202207',5,4143.32,'2022-8-29','RB'),
     ('bp','202207',2,3617.2,'2022-8-29','RB'),
     ('f39','202207',1,3634.92,'2022-8-29','RB'),
     ('f4','202207',1,4006.38,'2022-8-29','RB'),
     ('b4','202208',6,4517.76,'2022-9-21','RB'),
     ('b50','202208',4,1671.54,'2022-9-21','RB'),
     ('d13','202208',1,4204.08,'2022-9-21','RB'),
     ('e5','202208',2,3582.4,'2022-9-21','RB'),
     ('a93','202208',2,4128.34,'2022-9-22','RB'),
     ('e24','202208',1,4344.78,'2022-9-22','RB'),
     ('e49','202208',5,2859.18,'2022-9-22','RB'),
     ('f4','202208',2,2779.66,'2022-9-22','RB'),
     ('a17','202208',6,5751.06,'2022-9-23','RB'),
     ('b28','202208',4,3444.5,'2022-9-23','RB'),
     ('b59','202208',3,4706.82,'2022-9-23','RB'),
     ('e22','202208',1,4549.78,'2022-9-23','RB'),
     ('a131','202208',3,3049.88,'2022-9-24','RB'),
     ('e52','202208',6,4368.24,'2022-9-24','RB'),
     ('b16','202208',5,3520.62,'2022-9-25','RB'),
     ('b34','202208',5,3936.04,'2022-9-25','RB'),
     ('b13','202208',6,3157,'2022-9-26','RB'),
     ('c3','202208',2,3318.74,'2022-9-26','RB'),
     ('e39','202208',3,3364.7,'2022-9-26','RB'),
     ('f21','202208',6,4789.22,'2022-9-26','RB'),
     ('f39','202208',6,4507.44,'2022-9-26','RB'),
     ('a55','202208',4,3380.52,'2022-9-27','RB'),
     ('b19','202208',6,3226.9,'2022-9-27','RB'),
     ('b25','202208',3,2470,'2022-9-27','RB'),
     ('bp','202208',4,4629.92,'2022-9-27','RB'),
     ('c14','202208',3,3853.52,'2022-9-27','RB'),
     ('c54','202208',3,2930.46,'2022-9-27','RB'),
     ('d51','202208',1,2157.88,'2022-9-27','RB'),
     ('a17','202209',4,3957.7,'2022-10-22','RB'),
     ('b13','202209',6,4110.88,'2022-10-22','RB'),
     ('b28','202209',6,3812.7,'2022-10-22','RB'),
     ('b50','202209',4,4465.02,'2022-10-22','RB'),
     ('b59','202209',6,2990.3,'2022-10-22','RB'),
     ('d13','202209',1,2326.06,'2022-10-22','RB'),
     ('f21','202209',3,3783.64,'2022-10-22','RB'),
     ('a131','202209',1,3259.36,'2022-10-23','RB'),
     ('bp','202209',3,2584.18,'2022-10-23','RB'),
     ('e22','202209',5,4237.44,'2022-10-23','RB'),
     ('e49','202209',3,2509.66,'2022-10-23','RB'),
     ('b19','202209',3,5352.38,'2022-10-24','RB'),
     ('b34','202209',1,2730.3,'2022-10-24','RB'),
     ('d51','202209',4,4474.24,'2022-10-24','RB'),
     ('e52','202209',3,5072.66,'2022-10-24','RB'),
     ('a55','202209',4,3339,'2022-10-25','RB'),
     ('b16','202209',4,3878.1,'2022-10-25','RB'),
     ('e39','202209',6,5611.18,'2022-10-25','RB'),
     ('c54','202209',6,5075.94,'2022-10-26','RB'),
     ('a93','202209',6,4251.72,'2022-10-27','RB'),
     ('b25','202209',5,3031.48,'2022-10-27','RB'),
     ('b4','202209',1,1314.02,'2022-10-27','RB'),
     ('c14','202209',1,3753,'2022-10-27','RB'),
     ('f39','202209',1,3178.86,'2022-10-27','RB'),
     ('f4','202209',1,2356.7,'2022-10-27','RB'),
     ('c3','202209',3,2776.22,'2022-10-28','RB'),
     ('e24','202209',6,2252.26,'2022-10-29','RB'),
     ('e5','202209',3,4055.3,'2022-10-29','RB'),
     ('a131','202210',5,4509.64,'2022-11-21','RB'),
     ('a55','202210',2,2296,'2022-11-21','RB'),
     ('e39','202210',1,2765.56,'2022-11-21','RB'),
     ('b25','202210',3,1481.1,'2022-11-22','RB'),
     ('e52','202210',2,2014.82,'2022-11-22','RB'),
     ('b4','202210',6,4420.7,'2022-11-23','RB'),
     ('c54','202210',4,3291.94,'2022-11-23','RB'),
     ('d51','202210',6,3940.36,'2022-11-23','RB'),
     ('c14','202210',6,4224.3,'2022-11-24','RB'),
     ('e5','202210',5,5217.86,'2022-11-24','RB'),
     ('f39','202210',5,3355.1,'2022-11-24','RB'),
     ('b16','202210',4,3555.48,'2022-11-25','RB'),
     ('b19','202210',1,2497.38,'2022-11-25','RB'),
     ('b59','202210',6,5346.96,'2022-11-25','RB'),
     ('f4','202210',3,4658.48,'2022-11-25','RB'),
     ('a93','202210',6,4915.72,'2022-11-26','RB'),
     ('c3','202210',4,4667.52,'2022-11-26','RB'),
     ('e22','202210',4,3547.56,'2022-11-26','RB'),
     ('f21','202210',1,2446.82,'2022-11-26','RB'),
     ('a17','202210',2,5001.32,'2022-11-27','RB'),
     ('b13','202210',5,2842.42,'2022-11-27','RB'),
     ('b28','202210',2,2516.32,'2022-11-27','RB'),
     ('bp','202210',1,3912.3,'2022-11-27','RB'),
     ('d13','202210',2,1701,'2022-11-27','RB'),
     ('e24','202210',1,2870.56,'2022-11-27','RB'),
     ('e49','202210',3,2645.28,'2022-11-27','RB'),
     ('b34','202210',4,3421.98,'2022-11-28','RB'),
     ('b50','202210',5,3139.92,'2022-11-28','RB'),
     ('b16','202211',2,2734.92,'2022-12-21','VA'),
     ('b28','202211',1,4349.46,'2022-12-21','VA'),
     ('b4','202211',3,3425.84,'2022-12-21','VA'),
     ('e39','202211',3,3951.38,'2022-12-21','VA'),
     ('e49','202211',5,4388.1,'2022-12-22','VA'),
     ('e5','202211',3,3522.96,'2022-12-22','VA'),
     ('f39','202211',5,3014.66,'2022-12-22','VA'),
     ('a93','202211',6,5392.48,'2022-12-23','VA'),
     ('c14','202211',6,4164.16,'2022-12-23','VA'),
     ('c3','202211',2,4167.66,'2022-12-23','VA'),
     ('f4','202211',2,3367.14,'2022-12-23','VA'),
     ('b13','202211',2,3973.18,'2022-12-24','VA'),
     ('b19','202211',2,1120.8,'2022-12-24','VA'),
     ('b34','202211',4,4063.74,'2022-12-24','VA'),
     ('d13','202211',6,5056.32,'2022-12-24','VA'),
     ('b59','202211',2,2798.28,'2022-12-25','VA'),
     ('a17','202211',6,5107.52,'2022-12-26','VA'),
     ('b50','202211',4,4900.4,'2022-12-26','VA'),
     ('bp','202211',6,4277.32,'2022-12-26','VA'),
     ('f21','202211',6,4829.24,'2022-12-26','VA'),
     ('a131','202211',5,4441.58,'2022-12-27','VA'),
     ('a55','202211',3,3100.22,'2022-12-27','VA'),
     ('e52','202211',2,4184.02,'2022-12-27','VA'),
     ('b25','202211',3,3313.92,'2022-12-28','VA'),
     ('c54','202211',4,4329.38,'2022-12-28','VA'),
     ('d51','202211',1,2949.68,'2022-12-28','VA'),
     ('e22','202211',1,1810.86,'2022-12-28','VA'),
     ('e24','202211',1,2693.7,'2022-12-28','VA'),
     ('a131','202212',2,4317.42,'2023-1-19','CL'),
     ('a17','202212',6,5362.48,'2023-1-19','CL'),
     ('a55','202212',3,3722.38,'2023-1-19','CL'),
     ('a93','202212',2,3102.3,'2023-1-19','CL'),
     ('b13','202212',4,2444.52,'2023-1-19','CL'),
     ('b16','202212',6,3388.16,'2023-1-19','CL'),
     ('b19','202212',2,2721.64,'2023-1-19','CL'),
     ('b25','202212',3,4233.44,'2023-1-19','CL'),
     ('b28','202212',1,3842.8,'2023-1-19','CL'),
     ('b34','202212',1,2532.08,'2023-1-19','CL'),
     ('b4','202212',4,4341.8,'2023-1-19','CL'),
     ('b50','202212',4,4923.96,'2023-1-19','CL'),
     ('b59','202212',4,3496.22,'2023-1-19','CL'),
     ('bp','202212',2,2466.16,'2023-1-19','CL'),
     ('c14','202212',4,5220.72,'2023-1-19','CL'),
     ('c3','202212',6,4020,'2023-1-19','CL'),
     ('c54','202212',3,3773.72,'2023-1-19','CL'),
     ('d13','202212',2,2565.78,'2023-1-19','CL'),
     ('d51','202212',6,4638.48,'2023-1-19','CL'),
     ('e22','202212',3,4370.82,'2023-1-19','CL'),
     ('e24','202212',1,3313.04,'2023-1-19','CL'),
     ('e39','202212',5,3687.34,'2023-1-19','CL'),
     ('e49','202212',1,3321.92,'2023-1-19','CL'),
     ('e5','202212',2,2366.68,'2023-1-19','CL'),
     ('e52','202212',5,3910.42,'2023-1-19','CL'),
     ('f21','202212',6,5839.64,'2023-1-19','CL'),
     ('f39','202212',5,4630.18,'2023-1-19','CL'),
     ('f4','202212',2,3536.64,'2023-1-19','CL');
-- ----------------------------------------------------------------------------------------------
insert into typeParametre(tpId,tpLibelle,tpBooleen,tpChoixMultiple,tpCumul) values
     ('adresse','Coordonnées de l''entreprise',1,1,1),
     ('catProf','Catégorie Socioprofessionnelle',1,1,1),
     ('emploi','emploi',0,1,1),
     ('etudes','formation complémentaire',0,1,1),
     ('regFisc','régime fiscal',1,1,1),
     ('region','région',1,1,1),
     ('secteur','secteur géographique',1,1,1),
     ('sexe','sexe',1,1,1),
     ('sitFami','situation de famille',0,1,1),
     ('staEmpl','Statut sur le marché de l''emploi',0,1,1),
     ('statJur','statut juridique',0,1,1),
     ('statUti','Statut de l''utilisateur',1,1,1),
     ('labo','laboratoire employeur',1,1,1);
-- ----------------------------------------------------------------------------------------------
insert into typePraticien(tCode,tLibelle,tLieu) values
     ('MH','Médecin Hospitalier','Hopital ou clinique'),
     ('MV','Médecine de Ville','Cabinet'),
     ('PH','Pharmacien Hospitalier','Hopital ou clinique'),
     ('PO','Pharmacien Officine','Pharmacie'),
     ('PS','Personnel de santé','Centre paramédical');
-- ----------------------------------------------------------------------------------------------
insert into utilisateur(uId,uNom,uPrenom,uLogin,uMdp,uAdresse,uCp,uVille,uDateEmbauche,uSecteur,uLabo,uStatut,uRegion,uDateEnreg,uDateModif,uPuissance,uMotorisation) values
     ('a17','Andre','David','ad','ad','1 rue Aimon de Chissée','38100','GRENOBLE','1991-8-26',3,'2',1,84,'2021-1-10','2021-1-10','jusqu''à 4CV','diesel'),
     ('a55','Bedos','Christian','bc','bc','1 rue Bénédictins','65000','TARBES','1987-7-17',4,'2',1,76,'2021-1-10','2021-1-10','jusqu''à 4CV','diesel'),
     ('b13','Bentot','Aline','ba','ba','11 av 6 Juin','67000','STRASBOURG','1996-3-11',3,'2',1,44,'2021-1-10','2021-1-10','jusqu''à 4CV','diesel'),
     ('b16','Bioret','Luc','bl','bl','1 rue Line Renaud','35000','RENNES','1997-3-21',5,'3',1,53,'2021-1-10','2021-1-10','jusqu''à 4CV','essence'),
     ('bp','Blain','Pascal','bp','bp','Rue du Mortier','39290','MENOTEY','2012-12-12',3,'3',3,27,'2021-1-10','2021-1-10','jusqu''à 4CV','diesel'),
     ('b19','Bunisset','Francis','bf','bf','10 rue Nicolas Chorier','85000','LA ROCHE SUR YON','1999-1-31',5,'2',1,52,'2021-1-10','2021-1-10','5 CV et au-delà','diesel'),
     ('b25','Bunisset','Denise','bd','bd','1 rue de la Lionne','49100','ANGERS','1994-7-3',5,'3',1,52,'2021-1-10','2021-1-10','5 CV et au-delà','essence'),
     ('b28','Cacheux','Bernard','cb','cb','114 rue Authie','34000','MONTPELLIER','2000-8-2',4,'2',1,76,'2021-1-10','2021-1-10','jusqu''à 4CV','diesel'),
     ('b34','Cadic','Eric','ce','ce','123 rue Caponière','41000','BLOIS','1993-12-6',1,'3',1,24,'2021-1-10','2021-1-10','jusqu''à 4CV','essence'),
     ('b4','Charoze','Lucile','cl','cl','100 pl Géants','33000','BORDEAUX','1997-9-25',4,'3',1,75,'2021-1-10','2021-1-10','jusqu''à 4CV','diesel'),
     ('b50','Clepkens','Christophe','cc','cc','12 rue Fédérico Garcia Lorca','13000','MARSEILLE','1998-1-18',4,'3',1,93,'2021-1-10','2021-1-10','jusqu''à 4CV','diesel'),
     ('b59','Cottin','Vincenne','cv','cv','36 sq Capucins','5000','GAP','1995-10-21',4,'2',1,93,'2021-1-10','2021-1-10','5 CV et au-delà','diesel'),
     ('c14','Daburon','Louis','dl','dl','13 rue Champs Elysées','6000','NICE','1989-2-1',4,'3',1,93,'2021-1-10','2021-1-10','jusqu''à 4CV','diesel'),
     ('c3','De','Philippe','dp','dp','13 rue Charles Peguy','10000','TROYES','1992-5-5',3,'3',1,44,'2021-1-10','2021-1-10','jusqu''à 4CV','diesel'),
     ('c54','Debelle','Michel','dm','dm','181 rue Caponière','88000','EPINAL','1991-4-9',3,'3',1,44,'2021-1-10','2021-1-10','jusqu''à 4CV','essence'),
     ('d13','Debelle','Jeanne','dj','dj','134 rue Stalingrad','44000','NANTES','1991-12-5',5,'3',1,52,'2021-1-10','2021-1-10','jusqu''à 4CV','diesel'),
     ('d51','Debroise','Odon','do','do','2 av 6 Juin','70000','VESOUL','1997-11-18',3,'2',1,27,'2021-1-10','2021-1-10','5 CV et au-delà','diesel'),
     ('e22','Desmarquest','Nathalie','dn','dn','14 rue Fédérico Garcia Lorca','54000','NANCY','1989-3-24',3,'2',1,44,'2021-1-10','2021-1-10','jusqu''à 4CV','diesel'),
     ('e24','Desnost','Robert','dr','dr','16 rue Barral de Montferrat','55000','VERDUN','1993-5-17',3,'3',1,44,'2021-1-10','2021-1-10','5 CV et au-delà','diesel'),
     ('e39','Dudouit','Frédéric','df','df','18 quai Xavier Jouvin','75000','PARIS','1988-4-26',1,'2',1,11,'2021-1-10','2021-1-10','jusqu''à 4CV','diesel'),
     ('e49','Duncombe','Claude','dc','dc','19 av Alsace Lorraine','9000','FOIX','1996-2-19',4,'2',1,76,'2021-1-10','2021-1-10','5 CV et au-delà','diesel'),
     ('e5','Enault-Pascreau','Céline','ec','ec','25B rue Stalingrad','40000','MONT DE MARSAN','1990-11-27',4,'2',1,75,'2021-1-10','2021-1-10','5 CV et au-delà','diesel'),
     ('e52','Eynde','Valérie','ev','ev','3 rue Henri Moissan','76000','ROUEN','1991-10-31',5,'2',1,28,'2021-1-10','2021-1-10','5 CV et au-delà','essence'),
     ('f21','Finck','Jacques','fj','fj','rte Montreuil Bellay','74000','ANNECY','1993-6-8',3,'3',1,84,'2021-1-10','2021-1-10','5 CV et au-delà','diesel'),
     ('f39','Frémont','Fernande','ff','ff','4 rue Jean Giono','69000','LYON','1997-2-15',3,'2',1,84,'2021-1-10','2021-1-10','jusqu''à 4CV','diesel'),
     ('f4','Gest','Alain','ga','ga','30 rue Authie','46000','FIGEAC','1994-5-3',4,'2',1,76,'2021-1-10','2021-1-10','5 CV et au-delà','essence'),
     ('g19','Gheysen','Galassus','gg','gg','32 bd Mar Foch','75000','PARIS','1996-1-18',1,'3',1,11,'2021-1-10','2021-1-10','jusqu''à 4CV','diesel'),
     ('g30','Girard','Yvon','gy','gy','31 av 6 Juin','80000','AMIENS','1999-3-27',2,'2',1,32,'2021-1-10','2021-1-10','jusqu''à 4CV','diesel'),
     ('g53','Gombert','Luc','gl','gl','32 rue Emile Gueymard','56000','VANNES','1985-10-2',5,'2',1,53,'2021-1-10','2021-1-10','jusqu''à 4CV','diesel'),
     ('g7','Guindon','Caroline','gc','gc','40 rue Mar Montgomery','87000','LIMOGES','1996-1-13',4,'2',1,75,'2021-1-10','2021-1-10','jusqu''à 4CV','essence'),
     ('h13','Guindon','François','gf','gf','44 rue Picotière','19000','TULLE','1993-5-8',4,'3',1,75,'2021-1-10','2021-1-10','jusqu''à 4CV','diesel'),
     ('h30','Igigabel','Guy','ig','ig','33 gal Arlequin','94000','CRETEIL','1998-4-26',1,'3',1,11,'2021-1-10','2021-1-10','5 CV et au-delà','diesel'),
     ('h35','Jourdren','Jacques','jj','jj','34 av Jean Perrot','15000','AURRILLAC','1993-8-26',3,'2',1,84,'2021-1-10','2021-1-10','5 CV et au-delà','essence'),
     ('h40','Juttard','Pierre-Raoul','jp','jp','34 cours Jean Jaurès','8000','SEDAN','1992-11-1',3,'2',1,44,'2021-1-10','2021-1-10','jusqu''à 4CV','diesel'),
     ('j45','Labouré-Morel','Imane','li','li','38 cours Berriat','52000','CHAUMONT','1998-2-25',3,'3',1,44,'2021-1-10','2021-1-10','jusqu''à 4CV','essence'),
     ('j50','Landré','Philippe','lp','lp','4 av Gén Laperrine','59000','LILLE','1992-12-16',2,'2',1,32,'2021-1-10','2021-1-10','jusqu''à 4CV','diesel'),
     ('j8','Langeard','Hugues','lh','lh','39 av Jean Perrot','93000','BAGNOLET','1998-6-18',1,'2',1,11,'2021-1-10','2021-1-10','jusqu''à 4CV','diesel'),
     ('k4','Lanne','Bernard','lb','lb','4 rue Bayeux','30000','NIMES','1996-11-21',4,'3',1,76,'2021-1-10','2021-1-10','5 CV et au-delà','diesel'),
     ('k53','Le','Noël','ln','ln','4 av Beauvert','68000','MULHOUSE','1983-3-23',3,'3',1,44,'2021-1-10','2021-1-10','jusqu''à 4CV','diesel'),
     ('l14','Le','Rémi','lr','lr','39 rue Raspail','53000','LAVAL','1995-2-2',5,'3',1,52,'2021-1-10','2021-1-10','jusqu''à 4CV','diesel'),
     ('l23','Leclercq','Toinette','lt','lt','11 rue Quinconce','18000','BOURGES','1995-6-5',1,'3',1,24,'2021-1-10','2021-1-10','jusqu''à 4CV','essence'),
     ('l46','Lecornu','Jean-Bernard','lj','lj','4 bd Mar Foch','72000','LA FERTE BERNARD','1997-1-24',5,'2',1,52,'2021-1-10','2021-1-10','jusqu''à 4CV','diesel'),
     ('l56','Lecornu','Ludovic','ll','ll','4 rue Abel Servien','25000','BESANCON','1996-2-27',3,'3',1,27,'2021-1-10','2021-1-10','5 CV et au-delà','diesel'),
     ('m35','Lejard','Agnès','la','la','4 rue Anthoard','82000','MONTAUBAN','1987-10-6',4,'3',1,76,'2021-1-10','2021-1-10','jusqu''à 4CV','diesel'),
     ('m45','Lesaulnier','Charlotte','lc','lc','47 rue Thiers','57000','METZ','1990-10-13',3,'3',1,44,'2021-1-10','2021-1-10','5 CV et au-delà','diesel'),
     ('n42','Letessier','Stéphane','ls','ls','5 chem Capuche','27000','EVREUX','1996-3-6',5,'2',1,28,'2021-1-10','2021-1-10','jusqu''à 4CV','diesel'),
     ('n58','Loirat','Didier','ld','ld','Les Pêchers cité Bourg la Croix','45000','ORLEANS','1992-8-30',1,'2',1,24,'2021-1-10','2021-1-10','5 CV et au-delà','diesel'),
     ('n59','Maffezzoli','Thibaud','mt','mt','5 rue Chateaubriand','2000','LAON','1994-12-19',2,'3',1,32,'2021-1-10','2021-1-10','5 CV et au-delà','diesel'),
     ('o26','Mancini','Anne','ma','ma','5 rue D’Agier','48000','MENDE','1995-1-5',4,'2',1,76,'2021-1-10','2021-1-10','5 CV et au-delà','essence'),
     ('p32','Marcouiller','Gérard','mg','mg','7 pl St Gilles','91000','ISSY LES MOULINEAUX','1992-12-24',1,'2',1,11,'2021-1-10','2021-1-10','5 CV et au-delà','diesel'),
     ('p40','Michel','Jean-Claude','mj','mj','5 rue Gabriel Péri','61000','FLERS','1992-12-14',5,'3',1,28,'2021-1-10','2021-1-10','jusqu''à 4CV','diesel'),
     ('p41','Montecot','Françoise','mf','mf','6 rue Paul Valéry','17000','SAINTES','1998-7-27',4,'2',1,75,'2021-1-10','2021-1-10','5 CV et au-delà','essence'),
     ('p42','Notini','Veronique','nv','nv','5 rue Lieut Chabal','60000','BEAUVAIS','1994-12-12',2,'3',1,32,'2021-1-10','2021-1-10','jusqu''à 4CV','diesel'),
     ('p49','Onfroy','Den','od','od','5 rue Sidonie Jacolin','37000','TOURS','1977-10-3',1,'2',1,24,'2021-1-10','2021-1-10','jusqu''à 4CV','essence'),
     ('p6','Pascreau','Bernard','pb','pb','57 bd Mar Foch','64000','PAU','1997-3-30',4,'3',1,75,'2021-1-10','2021-1-10','jusqu''à 4CV','diesel'),
     ('p7','Pernot','Claude-Noël','pc','pc','6 rue Alexandre 1 de Yougoslavie','11000','NARBONNE','1990-3-1',4,'3',1,76,'2021-1-10','2021-1-10','5 CV et au-delà','diesel'),
     ('p8','Perrier','Maître','pm','pm','6 rue Aubert Dubayet','71000','CHALON SUR SAONE','1991-6-23',3,'2',1,27,'2021-1-10','2021-1-10','jusqu''à 4CV','diesel'),
     ('q17','Petit','Jean-Louis','pj','pj','7 rue Ernest Renan','50000','SAINT LO','1997-9-6',5,'2',1,28,'2021-1-10','2021-1-10','5 CV et au-delà','diesel'),
     ('r24','Piquery','Patrick','pp','pp','9 rue Vaucelles','14000','CAEN','1984-7-29',5,'2',1,28,'2021-1-10','2021-1-10','jusqu''à 4CV','diesel'),
     ('r58','Quiquandon','Joël','qj','qj','7 rue Ernest Renan','29000','QUIMPER','1990-6-30',5,'2',1,53,'2021-1-10','2021-1-10','5 CV et au-delà','diesel'),
     ('s10','Retailleau','Josselin','rj','rj','88Bis rue Saumuroise','39000','DOLE','1995-11-14',3,'3',1,27,'2021-1-10','2021-1-10','5 CV et au-delà','diesel'),
     ('s21','Retailleau','Pascal','rp','rp','32 bd Ayrault','23000','MONTLUCON','1992-9-25',4,'3',1,75,'2021-1-10','2021-1-10','5 CV et au-delà','essence'),
     ('t43','Souron','Maryse','sm','sm','7B rue Gay Lussac','21000','DIJON','1995-3-9',3,'3',1,27,'2021-1-10','2021-1-10','5 CV et au-delà','diesel'),
     ('t47','Tiphagne','Patrick','tp','tp','7B rue Gay Lussac','62000','ARRAS','1997-8-29',2,'3',1,32,'2021-1-10','2021-1-10','jusqu''à 4CV','diesel'),
     ('t55','Tréhet','Alain','ta','ta','7D chem Barral','12000','RODEZ','1994-11-29',4,'3',1,76,'2021-1-10','2021-1-10','5 CV et au-delà','essence'),
     ('a93','Tusseau','Louis','tl','tl','22 rue Renou','86000','POITIERS','1999-1-2',4,'3',1,75,'2021-1-10','2021-1-10','jusqu''à 4CV','diesel'),
     ('t60','Tusseau','Josselin','tj','tj','63 rue Bon Repos','28000','CHARTRES','1991-3-29',1,'2',1,24,'2021-1-10','2021-1-10','jusqu''à 4CV','diesel'),
     ('a131','Villechalane','Louis','vl','vl','8 cours Lafontaine','29000','BREST','1992-12-11',5,'3',1,53,'2021-1-10','2021-1-10','jusqu''à 4CV','diesel');
-- ----------------------------------------------------------------------------------------------
insert into visite(uId,vNum,pNum,vDate,vRapport,vMotif) values
     ('b50',2,16,'2022-10-14','RAS.','Actualisation annuelle'),
     ('c14',5,15,'2022-10-14','RAS.','Actualisation annuelle'),
     ('a17',5,83,'2022-10-15','RAS.','Actualisation annuelle'),
     ('b19',1,52,'2022-10-15','RAS.','Actualisation annuelle'),
     ('b25',6,66,'2022-10-15','RAS.','Actualisation annuelle'),
     ('f39',4,38,'2022-10-15','RAS.','Actualisation annuelle'),
     ('b25',7,86,'2022-10-16','RAS.','Actualisation annuelle'),
     ('s10',1,80,'2022-10-16','RAS.','Actualisation annuelle'),
     ('b25',8,1,'2022-10-17','RAS.','Actualisation annuelle'),
     ('b25',9,1,'2022-10-17','RAS.','Actualisation annuelle'),
     ('e49',10,68,'2022-10-17','RAS.','Actualisation annuelle'),
     ('a131',2,22,'2022-10-20','à recontacter pour réunion','Actualisation annuelle'),
     ('a17',6,82,'2022-10-20','RAS.','Actualisation annuelle'),
     ('bp',6,3,'2022-10-20','RAS.','Actualisation annuelle'),
     ('f39',5,56,'2022-10-20','RAS.','Actualisation annuelle'),
     ('h30',2,13,'2022-10-20','RAS.','Actualisation annuelle'),
     ('c14',6,59,'2022-10-22','RAS.','Actualisation annuelle'),
     ('c3',12,54,'2022-10-22','RAS.','Actualisation annuelle'),
     ('p32',1,70,'2022-10-22','RAS.','Actualisation annuelle'),
     ('p7',1,75,'2022-10-25','RAS.','Actualisation annuelle'),
     ('p6',1,74,'2022-10-26','à recontacter pour réunion','Actualisation annuelle'),
     ('f39',6,62,'2022-10-27','RAS.','Actualisation annuelle'),
     ('h13',1,58,'2022-10-27','RAS.','Actualisation annuelle'),
     ('b13',4,75,'2022-10-28','RAS.','Actualisation annuelle'),
     ('l23',6,2,'2022-10-28','RAS.','Actualisation annuelle'),
     ('m45',1,68,'2022-10-29','RAS.','Actualisation annuelle'),
     ('b16',5,7,'2022-10-30','RAS.','Actualisation annuelle'),
     ('b25',10,66,'2022-10-30','RAS.','Actualisation annuelle'),
     ('j8',1,62,'2022-10-30','RAS.','Actualisation annuelle'),
     ('b16',6,18,'2022-10-31','RAS.','Actualisation annuelle'),
     ('g30',3,79,'2022-10-31','RAS.','Actualisation annuelle'),
     ('g30',4,4,'2022-11-2','RAS.','Actualisation annuelle'),
     ('f4',1,56,'2022-11-3','RAS.','Actualisation annuelle'),
     ('n59',6,35,'2022-11-4','RAS.','Actualisation annuelle'),
     ('a131',3,41,'2022-10-18','RAS. Changement de tel : 05 89 89 89 89','Rapport Annuel'),
     ('a131',4,23,'2022-11-13','Médecin curieux, à recontacter en décembre pour réunion','Actualisation annuelle'),
     ('a17',7,4,'2022-12-16','Changement de direction, redéfinition de la politique médicamenteuse, recours au générique','Baisse activité'),
     ('e39',1,57,'2022-7-29','Médecin curieux, à recontacter pour réunion','Actualisation annuelle'),
     ('a55',1,9,'2022-7-30','RAS.','Actualisation annuelle'),
     ('a55',2,67,'2022-7-30','RAS.','Actualisation annuelle'),
     ('c3',1,80,'2022-7-30','à recontacter pour réunion','Actualisation annuelle'),
     ('e49',1,68,'2022-7-31','RAS.','Actualisation annuelle'),
     ('p40',1,42,'2022-7-31','RAS.','Actualisation annuelle'),
     ('d51',1,39,'2022-8-1','à recontacter pour réunion','Actualisation annuelle'),
     ('e5',1,70,'2022-8-1','RAS.','Actualisation annuelle'),
     ('c3',2,80,'2022-8-2','RAS.','Actualisation annuelle'),
     ('e39',2,53,'2022-8-2','RAS.','Actualisation annuelle'),
     ('t43',1,82,'2022-8-2','RAS.','Actualisation annuelle'),
     ('c14',1,74,'2022-8-4','RAS.','Actualisation annuelle'),
     ('n58',1,43,'2022-8-4','RAS.','Actualisation annuelle'),
     ('o26',1,69,'2022-8-4','RAS.','Actualisation annuelle'),
     ('r24',1,78,'2022-8-4','RAS.','Actualisation annuelle'),
     ('b25',1,19,'2022-8-6','RAS.','Actualisation annuelle'),
     ('c14',2,59,'2022-8-6','RAS.','Actualisation annuelle'),
     ('e49',2,5,'2022-8-6','RAS.','Actualisation annuelle'),
     ('f21',1,81,'2022-8-6','RAS.','Actualisation annuelle'),
     ('j50',1,10,'2022-8-7','à recontacter pour réunion','Actualisation annuelle'),
     ('j50',2,10,'2022-8-7','RAS.','Actualisation annuelle'),
     ('a55',3,9,'2022-8-8','RAS.','Actualisation annuelle'),
     ('e49',3,65,'2022-8-8','RAS.','Actualisation annuelle'),
     ('s21',1,81,'2022-8-8','RAS.','Actualisation annuelle'),
     ('b16',1,23,'2022-8-9','RAS.','Actualisation annuelle'),
     ('b16',2,23,'2022-8-9','RAS.','Actualisation annuelle'),
     ('l23',1,2,'2022-8-9','RAS.','Actualisation annuelle'),
     ('e5',2,45,'2022-8-10','RAS.','Actualisation annuelle'),
     ('l56',1,49,'2022-8-11','RAS.','Actualisation annuelle'),
     ('p40',2,50,'2022-8-11','à recontacter pour réunion','Actualisation annuelle'),
     ('b13',1,8,'2022-8-12','RAS.','Actualisation annuelle'),
     ('b28',1,77,'2022-8-12','RAS.','Actualisation annuelle'),
     ('c3',3,34,'2022-8-12','RAS.','Actualisation annuelle'),
     ('d13',1,21,'2022-8-12','RAS.','Actualisation annuelle'),
     ('e5',3,33,'2022-8-12','RAS.','Actualisation annuelle'),
     ('b25',2,58,'2022-8-13','RAS.','Actualisation annuelle'),
     ('bp',1,3,'2022-8-13','RAS.','Actualisation annuelle'),
     ('c54',1,48,'2022-8-13','RAS.','Actualisation annuelle'),
     ('e5',4,20,'2022-8-13','RAS.','Actualisation annuelle'),
     ('n59',1,35,'2022-8-13','à recontacter pour réunion','Actualisation annuelle'),
     ('e49',4,84,'2022-8-14','RAS.','Actualisation annuelle'),
     ('e49',5,65,'2022-8-14','RAS.','Actualisation annuelle'),
     ('r58',1,79,'2022-8-14','RAS.','Actualisation annuelle'),
     ('g53',1,44,'2022-8-15','RAS.','Actualisation annuelle'),
     ('n59',2,6,'2022-8-15','RAS.','Actualisation annuelle'),
     ('p40',3,42,'2022-8-15','RAS.','Actualisation annuelle'),
     ('l23',2,61,'2022-8-16','RAS.','Actualisation annuelle'),
     ('l56',2,29,'2022-8-16','RAS.','Actualisation annuelle'),
     ('b28',2,64,'2022-8-18','RAS.','Actualisation annuelle'),
     ('bp',2,52,'2022-8-18','RAS.','Actualisation annuelle'),
     ('d51',2,39,'2022-8-18','RAS.','Actualisation annuelle'),
     ('e5',5,70,'2022-8-18','RAS.','Actualisation annuelle'),
     ('b4',1,85,'2022-8-19','RAS.','Actualisation annuelle'),
     ('c54',2,60,'2022-8-20','RAS.','Actualisation annuelle'),
     ('g19',1,31,'2022-8-20','RAS.','Actualisation annuelle'),
     ('e49',6,84,'2022-8-21','RAS.','Actualisation annuelle'),
     ('e5',6,69,'2022-8-21','à recontacter pour réunion','Actualisation annuelle'),
     ('e52',1,36,'2022-8-22','RAS.','Actualisation annuelle'),
     ('e49',7,73,'2022-8-23','RAS.','Actualisation annuelle'),
     ('a93',1,25,'2022-8-24','à recontacter pour réunion','Actualisation annuelle'),
     ('g30',1,4,'2022-8-24','RAS.','Actualisation annuelle'),
     ('b34',1,24,'2022-8-26','RAS.','Actualisation annuelle'),
     ('c3',4,12,'2022-8-26','RAS.','Actualisation annuelle'),
     ('e5',7,33,'2022-8-26','RAS.','Actualisation annuelle'),
     ('b28',3,17,'2022-8-27','RAS.','Actualisation annuelle'),
     ('n59',3,6,'2022-8-27','RAS.','Actualisation annuelle'),
     ('c54',3,60,'2022-8-28','RAS.','Actualisation annuelle'),
     ('e52',2,78,'2022-8-28','RAS.','Actualisation annuelle'),
     ('p41',1,71,'2022-8-28','RAS.','Actualisation annuelle'),
     ('e24',1,55,'2022-8-29','RAS.','Actualisation annuelle'),
     ('e49',8,5,'2022-8-29','RAS.','Actualisation annuelle'),
     ('g53',2,28,'2022-8-29','RAS.','Actualisation annuelle'),
     ('g7',1,57,'2022-8-29','RAS.','Actualisation annuelle'),
     ('n42',1,76,'2022-8-29','RAS.','Actualisation annuelle'),
     ('a17',1,37,'2022-8-30','à recontacter pour réunion','Actualisation annuelle'),
     ('a93',2,26,'2022-9-1','RAS.','Actualisation annuelle'),
     ('n59',4,41,'2022-9-1','RAS.','Actualisation annuelle'),
     ('c3',5,11,'2022-9-2','à recontacter pour réunion','Actualisation annuelle'),
     ('c54',4,27,'2022-9-2','RAS.','Actualisation annuelle'),
     ('e5',8,69,'2022-9-2','RAS.','Actualisation annuelle'),
     ('t55',1,84,'2022-9-3','RAS.','Actualisation annuelle'),
     ('b4',2,32,'2022-9-4','RAS.','Actualisation annuelle'),
     ('bp',3,30,'2022-9-4','RAS.','Actualisation annuelle'),
     ('c3',6,71,'2022-9-4','RAS.','Actualisation annuelle'),
     ('b16',3,7,'2022-9-6','RAS.','Actualisation annuelle'),
     ('e52',3,36,'2022-9-6','RAS.','Actualisation annuelle'),
     ('g19',2,46,'2022-9-6','RAS.','Actualisation annuelle'),
     ('a93',3,26,'2022-9-7','RAS.','Actualisation annuelle'),
     ('b25',3,86,'2022-9-7','RAS.','Actualisation annuelle'),
     ('f21',2,81,'2022-9-7','RAS.','Actualisation annuelle'),
     ('l14',1,65,'2022-9-7','RAS.','Actualisation annuelle'),
     ('b50',1,16,'2022-9-8','à recontacter pour réunion','Actualisation annuelle'),
     ('c14',3,15,'2022-9-8','RAS.','Actualisation annuelle'),
     ('p40',4,50,'2022-9-8','RAS.','Actualisation annuelle'),
     ('f39',1,62,'2022-9-9','RAS.','Actualisation annuelle'),
     ('h40',1,60,'2022-9-9','RAS.','Actualisation annuelle'),
     ('a131',1,22,'2022-9-11','RAS.','Actualisation annuelle'),
     ('a93',4,47,'2022-9-11','RAS.','Actualisation annuelle'),
     ('b59',1,53,'2022-9-11','RAS.','Actualisation annuelle'),
     ('g30',2,79,'2022-9-11','à recontacter pour réunion','Actualisation annuelle'),
     ('l56',3,29,'2022-9-11','RAS.','Actualisation annuelle'),
     ('c54',5,48,'2022-9-12','RAS.','Actualisation annuelle'),
     ('g19',3,46,'2022-9-12','RAS.','Actualisation annuelle'),
     ('p49',1,73,'2022-9-13','RAS.','Actualisation annuelle'),
     ('a55',4,72,'2022-9-14','RAS.','Actualisation annuelle'),
     ('b25',4,58,'2022-9-14','RAS.','Actualisation annuelle'),
     ('bp',4,52,'2022-9-14','RAS.','Actualisation annuelle'),
     ('e5',9,45,'2022-9-14','RAS.','Actualisation annuelle'),
     ('f39',2,38,'2022-9-14','RAS.','Actualisation annuelle'),
     ('c54',6,63,'2022-9-15','RAS.','Actualisation annuelle'),
     ('g53',3,28,'2022-9-15','RAS.','Actualisation annuelle'),
     ('l23',3,14,'2022-9-15','RAS.','Actualisation annuelle'),
     ('c3',7,34,'2022-9-16','à recontacter pour réunion','Actualisation annuelle'),
     ('n42',2,76,'2022-9-16','RAS.','Actualisation annuelle'),
     ('a17',2,83,'2022-9-17','à recontacter pour réunion','Actualisation annuelle'),
     ('b13',2,8,'2022-9-17','RAS.','Actualisation annuelle'),
     ('e22',1,54,'2022-9-17','RAS.','Actualisation annuelle'),
     ('e52',4,78,'2022-9-17','RAS.','Actualisation annuelle'),
     ('b25',5,19,'2022-9-18','RAS.','Actualisation annuelle'),
     ('e5',10,20,'2022-9-18','RAS.','Actualisation annuelle'),
     ('e39',3,57,'2022-9-19','RAS.','Actualisation annuelle'),
     ('a17',3,37,'2022-9-20','RAS.','Actualisation annuelle'),
     ('b28',4,77,'2022-9-20','RAS.','Actualisation annuelle'),
     ('b4',3,85,'2022-9-20','RAS.','Actualisation annuelle'),
     ('q17',1,77,'2022-9-20','RAS.','Actualisation annuelle'),
     ('h30',1,13,'2022-9-21','RAS.','Actualisation annuelle'),
     ('j45',1,61,'2022-9-21','RAS.','Actualisation annuelle'),
     ('bp',5,30,'2022-9-22','RAS.','Actualisation annuelle'),
     ('c3',8,11,'2022-9-22','RAS.','Actualisation annuelle'),
     ('b34',2,40,'2022-9-23','à recontacter pour réunion','Actualisation annuelle'),
     ('g19',4,31,'2022-9-23','RAS.','Actualisation annuelle'),
     ('t47',1,83,'2022-9-23','RAS.','Actualisation annuelle'),
     ('b16',4,18,'2022-9-24','RAS.','Actualisation annuelle'),
     ('e39',4,53,'2022-9-24','RAS.','Actualisation annuelle'),
     ('b13',3,75,'2022-9-25','RAS.','Actualisation annuelle'),
     ('e5',11,55,'2022-9-25','RAS.','Actualisation annuelle'),
     ('a55',5,72,'2022-9-27','RAS.','Actualisation annuelle'),
     ('k53',1,64,'2022-9-27','RAS.','Actualisation annuelle'),
     ('b34',3,24,'2022-9-28','RAS.','Actualisation annuelle'),
     ('c54',7,27,'2022-9-28','RAS.','Actualisation annuelle'),
     ('d13',2,51,'2022-9-28','RAS.','Actualisation annuelle'),
     ('a17',4,82,'2022-9-29','RAS.','Actualisation annuelle'),
     ('c14',4,74,'2022-9-29','RAS.','Actualisation annuelle'),
     ('c3',9,12,'2022-9-30','RAS.','Actualisation annuelle'),
     ('f39',3,56,'2022-9-30','RAS.','Actualisation annuelle'),
     ('b28',5,17,'2022-10-1','RAS.','Actualisation annuelle'),
     ('l46',1,66,'2022-10-1','RAS.','Actualisation annuelle'),
     ('b4',4,32,'2022-10-2','RAS.','Actualisation annuelle'),
     ('t60',1,85,'2022-10-2','RAS.','Actualisation annuelle'),
     ('a55',6,67,'2022-10-3','à recontacter pour réunion','Actualisation annuelle'),
     ('a93',5,47,'2022-10-3','RAS.','Actualisation annuelle'),
     ('e49',9,73,'2022-10-3','RAS.','Actualisation annuelle'),
     ('d13',3,21,'2022-10-4','RAS.','Actualisation annuelle'),
     ('a93',6,25,'2022-10-5','à recontacter pour réunion','Actualisation annuelle'),
     ('b34',4,40,'2022-10-5','RAS.','Actualisation annuelle'),
     ('c3',10,54,'2022-10-6','RAS.','Actualisation annuelle'),
     ('g53',4,44,'2022-10-6','RAS.','Actualisation annuelle'),
     ('h35',1,59,'2022-10-6','RAS.','Actualisation annuelle'),
     ('l23',4,14,'2022-10-6','RAS.','Actualisation annuelle'),
     ('p42',1,72,'2022-10-6','RAS.','Actualisation annuelle'),
     ('c54',8,63,'2022-10-7','RAS.','Actualisation annuelle'),
     ('p8',1,76,'2022-10-7','RAS.','Actualisation annuelle'),
     ('d13',4,51,'2022-10-9','RAS.','Actualisation annuelle'),
     ('k4',1,63,'2022-10-9','RAS.','Actualisation annuelle'),
     ('m35',1,67,'2022-10-9','RAS.','Actualisation annuelle'),
     ('l23',5,61,'2022-10-10','RAS.','Actualisation annuelle'),
     ('l56',4,49,'2022-10-10','RAS.','Actualisation annuelle'),
     ('c3',11,71,'2022-10-12','RAS.','Actualisation annuelle'),
     ('n58',2,43,'2022-10-12','à recontacter pour réunion','Actualisation annuelle'),
     ('e5',12,55,'2022-10-13','RAS.','Actualisation annuelle'),
     ('n59',5,41,'2022-10-13','RAS.','Actualisation annuelle'),
     ('b28',6,64,'2022-10-14','à recontacter pour réunion','Actualisation annuelle');
-- ----------------------------------------------------------------------------------------------
-- contraintes d'intégrité référentielles
alter table echantillonOffert add foreign key (uId,vNum) references visite (uId,vNum);
alter table remboursement add foreign key (rEtat) references etat(eId);
alter table medicament add foreign key (mFamille) references famille(fCode);
alter table ligneForfait add foreign key (lfForfait) references forfait(fId);
alter table echantillonOffert add foreign key (mDepotLegal) references medicament(mDepotLegal);
alter table observation add foreign key (mDepotLegal) references medicament(mDepotLegal);
alter table observation add foreign key (pNum) references praticien(pNum);
alter table visite add foreign key (pNum) references praticien(pNum);
alter table ligneForfait add foreign key (lfVisiteur,lfMois) references remboursement(rVisiteur,rMois) on delete cascade on update cascade;
alter table ligneHorsForfait add foreign key (lhVisiteur,lhMois) references remboursement(rVisiteur,rMois) on delete cascade on update cascade;
alter table parametre add foreign key (pType) references typeParametre(tpId);
alter table praticien add foreign key (pType) references typePraticien(tCode);
alter table affectation add foreign key (uId) references utilisateur(uId);
alter table remboursement add foreign key (rVisiteur) references utilisateur(uId);
alter table visite add foreign key (uId) references utilisateur(uId);
commit;
